{"id":752115,"date":"2025-08-28T05:06:59","date_gmt":"2025-08-28T02:06:59","guid":{"rendered":"https:\/\/roveyayinevi.com.tr\/index.php\/urun\/genc-yazarin-yazma-yolculugu\/"},"modified":"2026-04-16T03:05:33","modified_gmt":"2026-04-16T00:05:33","slug":"genc-yazarin-yazma-yolculugu","status":"publish","type":"product","link":"https:\/\/roveyayinevi.com.tr\/index.php\/urun\/genc-yazarin-yazma-yolculugu\/","title":{"rendered":"Gen\u00e7 Yazar\u0131n Yazma Yolculu\u011fu"},"content":{"rendered":"<p>Yarat\u0131c\u0131 yazma ve okuma uygulamalar\u0131nda ba\u015far\u0131l\u0131 olman\u0131n ve yazarl\u0131\u011fa ilk ad\u0131m\u0131 atman\u0131n anahtar kelimesi yarat\u0131c\u0131l\u0131kt\u0131r. Gen\u00e7 Yazar\u0131n Yazma Yolculu\u011fu ile harika bir d\u00fcnyaya ilk ad\u0131m\u0131 atacaks\u0131n. Bu kitapla beraber bir\u00e7ok d\u00fc\u015f\u00fcnce ve hayal aras\u0131nda daha \u00f6nceden kurmad\u0131\u011f\u0131n ilgin\u00e7 ve ak\u0131c\u0131 ili\u015fkiler kurmaya ba\u015flayacaks\u0131n.Bu kitaptaki yazma \u00e7al\u0131\u015fmalar\u0131nda hik\u00e2yelerini planlamana ve yazma becerilerini geli\u015ftirmene yard\u0131mc\u0131 olacak pek \u00e7ok ipucu bulunuyor. Yarat\u0131c\u0131l\u0131\u011f\u0131n\u0131 canland\u0131ran kelimeleri ve hik\u00e2yeleri yazmak i\u00e7in harika f\u0131rsatlar seni bekliyor.Bu kitaptaki harika etkinliklerle yarat\u0131c\u0131 g\u00fcc\u00fcn\u00fc kullanacaks\u0131n, d\u00fc\u015f\u00fcnecek ve bunu yaz\u0131l\u0131 olarak dile getirip metinler olu\u015fturacaks\u0131n. Bunun yan\u0131nda, dilin kullan\u0131m bi\u00e7imlerini, yarat\u0131c\u0131l\u0131\u011f\u0131 ve soyutlama becerilerini geli\u015ftireceksin.<\/p>\n","protected":false},"excerpt":{"rendered":"<p>Yarat\u0131c\u0131 yazma ve okuma uygulamalar\u0131nda ba\u015far\u0131l\u0131 olman\u0131n ve yazarl\u0131\u011fa ilk ad\u0131m\u0131 atman\u0131n anahtar kelimesi yarat\u0131c\u0131l\u0131kt\u0131r. Gen\u00e7 Yazar\u0131n Yazma Yolculu\u011fu ile harika bir d\u00fcnyaya ilk ad\u0131m\u0131 atacaks\u0131n.<span class=\"excerpt-hellip\"> [\u2026]<\/span><\/p>\n","protected":false},"featured_media":0,"template":"","meta":{"_monsterinsights_skip_tracking":false,"_monsterinsights_sitenote_active":false,"_monsterinsights_sitenote_note":"","_monsterinsights_sitenote_category":0},"product_brand":[],"product_cat":[12274,12631],"product_tag":[],"class_list":{"0":"post-752115","1":"product","2":"type-product","3":"status-publish","5":"product_cat-cocuk-ve-genclik-kitaplari","6":"product_cat-diger-cocuk-ve-genclik-kitaplari","7":"pa_cilt-ciltsiz","8":"pa_tur-kitap","9":"pa_yayinevi-akademi-cocuk","10":"pa_yazar-selim-tanriverdi","12":"first","13":"instock","14":"sale","15":"shipping-taxable","16":"purchasable","17":"product-type-simple"},"_links":{"self":[{"href":"https:\/\/roveyayinevi.com.tr\/index.php\/wp-json\/wp\/v2\/product\/752115","targetHints":{"allow":["GET"]}}],"collection":[{"href":"https:\/\/roveyayinevi.com.tr\/index.php\/wp-json\/wp\/v2\/product"}],"about":[{"href":"https:\/\/roveyayinevi.com.tr\/index.php\/wp-json\/wp\/v2\/types\/product"}],"wp:attachment":[{"href":"https:\/\/roveyayinevi.com.tr\/index.php\/wp-json\/wp\/v2\/media?parent=752115"}],"wp:term":[{"taxonomy":"product_brand","embeddable":true,"href":"https:\/\/roveyayinevi.com.tr\/index.php\/wp-json\/wp\/v2\/product_brand?post=752115"},{"taxonomy":"product_cat","embeddable":true,"href":"https:\/\/roveyayinevi.com.tr\/index.php\/wp-json\/wp\/v2\/product_cat?post=752115"},{"taxonomy":"product_tag","embeddable":true,"href":"https:\/\/roveyayinevi.com.tr\/index.php\/wp-json\/wp\/v2\/product_tag?post=752115"}],"curies":[{"name":"wp","href":"https:\/\/api.w.org\/{rel}","templated":true}]}}