{"id":752110,"date":"2025-08-28T05:06:54","date_gmt":"2025-08-28T02:06:54","guid":{"rendered":"https:\/\/roveyayinevi.com.tr\/index.php\/urun\/bizim-okul-bi-acayip-sasirtici-gercekler-cografya\/"},"modified":"2026-04-16T03:05:33","modified_gmt":"2026-04-16T00:05:33","slug":"bizim-okul-bi-acayip-sasirtici-gercekler-cografya","status":"publish","type":"product","link":"https:\/\/roveyayinevi.com.tr\/index.php\/urun\/bizim-okul-bi-acayip-sasirtici-gercekler-cografya\/","title":{"rendered":"Bizim Okul Bi Acayip \u015ea\u015f\u0131rt\u0131c\u0131 Ger\u00e7ekler Co\u011frafya"},"content":{"rendered":"<p>HADI A.J. VE ANDREA ILE HIZLI D\u00dc\u015e\u00dcN\u00dcN!   A\u015fa\u011f\u0131daki garip co\u011frafya ger\u00e7eklerini biliyor muydunuz?   A. Antartika\u2019n\u0131n en b\u00fcy\u00fck kara hayvan\u0131 bir b\u00f6cektir. B. Ate\u015f \u00c7emberi, Pasifik Okyanusu\u2019nun k\u0131y\u0131lar\u0131n\u0131 \u00e7evreleyen bir dizi volkand\u0131r. C. D\u00fcnya \u00fczerindeki en kurak yer her y\u0131l sadece 1 milimetre ya\u011fmur al\u0131r. D. D\u00fcnyan\u0131n en k\u00fc\u00e7\u00fck \u00fclkesi sadece yakla\u015f\u0131k y\u00fcz futbol sahas\u0131 b\u00fcy\u00fckl\u00fc\u011f\u00fcndedir.   Daha fazlas\u0131n\u0131 \u00f6\u011frenmek i\u00e7in hadi kitab\u0131 okuyal\u0131m!<\/p>\n","protected":false},"excerpt":{"rendered":"<p>HADI A.J. VE ANDREA ILE HIZLI D\u00dc\u015e\u00dcN\u00dcN! A\u015fa\u011f\u0131daki garip co\u011frafya ger\u00e7eklerini biliyor muydunuz? A. Antartika\u2019n\u0131n en b\u00fcy\u00fck kara hayvan\u0131 bir b\u00f6cektir. B. Ate\u015f \u00c7emberi, Pasifik Okyanusu\u2019nun<span class=\"excerpt-hellip\"> [\u2026]<\/span><\/p>\n","protected":false},"featured_media":0,"template":"","meta":{"_monsterinsights_skip_tracking":false,"_monsterinsights_sitenote_active":false,"_monsterinsights_sitenote_note":"","_monsterinsights_sitenote_category":0},"product_brand":[],"product_cat":[12274,15842],"product_tag":[],"class_list":{"0":"post-752110","1":"product","2":"type-product","3":"status-publish","5":"product_cat-cocuk-ve-genclik-kitaplari","6":"product_cat-egitici-kitaplar","7":"pa_cilt-ciltsiz","8":"pa_tur-kitap","9":"pa_yayinevi-epsilon-yayinlari","10":"pa_yazar-dan-gutman","12":"first","13":"instock","14":"sale","15":"shipping-taxable","16":"purchasable","17":"product-type-simple"},"_links":{"self":[{"href":"https:\/\/roveyayinevi.com.tr\/index.php\/wp-json\/wp\/v2\/product\/752110","targetHints":{"allow":["GET"]}}],"collection":[{"href":"https:\/\/roveyayinevi.com.tr\/index.php\/wp-json\/wp\/v2\/product"}],"about":[{"href":"https:\/\/roveyayinevi.com.tr\/index.php\/wp-json\/wp\/v2\/types\/product"}],"wp:attachment":[{"href":"https:\/\/roveyayinevi.com.tr\/index.php\/wp-json\/wp\/v2\/media?parent=752110"}],"wp:term":[{"taxonomy":"product_brand","embeddable":true,"href":"https:\/\/roveyayinevi.com.tr\/index.php\/wp-json\/wp\/v2\/product_brand?post=752110"},{"taxonomy":"product_cat","embeddable":true,"href":"https:\/\/roveyayinevi.com.tr\/index.php\/wp-json\/wp\/v2\/product_cat?post=752110"},{"taxonomy":"product_tag","embeddable":true,"href":"https:\/\/roveyayinevi.com.tr\/index.php\/wp-json\/wp\/v2\/product_tag?post=752110"}],"curies":[{"name":"wp","href":"https:\/\/api.w.org\/{rel}","templated":true}]}}