{"id":752108,"date":"2025-08-28T05:06:51","date_gmt":"2025-08-28T02:06:51","guid":{"rendered":"https:\/\/roveyayinevi.com.tr\/index.php\/urun\/beni-cok-seven-rabbim\/"},"modified":"2026-04-16T03:05:33","modified_gmt":"2026-04-16T00:05:33","slug":"beni-cok-seven-rabbim","status":"publish","type":"product","link":"https:\/\/roveyayinevi.com.tr\/index.php\/urun\/beni-cok-seven-rabbim\/","title":{"rendered":"Beni \u00c7ok Seven Rabbim"},"content":{"rendered":"<p>Bu kitaptaki g\u00fczel \u00e7ocuk, Allah\u2019\u0131n sevgisini kazanmay\u0131 \u00e7ok istiyor. Bunun i\u00e7in Allah\u2019\u0131n s\u0131fatlar\u0131 olan g\u00fczellik, adalet, merhamet ve c\u00f6mertlik gibi s\u0131fatlara uygun davranmaya \u00e7al\u0131\u015f\u0131yor.Kahraman\u0131m\u0131z, Allah\u2019\u0131n sevgisini kazanmak i\u00e7in pek \u00e7ok farkl\u0131 i\u015f yap\u0131yor ve g\u00fczel bir M\u00fcsl\u00fcman olman\u0131n yollar\u0131n\u0131 ar\u0131yor.Allah\u2019\u0131n sevgisini kazanmak hakk\u0131nda harika bir hik\u00e2ye. Allah\u2019\u0131n isimlerinin hikmeti t\u00fcm hayat\u0131m\u0131z\u0131n i\u00e7inde.<\/p>\n","protected":false},"excerpt":{"rendered":"<p>Bu kitaptaki g\u00fczel \u00e7ocuk, Allah\u2019\u0131n sevgisini kazanmay\u0131 \u00e7ok istiyor. Bunun i\u00e7in Allah\u2019\u0131n s\u0131fatlar\u0131 olan g\u00fczellik, adalet, merhamet ve c\u00f6mertlik gibi s\u0131fatlara uygun davranmaya \u00e7al\u0131\u015f\u0131yor.Kahraman\u0131m\u0131z, Allah\u2019\u0131n sevgisini<span class=\"excerpt-hellip\"> [\u2026]<\/span><\/p>\n","protected":false},"featured_media":0,"template":"","meta":{"_monsterinsights_skip_tracking":false,"_monsterinsights_sitenote_active":false,"_monsterinsights_sitenote_note":"","_monsterinsights_sitenote_category":0},"product_brand":[],"product_cat":[12274,12284],"product_tag":[],"class_list":{"0":"post-752108","1":"product","2":"type-product","3":"status-publish","5":"product_cat-cocuk-ve-genclik-kitaplari","6":"product_cat-hikayeler","7":"pa_cilt-ciltsiz","8":"pa_tur-kitap","9":"pa_yayinevi-gulce-kitap","10":"pa_yazar-siham-al-andalusi","12":"first","13":"instock","14":"sale","15":"shipping-taxable","16":"purchasable","17":"product-type-simple"},"_links":{"self":[{"href":"https:\/\/roveyayinevi.com.tr\/index.php\/wp-json\/wp\/v2\/product\/752108","targetHints":{"allow":["GET"]}}],"collection":[{"href":"https:\/\/roveyayinevi.com.tr\/index.php\/wp-json\/wp\/v2\/product"}],"about":[{"href":"https:\/\/roveyayinevi.com.tr\/index.php\/wp-json\/wp\/v2\/types\/product"}],"wp:attachment":[{"href":"https:\/\/roveyayinevi.com.tr\/index.php\/wp-json\/wp\/v2\/media?parent=752108"}],"wp:term":[{"taxonomy":"product_brand","embeddable":true,"href":"https:\/\/roveyayinevi.com.tr\/index.php\/wp-json\/wp\/v2\/product_brand?post=752108"},{"taxonomy":"product_cat","embeddable":true,"href":"https:\/\/roveyayinevi.com.tr\/index.php\/wp-json\/wp\/v2\/product_cat?post=752108"},{"taxonomy":"product_tag","embeddable":true,"href":"https:\/\/roveyayinevi.com.tr\/index.php\/wp-json\/wp\/v2\/product_tag?post=752108"}],"curies":[{"name":"wp","href":"https:\/\/api.w.org\/{rel}","templated":true}]}}