{"id":752104,"date":"2025-08-28T05:06:46","date_gmt":"2025-08-28T02:06:46","guid":{"rendered":"https:\/\/roveyayinevi.com.tr\/index.php\/urun\/mi-sesi-cikaran-kuzu-bi-dolu-hikaye-2\/"},"modified":"2026-04-16T03:05:33","modified_gmt":"2026-04-16T00:05:33","slug":"mi-sesi-cikaran-kuzu-bi-dolu-hikaye-2","status":"publish","type":"product","link":"https:\/\/roveyayinevi.com.tr\/index.php\/urun\/mi-sesi-cikaran-kuzu-bi-dolu-hikaye-2\/","title":{"rendered":"&#8220;Mi&#8221; Sesi \u00c7\u0131karan Kuzu &#8211; Bi Dolu Hikaye 2"},"content":{"rendered":"<p>O g\u00fcn yaylada s\u00fcr\u00fcye yeni kat\u0131lan k\u00fc\u00e7\u00fck kuzunun do\u011fum g\u00fcn\u00fc partisi vard\u0131r. Annesi minik kuzunun \u00f6n\u00fcne bir ot pastas\u0131 koyar ve onu arkada\u015flar\u0131yla tan\u0131\u015ft\u0131r\u0131r. B\u00fct\u00fcn kuzular meleyerek \u015fark\u0131 s\u00f6ylemeye ba\u015flar. Ancak k\u00fc\u00e7\u00fck kuzu bu \u015fark\u0131ya mi\u2019leyerek kat\u0131l\u0131r. \u00c7\u00fcnk\u00fc melemeyi bilmiyordur. Arkada\u015flar\u0131 onun neden mi\u2019ledi\u011fini anlayamazlar ve k\u00fc\u00e7\u00fck kuzuyu aralar\u0131na almakta zorlan\u0131rlar. K\u00fc\u00e7\u00fck kuzunun buna \u00e7ok \u00fcz\u00fcld\u00fc\u011f\u00fcn\u00fc g\u00f6ren annesi acaba ne yapacak? Yavrusunu al\u0131p nerelere gidecek?  <\/p>\n","protected":false},"excerpt":{"rendered":"<p>O g\u00fcn yaylada s\u00fcr\u00fcye yeni kat\u0131lan k\u00fc\u00e7\u00fck kuzunun do\u011fum g\u00fcn\u00fc partisi vard\u0131r. Annesi minik kuzunun \u00f6n\u00fcne bir ot pastas\u0131 koyar ve onu arkada\u015flar\u0131yla tan\u0131\u015ft\u0131r\u0131r. B\u00fct\u00fcn kuzular<span class=\"excerpt-hellip\"> [\u2026]<\/span><\/p>\n","protected":false},"featured_media":0,"template":"","meta":{"_monsterinsights_skip_tracking":false,"_monsterinsights_sitenote_active":false,"_monsterinsights_sitenote_note":"","_monsterinsights_sitenote_category":0},"product_brand":[],"product_cat":[12274,12284],"product_tag":[],"class_list":{"0":"post-752104","1":"product","2":"type-product","3":"status-publish","5":"product_cat-cocuk-ve-genclik-kitaplari","6":"product_cat-hikayeler","7":"pa_cilt-ciltsiz","8":"pa_tur-kitap","9":"pa_yayinevi-timas-cocuk","10":"pa_yazar-nehir-aydin-gokduman","12":"first","13":"instock","14":"sale","15":"shipping-taxable","16":"purchasable","17":"product-type-simple"},"_links":{"self":[{"href":"https:\/\/roveyayinevi.com.tr\/index.php\/wp-json\/wp\/v2\/product\/752104","targetHints":{"allow":["GET"]}}],"collection":[{"href":"https:\/\/roveyayinevi.com.tr\/index.php\/wp-json\/wp\/v2\/product"}],"about":[{"href":"https:\/\/roveyayinevi.com.tr\/index.php\/wp-json\/wp\/v2\/types\/product"}],"wp:attachment":[{"href":"https:\/\/roveyayinevi.com.tr\/index.php\/wp-json\/wp\/v2\/media?parent=752104"}],"wp:term":[{"taxonomy":"product_brand","embeddable":true,"href":"https:\/\/roveyayinevi.com.tr\/index.php\/wp-json\/wp\/v2\/product_brand?post=752104"},{"taxonomy":"product_cat","embeddable":true,"href":"https:\/\/roveyayinevi.com.tr\/index.php\/wp-json\/wp\/v2\/product_cat?post=752104"},{"taxonomy":"product_tag","embeddable":true,"href":"https:\/\/roveyayinevi.com.tr\/index.php\/wp-json\/wp\/v2\/product_tag?post=752104"}],"curies":[{"name":"wp","href":"https:\/\/api.w.org\/{rel}","templated":true}]}}

&#8220;Mi&#8221; Sesi Çıkaran Kuzu &#8211; Bi Dolu Hikaye 2

<p>O gün yaylada sürüye yeni katılan küçük kuzunun doğum günü partisi vardır. Annesi minik kuzunun önüne bir ot pastası koyar ve onu arkadaşlarıyla tanıştırır. Bütün kuzular meleyerek şarkı söylemeye başlar. Ancak küçük kuzu bu şarkıya mi’leyerek katılır. Çünkü melemeyi bilmiyordur. Arkadaşları onun neden mi’lediğini anlayamazlar ve küçük kuzuyu aralarına almakta zorlanırlar. Küçük kuzunun buna çok üzüldüğünü gören annesi acaba ne yapacak? Yavrusunu alıp nerelere gidecek?  </p>

<p>O gün yaylada sürüye yeni katılan küçük kuzunun doğum günü partisi vardır. Annesi minik kuzunun önüne bir ot pastası koyar ve onu arkadaşlarıyla tanıştırır. Bütün kuzular<span class="excerpt-hellip"> […]</span></p>
