{"id":752095,"date":"2025-08-28T05:06:34","date_gmt":"2025-08-28T02:06:34","guid":{"rendered":"https:\/\/roveyayinevi.com.tr\/index.php\/urun\/duygu-bankasi\/"},"modified":"2026-04-13T03:11:21","modified_gmt":"2026-04-13T00:11:21","slug":"duygu-bankasi","status":"publish","type":"product","link":"https:\/\/roveyayinevi.com.tr\/index.php\/urun\/duygu-bankasi\/","title":{"rendered":"Duygu Bankas\u0131"},"content":{"rendered":"<p>\u0130nsanlar b\u00fct\u00fcn g\u00fczel duygular\u0131n\u0131n yok oldu\u011fu korkun\u00e7 bir sabaha uyan\u0131rlar. Anneler, babalar \u00e7ocuklar\u0131ndan, karde\u015fler karde\u015flerinden, kom\u015fular birbirinden nefret etmektedir. Bir zamanlar do\u011fall\u0131kla sahip olunan o tatl\u0131 duygulara art\u0131k sadece paras\u0131n\u0131 \u00f6deyenler ula\u015fabilir. O da bir s\u00fcreli\u011fine. \u00c7\u00fcnk\u00fc &#8220;Duygu Bankas\u0131&#8221; bedavaya hizmet vermez! D\u00fc\u015fmanl\u0131\u011f\u0131n d\u00f6rt bir yan\u0131 sard\u0131\u011f\u0131 bu k\u00f6t\u00fc g\u00fcnde, i\u00e7leri h\u00e2l\u00e2 sevgiyle dolu evcil dostlar\u0131m\u0131z da yuvalar\u0131ndan kovulmu\u015ftur. Onlardan birisi olan ak\u0131ll\u0131 k\u00f6pek Pati\u015f ve arkada\u015flar\u0131 bu tuhafl\u0131\u011f\u0131 ara\u015ft\u0131rmak \u00fczere harekete ge\u00e7erler. Cep telefonlar\u0131, bilgisayar korsanl\u0131\u011f\u0131, vir\u00fcsler derken kahramanlar\u0131m\u0131z kendilerini hi\u00e7 ummad\u0131klar\u0131 bir maceran\u0131n i\u00e7inde bulurlar. Siz de bu maceraya ortak olmak ister misiniz? <\/p>\n","protected":false},"excerpt":{"rendered":"<p>\u0130nsanlar b\u00fct\u00fcn g\u00fczel duygular\u0131n\u0131n yok oldu\u011fu korkun\u00e7 bir sabaha uyan\u0131rlar. Anneler, babalar \u00e7ocuklar\u0131ndan, karde\u015fler karde\u015flerinden, kom\u015fular birbirinden nefret etmektedir. Bir zamanlar do\u011fall\u0131kla sahip olunan o tatl\u0131<span class=\"excerpt-hellip\"> [\u2026]<\/span><\/p>\n","protected":false},"featured_media":0,"template":"","meta":{"_monsterinsights_skip_tracking":false,"_monsterinsights_sitenote_active":false,"_monsterinsights_sitenote_note":"","_monsterinsights_sitenote_category":0},"product_brand":[],"product_cat":[12291,12711],"product_tag":[],"class_list":{"0":"post-752095","1":"product","2":"type-product","3":"status-publish","5":"product_cat-edebiyat","6":"product_cat-roman-oyku","7":"pa_cilt-ciltsiz","8":"pa_tur-kitap","9":"pa_yayinevi-genc-timas","10":"pa_yazar-talip-kursun","12":"first","13":"instock","14":"sale","15":"shipping-taxable","16":"purchasable","17":"product-type-simple"},"_links":{"self":[{"href":"https:\/\/roveyayinevi.com.tr\/index.php\/wp-json\/wp\/v2\/product\/752095","targetHints":{"allow":["GET"]}}],"collection":[{"href":"https:\/\/roveyayinevi.com.tr\/index.php\/wp-json\/wp\/v2\/product"}],"about":[{"href":"https:\/\/roveyayinevi.com.tr\/index.php\/wp-json\/wp\/v2\/types\/product"}],"wp:attachment":[{"href":"https:\/\/roveyayinevi.com.tr\/index.php\/wp-json\/wp\/v2\/media?parent=752095"}],"wp:term":[{"taxonomy":"product_brand","embeddable":true,"href":"https:\/\/roveyayinevi.com.tr\/index.php\/wp-json\/wp\/v2\/product_brand?post=752095"},{"taxonomy":"product_cat","embeddable":true,"href":"https:\/\/roveyayinevi.com.tr\/index.php\/wp-json\/wp\/v2\/product_cat?post=752095"},{"taxonomy":"product_tag","embeddable":true,"href":"https:\/\/roveyayinevi.com.tr\/index.php\/wp-json\/wp\/v2\/product_tag?post=752095"}],"curies":[{"name":"wp","href":"https:\/\/api.w.org\/{rel}","templated":true}]}}