{"id":752090,"date":"2025-08-28T05:06:27","date_gmt":"2025-08-28T02:06:27","guid":{"rendered":"https:\/\/roveyayinevi.com.tr\/index.php\/urun\/carpisma-2\/"},"modified":"2026-04-16T03:05:32","modified_gmt":"2026-04-16T00:05:32","slug":"carpisma-2","status":"publish","type":"product","link":"https:\/\/roveyayinevi.com.tr\/index.php\/urun\/carpisma-2\/","title":{"rendered":"\u00c7arp\u0131\u015fma"},"content":{"rendered":"<p>\u201cRomal\u0131lar, kararl\u0131 ve yolundan sapmaz bir duru\u015f sergileyelim. Bir erke\u011fe yak\u0131\u015f\u0131r ve asil bir duru\u015f sergileyelim. D\u00fc\u015fmana g\u00fcc\u00fcm\u00fcz\u00fc ve direncimizi g\u00f6sterelim. Onlara kendilerinden daha g\u00fc\u00e7l\u00fc adamlara sald\u0131rd\u0131klar\u0131n\u0131, vurulmak yerine vuracak adamlarla kar\u015f\u0131 kar\u015f\u0131ya geldiklerini g\u00f6sterelim. Onlar ne ta\u015ftan, ne k\u0131r\u0131lmaz tun\u00e7tan yap\u0131lm\u0131\u015ft\u0131r ne de kuvvetle alt edilemeyecek, hi\u00e7bir \u015fey hissetmeyen demirden v\u00fccutlar\u0131 vard\u0131r.\u201d Kilikya, Tarsus, Misis, Antakya, K\u0131br\u0131s ve Suriye\u2019yi topraklar\u0131na katan Bizans ordusu, 10. y\u00fczy\u0131lda Suriye b\u00f6lgesini M\u00fcsl\u00fcman Araplar\u0131n elinden b\u00fct\u00fcn\u00fcyle alarak g\u00fcc\u00fcne g\u00fc\u00e7 katt\u0131. Ancak Bizansl\u0131lar, zaferin sadece asker say\u0131s\u0131na ba\u011fl\u0131 olmad\u0131\u011f\u0131n\u0131n fark\u0131ndayd\u0131. Ba\u015far\u0131 ancak ve ancak iyi d\u00fc\u015f\u00fcn\u00fcl\u00fcp titizce planlanan bir dizi taktik neticesinde elde edilebilirdi. 6. y\u00fczy\u0131l Bizans \u0130mparatoru I. Justinianus d\u00f6neminden \u201cStrateji\u201d ve 10. y\u00fczy\u0131l Bizans \u0130mparatoru Nikephoros Phokas d\u00f6neminden \u201c\u00c7arp\u0131\u015fma\u201d metinleri, \u0130mparatorlu\u011fun kazand\u0131\u011f\u0131 zaferlerin bir neticesi olarak, kaleme al\u0131nmas\u0131 emredilen metinlerdir. Bu iki metin, Bizans \u0130mparatorlu\u011fu\u2019nun hem asker\u00ee tecr\u00fcbelerinin bir birikimi olarak hem de bu zaferlerin devaml\u0131l\u0131\u011f\u0131n\u0131 sa\u011flama vizyonunu sergilemeleri bak\u0131m\u0131ndan olduk\u00e7a \u00f6nemlidir. Ordunun sava\u015f s\u0131ras\u0131nda nas\u0131l hareket edece\u011fi, nehir ge\u00e7me taktikleri, askerlerin dizilimi, casusluk faaliyetleri, ge\u00e7itlere pusu kurma y\u00f6ntemleri, \u015fehir ku\u015fatma y\u00f6ntemleri gibi pek \u00e7ok konu ele al\u0131nm\u0131\u015ft\u0131r. Yunanca el yazmalar\u0131 ve \u0130ngilizcelerini k\u0131yaslayarak terc\u00fcme edilip yay\u0131ma haz\u0131rlanan \u00c7arp\u0131\u015fma, k\u0131sa ba\u015fl\u0131klarla meram\u0131n\u0131 net bir \u015fekilde aktaran, b\u00f6ylece Bizans asker\u00ee ba\u015far\u0131lar\u0131n\u0131n devaml\u0131l\u0131\u011f\u0131n\u0131 temenni eden dinamik bir kitap. G\u00fcneydo\u011fu Anadolu ve Suriye b\u00f6lgelerinin co\u011frafyas\u0131 g\u00f6z \u00f6n\u00fcnde bulundurularak yaz\u0131lm\u0131\u015f, her durum hesaba kat\u0131lm\u0131\u015f, dikkatle d\u00fc\u015f\u00fcn\u00fclm\u00fc\u015f, y\u00fczy\u0131llar \u00f6ncesinden bir Bizans kaynak eseri.<\/p>\n","protected":false},"excerpt":{"rendered":"<p>\u201cRomal\u0131lar, kararl\u0131 ve yolundan sapmaz bir duru\u015f sergileyelim. Bir erke\u011fe yak\u0131\u015f\u0131r ve asil bir duru\u015f sergileyelim. D\u00fc\u015fmana g\u00fcc\u00fcm\u00fcz\u00fc ve direncimizi g\u00f6sterelim. Onlara kendilerinden daha g\u00fc\u00e7l\u00fc adamlara<span class=\"excerpt-hellip\"> [\u2026]<\/span><\/p>\n","protected":false},"featured_media":0,"template":"","meta":{"_monsterinsights_skip_tracking":false,"_monsterinsights_sitenote_active":false,"_monsterinsights_sitenote_note":"","_monsterinsights_sitenote_category":0},"product_brand":[],"product_cat":[12305,12304],"product_tag":[],"class_list":{"0":"post-752090","1":"product","2":"type-product","3":"status-publish","5":"product_cat-dunya-tarihi","6":"product_cat-tarih","7":"pa_cilt-ciltsiz","8":"pa_tur-kitap","9":"pa_yayinevi-timas-yayinlari","10":"pa_yazar-jutinianus-nikephoros-phokas","12":"first","13":"instock","14":"sale","15":"shipping-taxable","16":"purchasable","17":"product-type-simple"},"_links":{"self":[{"href":"https:\/\/roveyayinevi.com.tr\/index.php\/wp-json\/wp\/v2\/product\/752090","targetHints":{"allow":["GET"]}}],"collection":[{"href":"https:\/\/roveyayinevi.com.tr\/index.php\/wp-json\/wp\/v2\/product"}],"about":[{"href":"https:\/\/roveyayinevi.com.tr\/index.php\/wp-json\/wp\/v2\/types\/product"}],"wp:attachment":[{"href":"https:\/\/roveyayinevi.com.tr\/index.php\/wp-json\/wp\/v2\/media?parent=752090"}],"wp:term":[{"taxonomy":"product_brand","embeddable":true,"href":"https:\/\/roveyayinevi.com.tr\/index.php\/wp-json\/wp\/v2\/product_brand?post=752090"},{"taxonomy":"product_cat","embeddable":true,"href":"https:\/\/roveyayinevi.com.tr\/index.php\/wp-json\/wp\/v2\/product_cat?post=752090"},{"taxonomy":"product_tag","embeddable":true,"href":"https:\/\/roveyayinevi.com.tr\/index.php\/wp-json\/wp\/v2\/product_tag?post=752090"}],"curies":[{"name":"wp","href":"https:\/\/api.w.org\/{rel}","templated":true}]}}