{"id":752073,"date":"2025-08-28T05:06:07","date_gmt":"2025-08-28T02:06:07","guid":{"rendered":"https:\/\/roveyayinevi.com.tr\/index.php\/urun\/leydi-sapiens\/"},"modified":"2026-04-16T03:05:32","modified_gmt":"2026-04-16T00:05:32","slug":"leydi-sapiens","status":"publish","type":"product","link":"https:\/\/roveyayinevi.com.tr\/index.php\/urun\/leydi-sapiens\/","title":{"rendered":"Leydi Sapiens"},"content":{"rendered":"<p>Avrasya\u2019n\u0131n \u00e7e\u015fitli yerlerinde 45.000 y\u0131l \u00f6ncesine uzanan, iri v\u00fccutlu ve y\u00fcz\u00fc olmayan nadir ve de\u011ferli kad\u0131n heykelcikleri ke\u015ffedildi. Bu yontular Ven\u00fcs heykelcikleri olarak biliniyor. Peki bu eserlere ilham veren kad\u0131nlar ger\u00e7ekte neye benziyordu? 150 y\u0131l boyunca ara\u015ft\u0131rmac\u0131lar tarih\u00f6ncesindeki kad\u0131nlar\u0131n g\u00fcnl\u00fck ya\u015famlar\u0131na dair hi\u00e7bir arkeolojik bilgi sunmad\u0131lar ve toplumdaki yerini hafife ald\u0131lar. Hatta bu kad\u0131nlar kli\u015felere hapsedildi: Erkekler avlan\u0131r, maceralara at\u0131l\u0131r, icat eder, yarat\u0131r ve \u00e7izerken kad\u0131nlar\u0131n rol\u00fcn\u00fcn \u00e7ocuklar\u0131 e\u011fitmek ve ev i\u015fleri yapmakla s\u0131n\u0131rl\u0131 oldu\u011funa inan\u0131ld\u0131. Ge\u00e7ti\u011fimiz on be\u015f y\u0131l boyunca yeni nesil ara\u015ft\u0131rmac\u0131lar bu yakla\u015f\u0131m modelini sarsmaya ba\u015flad\u0131lar. \u00c7\u0131\u011f\u0131r a\u00e7an analizler ve yeni kaz\u0131 y\u00f6ntemleri tan\u0131mlayarak g\u00f6r\u00fcnmez olan\u0131 g\u00f6r\u00fcn\u00fcr hale getirdiler. Leydi Sapiens bu son ara\u015ft\u0131rmalar\u0131n \u0131\u015f\u0131\u011f\u0131nda tarih\u00f6ncesindeki kad\u0131n\u0131n toplumdaki vazge\u00e7ilmez ve prestijli konumunu ortaya \u00e7\u0131kar\u0131yor. Bu antik kad\u0131nlar ilk kez g\u00f6zlerimizin \u00f6n\u00fcnde yeniden diriliyor ve k\u00f6kenlerimizle ilgili yeni bir teoriye \u0131\u015f\u0131k tutuyor! <\/p>\n","protected":false},"excerpt":{"rendered":"<p>Avrasya\u2019n\u0131n \u00e7e\u015fitli yerlerinde 45.000 y\u0131l \u00f6ncesine uzanan, iri v\u00fccutlu ve y\u00fcz\u00fc olmayan nadir ve de\u011ferli kad\u0131n heykelcikleri ke\u015ffedildi. Bu yontular Ven\u00fcs heykelcikleri olarak biliniyor. Peki bu<span class=\"excerpt-hellip\"> [\u2026]<\/span><\/p>\n","protected":false},"featured_media":0,"template":"","meta":{"_monsterinsights_skip_tracking":false,"_monsterinsights_sitenote_active":false,"_monsterinsights_sitenote_note":"","_monsterinsights_sitenote_category":0},"product_brand":[],"product_cat":[13005,13006],"product_tag":[],"class_list":{"0":"post-752073","1":"product","2":"type-product","3":"status-publish","5":"product_cat-bilim-muhendislik","6":"product_cat-populer-bilim","7":"pa_cilt-ciltsiz","8":"pa_tur-kitap","9":"pa_yayinevi-say-yayinlari","10":"pa_yazar-thomas-cirotteau-jennifer-kerner-eric-pincas","12":"first","13":"instock","14":"sale","15":"shipping-taxable","16":"purchasable","17":"product-type-simple"},"_links":{"self":[{"href":"https:\/\/roveyayinevi.com.tr\/index.php\/wp-json\/wp\/v2\/product\/752073","targetHints":{"allow":["GET"]}}],"collection":[{"href":"https:\/\/roveyayinevi.com.tr\/index.php\/wp-json\/wp\/v2\/product"}],"about":[{"href":"https:\/\/roveyayinevi.com.tr\/index.php\/wp-json\/wp\/v2\/types\/product"}],"wp:attachment":[{"href":"https:\/\/roveyayinevi.com.tr\/index.php\/wp-json\/wp\/v2\/media?parent=752073"}],"wp:term":[{"taxonomy":"product_brand","embeddable":true,"href":"https:\/\/roveyayinevi.com.tr\/index.php\/wp-json\/wp\/v2\/product_brand?post=752073"},{"taxonomy":"product_cat","embeddable":true,"href":"https:\/\/roveyayinevi.com.tr\/index.php\/wp-json\/wp\/v2\/product_cat?post=752073"},{"taxonomy":"product_tag","embeddable":true,"href":"https:\/\/roveyayinevi.com.tr\/index.php\/wp-json\/wp\/v2\/product_tag?post=752073"}],"curies":[{"name":"wp","href":"https:\/\/api.w.org\/{rel}","templated":true}]}}