{"id":752072,"date":"2025-08-28T05:06:06","date_gmt":"2025-08-28T02:06:06","guid":{"rendered":"https:\/\/roveyayinevi.com.tr\/index.php\/urun\/kisaca-kudus\/"},"modified":"2026-04-16T03:05:32","modified_gmt":"2026-04-16T00:05:32","slug":"kisaca-kudus","status":"publish","type":"product","link":"https:\/\/roveyayinevi.com.tr\/index.php\/urun\/kisaca-kudus\/","title":{"rendered":"K\u0131saca Kud\u00fcs"},"content":{"rendered":"<p>Kud\u00fcs insanlar\u0131n hayal g\u00fc\u00e7leri \u00fczerinde muhtemelen d\u00fcnyadaki herhangi bir \u015fehirden daha fazla etki yaratm\u0131\u015ft\u0131r. Yahudiler d\u0131\u015f\u0131nda Hristiyanlar i\u00e7in Hz. \u0130sa\u2019n\u0131n \u00e7arm\u0131ha gerildi\u011fi, M\u00fcsl\u00fcmanlar i\u00e7in de Hz. Muhammed\u2019in g\u00f6\u011fe y\u00fckseldi\u011fi yer oldu\u011fu inanc\u0131yla \u00f6nem ta\u015f\u0131yan Kud\u00fcs\u2019\u00fcn sembolik g\u00fcc\u00fc o kadar fazlad\u0131r ki gelecekte Orta Do\u011fu\u2019da kapsaml\u0131 bir bar\u0131\u015f\u0131n \u00f6n\u00fcnde en \u00f6nemli engel olarak durmaktad\u0131r. Michael Zank bu kapsaml\u0131 metinde tarih \u00f6ncesi d\u00f6nemden g\u00fcn\u00fcm\u00fcze dek \u015fehrin \u00e7alkant\u0131l\u0131 tarihinin izlerini s\u00fcr\u00fcyor. Kud\u00fcs yakla\u015f\u0131k 4.000 y\u0131ld\u0131r var. D\u00fcnyaya e\u015fsiz bir umut ve fikir miras\u0131 verdi. Kud\u00fcs\u2019\u00fc sevmek ve Kud\u00fcs i\u00e7in dua etmek ve gelecekte tekrar tekrar in\u015fa edilece\u011fini ummak insana \u00f6zg\u00fcd\u00fcr. B\u00f6yle bir yeniden yap\u0131lanmaya kat\u0131lacak, ortak iyili\u011fe dayal\u0131 bir gelece\u011fi planlamak ve hayal etmek i\u00e7in \u015fimdiden i\u015fbirli\u011fi yapan bir\u00e7ok Yahudi, Hristiyan ve M\u00fcsl\u00fcman var. Kud\u00fcs, halk\u0131, tabiat\u0131, kutsal yerleri ve pek \u00e7ok hat\u0131ras\u0131 ile ona de\u011fer veren herkesin ortak menfaatidir. \u0130srailliler ve Filistinliler, Kud\u00fcsl\u00fcler ve Kud\u00fcs\u2019\u00fcn dostlar\u0131, ortak bir gelece\u011fin sadece bir hayal de\u011fil, bir gereklilik ve olas\u0131l\u0131k oldu\u011funu savunuyorlar. Ayn\u0131 zamanda Kud\u00fcs\u2019\u00fcn b\u00fct\u00fcnle\u015fmesi ve bir kez daha kutsal \u015fehir stat\u00fcs\u00fcne kavu\u015fmas\u0131 da \u015fartt\u0131r.<\/p>\n","protected":false},"excerpt":{"rendered":"<p>Kud\u00fcs insanlar\u0131n hayal g\u00fc\u00e7leri \u00fczerinde muhtemelen d\u00fcnyadaki herhangi bir \u015fehirden daha fazla etki yaratm\u0131\u015ft\u0131r. Yahudiler d\u0131\u015f\u0131nda Hristiyanlar i\u00e7in Hz. \u0130sa\u2019n\u0131n \u00e7arm\u0131ha gerildi\u011fi, M\u00fcsl\u00fcmanlar i\u00e7in de Hz.<span class=\"excerpt-hellip\"> [\u2026]<\/span><\/p>\n","protected":false},"featured_media":0,"template":"","meta":{"_monsterinsights_skip_tracking":false,"_monsterinsights_sitenote_active":false,"_monsterinsights_sitenote_note":"","_monsterinsights_sitenote_category":0},"product_brand":[],"product_cat":[12304],"product_tag":[],"class_list":{"0":"post-752072","1":"product","2":"type-product","3":"status-publish","5":"product_cat-tarih","6":"pa_cilt-ciltsiz","7":"pa_tur-kitap","8":"pa_yayinevi-say-yayinlari","9":"pa_yazar-michael-zank","11":"first","12":"instock","13":"sale","14":"shipping-taxable","15":"purchasable","16":"product-type-simple"},"_links":{"self":[{"href":"https:\/\/roveyayinevi.com.tr\/index.php\/wp-json\/wp\/v2\/product\/752072","targetHints":{"allow":["GET"]}}],"collection":[{"href":"https:\/\/roveyayinevi.com.tr\/index.php\/wp-json\/wp\/v2\/product"}],"about":[{"href":"https:\/\/roveyayinevi.com.tr\/index.php\/wp-json\/wp\/v2\/types\/product"}],"wp:attachment":[{"href":"https:\/\/roveyayinevi.com.tr\/index.php\/wp-json\/wp\/v2\/media?parent=752072"}],"wp:term":[{"taxonomy":"product_brand","embeddable":true,"href":"https:\/\/roveyayinevi.com.tr\/index.php\/wp-json\/wp\/v2\/product_brand?post=752072"},{"taxonomy":"product_cat","embeddable":true,"href":"https:\/\/roveyayinevi.com.tr\/index.php\/wp-json\/wp\/v2\/product_cat?post=752072"},{"taxonomy":"product_tag","embeddable":true,"href":"https:\/\/roveyayinevi.com.tr\/index.php\/wp-json\/wp\/v2\/product_tag?post=752072"}],"curies":[{"name":"wp","href":"https:\/\/api.w.org\/{rel}","templated":true}]}}