{"id":752052,"date":"2025-08-28T05:05:40","date_gmt":"2025-08-28T02:05:40","guid":{"rendered":"https:\/\/roveyayinevi.com.tr\/index.php\/urun\/dudagim-politik\/"},"modified":"2026-04-16T03:05:31","modified_gmt":"2026-04-16T00:05:31","slug":"dudagim-politik","status":"publish","type":"product","link":"https:\/\/roveyayinevi.com.tr\/index.php\/urun\/dudagim-politik\/","title":{"rendered":"Duda\u011f\u0131m Politik"},"content":{"rendered":"<p>&#8230; uyan\u0131p soyunup fevri kazalar\u0131nda ben kan olup han\u00e7erinde birden damlasam ali kadar heybetimle y\u0131k\u0131lsam secdesine diye hasetimin koynundan en \u015fahane kahr\u0131 ona bunu verece\u011fim ona \u00e7i\u00e7e\u011fimi <\/p>\n","protected":false},"excerpt":{"rendered":"<p>&#8230; uyan\u0131p soyunup fevri kazalar\u0131nda ben kan olup han\u00e7erinde birden damlasam ali kadar heybetimle y\u0131k\u0131lsam secdesine diye hasetimin koynundan en \u015fahane kahr\u0131 ona bunu verece\u011fim ona<span class=\"excerpt-hellip\"> [\u2026]<\/span><\/p>\n","protected":false},"featured_media":0,"template":"","meta":{"_monsterinsights_skip_tracking":false,"_monsterinsights_sitenote_active":false,"_monsterinsights_sitenote_note":"","_monsterinsights_sitenote_category":0},"product_brand":[],"product_cat":[12291,12509],"product_tag":[],"class_list":{"0":"post-752052","1":"product","2":"type-product","3":"status-publish","5":"product_cat-edebiyat","6":"product_cat-siir","7":"pa_cilt-ciltsiz","8":"pa_tur-kitap","9":"pa_yayinevi-everest-yayinlari","10":"pa_yazar-okan-yilmaz","12":"first","13":"instock","14":"sale","15":"shipping-taxable","16":"purchasable","17":"product-type-simple"},"_links":{"self":[{"href":"https:\/\/roveyayinevi.com.tr\/index.php\/wp-json\/wp\/v2\/product\/752052","targetHints":{"allow":["GET"]}}],"collection":[{"href":"https:\/\/roveyayinevi.com.tr\/index.php\/wp-json\/wp\/v2\/product"}],"about":[{"href":"https:\/\/roveyayinevi.com.tr\/index.php\/wp-json\/wp\/v2\/types\/product"}],"wp:attachment":[{"href":"https:\/\/roveyayinevi.com.tr\/index.php\/wp-json\/wp\/v2\/media?parent=752052"}],"wp:term":[{"taxonomy":"product_brand","embeddable":true,"href":"https:\/\/roveyayinevi.com.tr\/index.php\/wp-json\/wp\/v2\/product_brand?post=752052"},{"taxonomy":"product_cat","embeddable":true,"href":"https:\/\/roveyayinevi.com.tr\/index.php\/wp-json\/wp\/v2\/product_cat?post=752052"},{"taxonomy":"product_tag","embeddable":true,"href":"https:\/\/roveyayinevi.com.tr\/index.php\/wp-json\/wp\/v2\/product_tag?post=752052"}],"curies":[{"name":"wp","href":"https:\/\/api.w.org\/{rel}","templated":true}]}}