{"id":752049,"date":"2025-08-28T05:05:37","date_gmt":"2025-08-28T02:05:37","guid":{"rendered":"https:\/\/roveyayinevi.com.tr\/index.php\/urun\/meddahlar\/"},"modified":"2026-04-16T03:05:31","modified_gmt":"2026-04-16T00:05:31","slug":"meddahlar","status":"publish","type":"product","link":"https:\/\/roveyayinevi.com.tr\/index.php\/urun\/meddahlar\/","title":{"rendered":"Meddahlar"},"content":{"rendered":"<p>Bir Muharrem ay\u0131nda \u0130ran\u2019a gitti\u011finizde \u2013e\u011fer o co\u011frafyan\u0131n k\u00fclt\u00fcr\u00fcne a\u015fina de\u011filseniz- kar\u015f\u0131la\u015faca\u011f\u0131n\u0131z en ilgin\u00e7 manzara, Kerbel\u00e2 \u015fehitlerini anmak i\u00e7in siyahlara b\u00fcr\u00fcnm\u00fc\u015f insanlar\u0131n caddelerde olu\u015fturdu\u011fu kalabal\u0131klar olacakt\u0131r. Bu kalabal\u0131klar\u0131, okuduklar\u0131 \u015fiirle y\u00f6nlendiren ki\u015fileri fark etmeniz ise saniyelerinizi alacakt\u0131r. Zira kalabal\u0131\u011f\u0131n ritmi, onlar\u0131n a\u011fz\u0131ndan \u00e7\u0131kan her bir kelimede var olmaktad\u0131r. Peki ya kim bu matem merasimlerini bir ahenk i\u00e7erisinde y\u00f6netenler?   \u0130sl\u00e2m\u2019\u0131n ilk d\u00f6nemlerinden g\u00fcn\u00fcm\u00fcze kadar ula\u015fm\u0131\u015f olan Meddahl\u0131k gelene\u011fi, Hz. H\u00fcseyin\u2019in Kerbal\u00e2\u2019da \u015fehit edilmesi \u00fczerine \u015ei\u00ee kimli\u011fi ve k\u00fclt\u00fcr\u00fcn\u00fcn en \u00f6nemli hususiyetlerinden birisi kabul edilegelmi\u015ftir. Matem merasimlerinde \u015fiir ve ezgiler okuyarak Ehl-i Beyt\u2019e \u00f6vg\u00fclerde bulunan meddahlar, modern d\u00f6nemde, \u0130ran-Irak Sava\u015f\u0131 ve 2011\u2019de ba\u015flayan Suriye Sava\u015f\u0131\u2019nda sava\u015f\u00e7\u0131lar\u0131 cepheye seferber etmek ve onlar\u0131 manev\u00ee a\u00e7\u0131dan desteklemekte de kilit rol oynam\u0131\u015f hatta bir propaganda arac\u0131na d\u00f6n\u00fc\u015fm\u00fc\u015ft\u00fcr.   Elinizdeki bu kitap, \u015ei\u00eelikteki meddahl\u0131\u011f\u0131n tarihte, siyasette ve sava\u015fta hangi rollere b\u00fcr\u00fcnd\u00fc\u011f\u00fcn\u00fc ele al\u0131yor. Bununla birlikte, 2011-2021 y\u0131llar\u0131 aras\u0131nda Suriye Sava\u015f\u0131\u2019nda faaliyet g\u00f6steren meddahlarla yap\u0131lan m\u00fclakatlar, bu gelene\u011fin \u0130ran toplumundaki tesirini g\u00f6zler \u00f6n\u00fcne seriyor. <\/p>\n","protected":false},"excerpt":{"rendered":"<p>Bir Muharrem ay\u0131nda \u0130ran\u2019a gitti\u011finizde \u2013e\u011fer o co\u011frafyan\u0131n k\u00fclt\u00fcr\u00fcne a\u015fina de\u011filseniz- kar\u015f\u0131la\u015faca\u011f\u0131n\u0131z en ilgin\u00e7 manzara, Kerbel\u00e2 \u015fehitlerini anmak i\u00e7in siyahlara b\u00fcr\u00fcnm\u00fc\u015f insanlar\u0131n caddelerde olu\u015fturdu\u011fu kalabal\u0131klar olacakt\u0131r.<span class=\"excerpt-hellip\"> [\u2026]<\/span><\/p>\n","protected":false},"featured_media":0,"template":"","meta":{"_monsterinsights_skip_tracking":false,"_monsterinsights_sitenote_active":false,"_monsterinsights_sitenote_note":"","_monsterinsights_sitenote_category":0},"product_brand":[],"product_cat":[12370,12304],"product_tag":[],"class_list":{"0":"post-752049","1":"product","2":"type-product","3":"status-publish","5":"product_cat-arastirma-inceleme","6":"product_cat-tarih","7":"pa_cilt-ciltsiz","8":"pa_tur-kitap","9":"pa_yayinevi-ketebe-yayinlari","10":"pa_yazar-adem-yilmaz","12":"first","13":"instock","14":"sale","15":"shipping-taxable","16":"purchasable","17":"product-type-simple"},"_links":{"self":[{"href":"https:\/\/roveyayinevi.com.tr\/index.php\/wp-json\/wp\/v2\/product\/752049","targetHints":{"allow":["GET"]}}],"collection":[{"href":"https:\/\/roveyayinevi.com.tr\/index.php\/wp-json\/wp\/v2\/product"}],"about":[{"href":"https:\/\/roveyayinevi.com.tr\/index.php\/wp-json\/wp\/v2\/types\/product"}],"wp:attachment":[{"href":"https:\/\/roveyayinevi.com.tr\/index.php\/wp-json\/wp\/v2\/media?parent=752049"}],"wp:term":[{"taxonomy":"product_brand","embeddable":true,"href":"https:\/\/roveyayinevi.com.tr\/index.php\/wp-json\/wp\/v2\/product_brand?post=752049"},{"taxonomy":"product_cat","embeddable":true,"href":"https:\/\/roveyayinevi.com.tr\/index.php\/wp-json\/wp\/v2\/product_cat?post=752049"},{"taxonomy":"product_tag","embeddable":true,"href":"https:\/\/roveyayinevi.com.tr\/index.php\/wp-json\/wp\/v2\/product_tag?post=752049"}],"curies":[{"name":"wp","href":"https:\/\/api.w.org\/{rel}","templated":true}]}}