{"id":752041,"date":"2025-08-28T05:05:27","date_gmt":"2025-08-28T02:05:27","guid":{"rendered":"https:\/\/roveyayinevi.com.tr\/index.php\/urun\/insanri\/"},"modified":"2026-04-16T03:05:31","modified_gmt":"2026-04-16T00:05:31","slug":"insanri","status":"publish","type":"product","link":"https:\/\/roveyayinevi.com.tr\/index.php\/urun\/insanri\/","title":{"rendered":"\u0130nsanr\u0131"},"content":{"rendered":"<p>Bana seninle beraber herkes bakar ama beni senden ba\u015fka kimse g\u00f6remez. \u00c7\u00fcnk\u00fc ben senim. Aciz insanl\u0131k! Ne zaman kar\u015f\u0131s\u0131ndakini g\u00f6rebilmi\u015f ki? Hele kendilerini bile g\u00f6remiyorken\u2026Bakarlar ama g\u00f6rmezler, duyarlar ama anlamazlar, dokunurlar ama hissedemezler. Sen de \u00f6yleydin, ama i\u015fte \u015fimdi g\u00f6r\u00fcyorsun. Tan\u0131\u015fal\u0131m m\u0131? Ben \u00c2dem!\u0130nsanr\u0131: Bir Kukla Z\u0131rvas\u0131\u2019nda \u00e7o\u011funlukla i\u00e7 konu\u015fmalar e\u015fli\u011finde bir \u00f6m\u00fcr sorgulamas\u0131n\u0131 okuyacaks\u0131n\u0131z. Belki de sanr\u0131lar, ger\u00e7eklikten uzakla\u015ft\u0131rmak yerine ger\u00e7e\u011fe yakla\u015ft\u0131r\u0131yordur\u2026<\/p>\n","protected":false},"excerpt":{"rendered":"<p>Bana seninle beraber herkes bakar ama beni senden ba\u015fka kimse g\u00f6remez. \u00c7\u00fcnk\u00fc ben senim. Aciz insanl\u0131k! Ne zaman kar\u015f\u0131s\u0131ndakini g\u00f6rebilmi\u015f ki? Hele kendilerini bile g\u00f6remiyorken\u2026Bakarlar ama<span class=\"excerpt-hellip\"> [\u2026]<\/span><\/p>\n","protected":false},"featured_media":0,"template":"","meta":{"_monsterinsights_skip_tracking":false,"_monsterinsights_sitenote_active":false,"_monsterinsights_sitenote_note":"","_monsterinsights_sitenote_category":0},"product_brand":[],"product_cat":[12291,12711],"product_tag":[],"class_list":{"0":"post-752041","1":"product","2":"type-product","3":"status-publish","5":"product_cat-edebiyat","6":"product_cat-roman-oyku","7":"pa_cilt-ciltsiz","8":"pa_tur-kitap","9":"pa_yayinevi-elpis-yayinlari","10":"pa_yazar-muhammed-altuntas","12":"first","13":"instock","14":"sale","15":"shipping-taxable","16":"purchasable","17":"product-type-simple"},"_links":{"self":[{"href":"https:\/\/roveyayinevi.com.tr\/index.php\/wp-json\/wp\/v2\/product\/752041","targetHints":{"allow":["GET"]}}],"collection":[{"href":"https:\/\/roveyayinevi.com.tr\/index.php\/wp-json\/wp\/v2\/product"}],"about":[{"href":"https:\/\/roveyayinevi.com.tr\/index.php\/wp-json\/wp\/v2\/types\/product"}],"wp:attachment":[{"href":"https:\/\/roveyayinevi.com.tr\/index.php\/wp-json\/wp\/v2\/media?parent=752041"}],"wp:term":[{"taxonomy":"product_brand","embeddable":true,"href":"https:\/\/roveyayinevi.com.tr\/index.php\/wp-json\/wp\/v2\/product_brand?post=752041"},{"taxonomy":"product_cat","embeddable":true,"href":"https:\/\/roveyayinevi.com.tr\/index.php\/wp-json\/wp\/v2\/product_cat?post=752041"},{"taxonomy":"product_tag","embeddable":true,"href":"https:\/\/roveyayinevi.com.tr\/index.php\/wp-json\/wp\/v2\/product_tag?post=752041"}],"curies":[{"name":"wp","href":"https:\/\/api.w.org\/{rel}","templated":true}]}}