{"id":752032,"date":"2025-08-28T05:05:16","date_gmt":"2025-08-28T02:05:16","guid":{"rendered":"https:\/\/roveyayinevi.com.tr\/index.php\/urun\/gizli-ajan-orumjan\/"},"modified":"2026-04-16T03:05:31","modified_gmt":"2026-04-16T00:05:31","slug":"gizli-ajan-orumjan","status":"publish","type":"product","link":"https:\/\/roveyayinevi.com.tr\/index.php\/urun\/gizli-ajan-orumjan\/","title":{"rendered":"Gizli Ajan \u00d6r\u00fcmjan"},"content":{"rendered":"<p>Boyunuz bir rozet kadarsa s\u00fcper \u00f6zel gizli ajan olmak kolay de\u011fildir. Ancak bir do\u011fum g\u00fcn\u00fc pastas\u0131 tehlikedeyse tabii ki yine \u00d6R\u00dcMJAN g\u00f6reve \u00e7a\u011fr\u0131l\u0131r. Bakal\u0131m kahraman\u0131m\u0131z g\u00fcn\u00fc VE partiyi kurtarabilecek mi?<\/p>\n","protected":false},"excerpt":{"rendered":"<p>Boyunuz bir rozet kadarsa s\u00fcper \u00f6zel gizli ajan olmak kolay de\u011fildir. Ancak bir do\u011fum g\u00fcn\u00fc pastas\u0131 tehlikedeyse tabii ki yine \u00d6R\u00dcMJAN g\u00f6reve \u00e7a\u011fr\u0131l\u0131r. Bakal\u0131m kahraman\u0131m\u0131z g\u00fcn\u00fc<span class=\"excerpt-hellip\"> [\u2026]<\/span><\/p>\n","protected":false},"featured_media":0,"template":"","meta":{"_monsterinsights_skip_tracking":false,"_monsterinsights_sitenote_active":false,"_monsterinsights_sitenote_note":"","_monsterinsights_sitenote_category":0},"product_brand":[],"product_cat":[12274,12284],"product_tag":[],"class_list":{"0":"post-752032","1":"product","2":"type-product","3":"status-publish","5":"product_cat-cocuk-ve-genclik-kitaplari","6":"product_cat-hikayeler","7":"pa_cilt-ciltsiz","8":"pa_tur-kitap","9":"pa_yayinevi-is-bankasi-kultur-yayinlari","10":"pa_yazar-matt-carr","12":"first","13":"instock","14":"sale","15":"shipping-taxable","16":"purchasable","17":"product-type-simple"},"_links":{"self":[{"href":"https:\/\/roveyayinevi.com.tr\/index.php\/wp-json\/wp\/v2\/product\/752032","targetHints":{"allow":["GET"]}}],"collection":[{"href":"https:\/\/roveyayinevi.com.tr\/index.php\/wp-json\/wp\/v2\/product"}],"about":[{"href":"https:\/\/roveyayinevi.com.tr\/index.php\/wp-json\/wp\/v2\/types\/product"}],"wp:attachment":[{"href":"https:\/\/roveyayinevi.com.tr\/index.php\/wp-json\/wp\/v2\/media?parent=752032"}],"wp:term":[{"taxonomy":"product_brand","embeddable":true,"href":"https:\/\/roveyayinevi.com.tr\/index.php\/wp-json\/wp\/v2\/product_brand?post=752032"},{"taxonomy":"product_cat","embeddable":true,"href":"https:\/\/roveyayinevi.com.tr\/index.php\/wp-json\/wp\/v2\/product_cat?post=752032"},{"taxonomy":"product_tag","embeddable":true,"href":"https:\/\/roveyayinevi.com.tr\/index.php\/wp-json\/wp\/v2\/product_tag?post=752032"}],"curies":[{"name":"wp","href":"https:\/\/api.w.org\/{rel}","templated":true}]}}