{"id":752031,"date":"2025-08-28T05:05:14","date_gmt":"2025-08-28T02:05:14","guid":{"rendered":"https:\/\/roveyayinevi.com.tr\/index.php\/urun\/super-cocuk-geliyor\/"},"modified":"2026-04-16T03:05:31","modified_gmt":"2026-04-16T00:05:31","slug":"super-cocuk-geliyor","status":"publish","type":"product","link":"https:\/\/roveyayinevi.com.tr\/index.php\/urun\/super-cocuk-geliyor\/","title":{"rendered":"S\u00fcper \u00c7ocuk Geliyor"},"content":{"rendered":"<p>SAKIN KORKMA! S\u00dcPER \u00c7OCUK YANINDA! Roket gibi h\u0131z\u0131, X-\u0131\u015f\u0131nl\u0131 g\u00f6r\u00fc\u015f\u00fc ve \u00e7uval dolusu cesaretiyle, S\u00fcper \u00c7ocuk yard\u0131m\u0131na ko\u015fmaya, seni her t\u00fcrl\u00fc sorundan kurtarmaya her zaman haz\u0131r! ZIPPP! Haydi z\u0131pla heyecan dolu bu maceraya! <\/p>\n","protected":false},"excerpt":{"rendered":"<p>SAKIN KORKMA! S\u00dcPER \u00c7OCUK YANINDA! Roket gibi h\u0131z\u0131, X-\u0131\u015f\u0131nl\u0131 g\u00f6r\u00fc\u015f\u00fc ve \u00e7uval dolusu cesaretiyle, S\u00fcper \u00c7ocuk yard\u0131m\u0131na ko\u015fmaya, seni her t\u00fcrl\u00fc sorundan kurtarmaya her zaman haz\u0131r!<span class=\"excerpt-hellip\"> [\u2026]<\/span><\/p>\n","protected":false},"featured_media":0,"template":"","meta":{"_monsterinsights_skip_tracking":false,"_monsterinsights_sitenote_active":false,"_monsterinsights_sitenote_note":"","_monsterinsights_sitenote_category":0},"product_brand":[],"product_cat":[12274,12518],"product_tag":[],"class_list":{"0":"post-752031","1":"product","2":"type-product","3":"status-publish","5":"product_cat-cocuk-ve-genclik-kitaplari","6":"product_cat-okul-oncesi-kitaplar","7":"pa_cilt-ciltsiz","8":"pa_tur-kitap","9":"pa_yayinevi-is-bankasi-kultur-yayinlari","10":"pa_yazar-claire-freedman","12":"first","13":"instock","14":"sale","15":"shipping-taxable","16":"purchasable","17":"product-type-simple"},"_links":{"self":[{"href":"https:\/\/roveyayinevi.com.tr\/index.php\/wp-json\/wp\/v2\/product\/752031","targetHints":{"allow":["GET"]}}],"collection":[{"href":"https:\/\/roveyayinevi.com.tr\/index.php\/wp-json\/wp\/v2\/product"}],"about":[{"href":"https:\/\/roveyayinevi.com.tr\/index.php\/wp-json\/wp\/v2\/types\/product"}],"wp:attachment":[{"href":"https:\/\/roveyayinevi.com.tr\/index.php\/wp-json\/wp\/v2\/media?parent=752031"}],"wp:term":[{"taxonomy":"product_brand","embeddable":true,"href":"https:\/\/roveyayinevi.com.tr\/index.php\/wp-json\/wp\/v2\/product_brand?post=752031"},{"taxonomy":"product_cat","embeddable":true,"href":"https:\/\/roveyayinevi.com.tr\/index.php\/wp-json\/wp\/v2\/product_cat?post=752031"},{"taxonomy":"product_tag","embeddable":true,"href":"https:\/\/roveyayinevi.com.tr\/index.php\/wp-json\/wp\/v2\/product_tag?post=752031"}],"curies":[{"name":"wp","href":"https:\/\/api.w.org\/{rel}","templated":true}]}}