{"id":752029,"date":"2025-08-28T05:04:42","date_gmt":"2025-08-28T02:04:42","guid":{"rendered":"https:\/\/roveyayinevi.com.tr\/index.php\/urun\/veba-kisa-bir-giris\/"},"modified":"2026-04-16T03:05:31","modified_gmt":"2026-04-16T00:05:31","slug":"veba-kisa-bir-giris","status":"publish","type":"product","link":"https:\/\/roveyayinevi.com.tr\/index.php\/urun\/veba-kisa-bir-giris\/","title":{"rendered":"Veba &#8211; K\u0131sa Bir Giri\u015f"},"content":{"rendered":"<p>\u201cVeba tarihi kitaplar\u0131 bize salg\u0131nlar\u0131n ortaya \u00e7\u0131kmas\u0131nda ve onlara verilen tepkilerde k\u00fclt\u00fcrlerin ve kurumlar\u0131n, ba\u011flamlar\u0131n ve etkenlerin \u00f6nemini anlat\u0131r. \u0130nsanlar\u0131n d\u00fc\u015f\u00fcnce ve ya\u015fam tarzlar\u0131n\u0131n, ula\u015fabildikleri bilgi t\u00fcrlerinin ve benimsedikleri davran\u0131\u015f bi\u00e7imlerinin (ka\u00e7mak, m\u00fccadele etmek ya da d\u00fcped\u00fcz kaderci davranmak) fark yaratt\u0131\u011f\u0131n\u0131 g\u00f6sterir. Fakat bir salg\u0131n\u0131n ba\u015flamas\u0131ndan sonra ac\u0131s\u0131z zafer ihtimalini vaat etmezler.\u201d Oxford \u00dcniversitesi\u2019nin cep kitaplar\u0131 serisinden yay\u0131mlanan bu kitapta Paul Slack bizleri ne yaz\u0131k ki h\u00e2l\u00e2 sonlanmam\u0131\u015f bir k\u00fcresel yolculu\u011fa \u00e7\u0131kar\u0131yor. Bu yolculukta 1347\u2019de ba\u015flay\u0131p Avrupa\u2019y\u0131 b\u00fcy\u00fck bir k\u0131r\u0131ma u\u011fratarak \u00c7in ve Hindistan\u2019a dek uzanan B\u00fcy\u00fck Veba Salg\u0131n\u0131 \u201cKara \u00d6l\u00fcm\u201dden 1665\u2019teki B\u00fcy\u00fck Londra Salg\u0131n\u0131\u2019na, bahsi ge\u00e7en tarihlerin \u00f6ncesinde kar\u015f\u0131m\u0131za \u00e7\u0131kmaya ba\u015flay\u0131p g\u00fcn\u00fcm\u00fcze dek uzanan b\u00fcy\u00fck \u00f6l\u00fcmc\u00fcl felaketlere tan\u0131k oluyoruz. Veban\u0131n, pen\u00e7esine d\u00fc\u015fen insanlar a\u00e7\u0131s\u0131ndan ne anlama geldi\u011fini ara\u015ft\u0131ran yazar, b\u00fcy\u00fck salg\u0131nlar\u0131n do\u011furdu\u011fu krizlerde insanlar\u0131n \u00f6l\u00fcmle ve hastal\u0131kla nas\u0131l ba\u015f ettiklerini oda\u011f\u0131na al\u0131yor. Devletlerin onunla sava\u015fa nas\u0131l ba\u015flad\u0131\u011f\u0131n\u0131 ara\u015ft\u0131r\u0131yor, bu illetin modern halk sa\u011fl\u0131\u011f\u0131 yakla\u015f\u0131m\u0131n\u0131 nas\u0131l etkileyip tarihimizi nas\u0131l \u015fekillendirdi\u011fini ortaya koyuyor. Veban\u0131n tarihte y\u00fczy\u0131llar boyunca yaratt\u0131\u011f\u0131 etkinin izini s\u00fcrerek onun yorumlanma bi\u00e7imlerine, sanatta ve edebiyatta do\u011furdu\u011fu g\u00fc\u00e7l\u00fc imgelere \u00f6zellikle dikkat \u00e7ekiyor. Ortaya \u00e7\u0131kan salg\u0131n tablosu, yak\u0131n zamanda ya\u015fanan COVID-19 pandemisine bak\u0131\u015f a\u00e7\u0131s\u0131ndan okurlara derin bir tarihsel perspektif sunuyor. <\/p>\n","protected":false},"excerpt":{"rendered":"<p>\u201cVeba tarihi kitaplar\u0131 bize salg\u0131nlar\u0131n ortaya \u00e7\u0131kmas\u0131nda ve onlara verilen tepkilerde k\u00fclt\u00fcrlerin ve kurumlar\u0131n, ba\u011flamlar\u0131n ve etkenlerin \u00f6nemini anlat\u0131r. \u0130nsanlar\u0131n d\u00fc\u015f\u00fcnce ve ya\u015fam tarzlar\u0131n\u0131n, ula\u015fabildikleri bilgi<span class=\"excerpt-hellip\"> [\u2026]<\/span><\/p>\n","protected":false},"featured_media":0,"template":"","meta":{"_monsterinsights_skip_tracking":false,"_monsterinsights_sitenote_active":false,"_monsterinsights_sitenote_note":"","_monsterinsights_sitenote_category":0},"product_brand":[],"product_cat":[13005,38128],"product_tag":[],"class_list":{"0":"post-752029","1":"product","2":"type-product","3":"status-publish","5":"product_cat-bilim-muhendislik","6":"product_cat-tip-bilimleri","7":"pa_cilt-ciltsiz","8":"pa_tur-kitap","9":"pa_yayinevi-is-bankasi-kultur-yayinlari","10":"pa_yazar-paul-slack","12":"first","13":"instock","14":"sale","15":"shipping-taxable","16":"purchasable","17":"product-type-simple"},"_links":{"self":[{"href":"https:\/\/roveyayinevi.com.tr\/index.php\/wp-json\/wp\/v2\/product\/752029","targetHints":{"allow":["GET"]}}],"collection":[{"href":"https:\/\/roveyayinevi.com.tr\/index.php\/wp-json\/wp\/v2\/product"}],"about":[{"href":"https:\/\/roveyayinevi.com.tr\/index.php\/wp-json\/wp\/v2\/types\/product"}],"wp:attachment":[{"href":"https:\/\/roveyayinevi.com.tr\/index.php\/wp-json\/wp\/v2\/media?parent=752029"}],"wp:term":[{"taxonomy":"product_brand","embeddable":true,"href":"https:\/\/roveyayinevi.com.tr\/index.php\/wp-json\/wp\/v2\/product_brand?post=752029"},{"taxonomy":"product_cat","embeddable":true,"href":"https:\/\/roveyayinevi.com.tr\/index.php\/wp-json\/wp\/v2\/product_cat?post=752029"},{"taxonomy":"product_tag","embeddable":true,"href":"https:\/\/roveyayinevi.com.tr\/index.php\/wp-json\/wp\/v2\/product_tag?post=752029"}],"curies":[{"name":"wp","href":"https:\/\/api.w.org\/{rel}","templated":true}]}}