{"id":752022,"date":"2025-08-28T05:04:33","date_gmt":"2025-08-28T02:04:33","guid":{"rendered":"https:\/\/roveyayinevi.com.tr\/index.php\/urun\/haz-ilkesinin-otesinde\/"},"modified":"2026-04-16T03:05:31","modified_gmt":"2026-04-16T00:05:31","slug":"haz-ilkesinin-otesinde","status":"publish","type":"product","link":"https:\/\/roveyayinevi.com.tr\/index.php\/urun\/haz-ilkesinin-otesinde\/","title":{"rendered":"Haz \u0130lkesinin \u00d6tesinde"},"content":{"rendered":"<p>\u201cHaz ilkesini kurarak belirli, tarihsel olarak sabit bir felsefi sisteme ne \u00f6l\u00e7\u00fcde yakla\u015ft\u0131\u011f\u0131m\u0131z\u0131 veya kat\u0131ld\u0131\u011f\u0131m\u0131z\u0131 incelemeyece\u011fiz. Alan\u0131m\u0131zdaki g\u00fcnl\u00fck g\u00f6zlem olgular\u0131n\u0131 tan\u0131mlama ve a\u00e7\u0131klama \u00e7abas\u0131 i\u00e7inde bu t\u00fcr spek\u00fclatif varsay\u0131mlara ula\u015f\u0131yoruz. Psikanalitik \u00e7al\u0131\u015fma i\u00e7in belirlenen hedefler aras\u0131nda \u00f6ncelik ve orijinallik yoktur ve bu ilkenin kurulmas\u0131n\u0131n alt\u0131nda yatan izlenimler o kadar a\u00e7\u0131kt\u0131r ki, bunlar\u0131 g\u00f6zden ka\u00e7\u0131rmak pek m\u00fcmk\u00fcn de\u011fildir.\u201d   Freud\u2019un bu \u00f6zel eserinde haz ve ac\u0131 kavramlar\u0131na psikanalitik yakla\u015f\u0131mla ilgili detaylar bulacak, hazz\u0131n ve ac\u0131n\u0131n k\u00f6kenine ineceksiniz. \u00d6l\u00fcml\u00fcl\u00fck, hayat ve di\u011fer felsefi konular\u0131 psikolojik alt katmanlar\u0131ndan yakalama \u015fans\u0131 edinece\u011finiz eseri sizler ile bulu\u015fturmaktan mutluluk duyuyoruz. <\/p>\n","protected":false},"excerpt":{"rendered":"<p>\u201cHaz ilkesini kurarak belirli, tarihsel olarak sabit bir felsefi sisteme ne \u00f6l\u00e7\u00fcde yakla\u015ft\u0131\u011f\u0131m\u0131z\u0131 veya kat\u0131ld\u0131\u011f\u0131m\u0131z\u0131 incelemeyece\u011fiz. Alan\u0131m\u0131zdaki g\u00fcnl\u00fck g\u00f6zlem olgular\u0131n\u0131 tan\u0131mlama ve a\u00e7\u0131klama \u00e7abas\u0131 i\u00e7inde bu<span class=\"excerpt-hellip\"> [\u2026]<\/span><\/p>\n","protected":false},"featured_media":0,"template":"","meta":{"_monsterinsights_skip_tracking":false,"_monsterinsights_sitenote_active":false,"_monsterinsights_sitenote_note":"","_monsterinsights_sitenote_category":0},"product_brand":[],"product_cat":[12388],"product_tag":[],"class_list":{"0":"post-752022","1":"product","2":"type-product","3":"status-publish","5":"product_cat-felsefe","6":"pa_cilt-ciltsiz","7":"pa_tur-kitap","8":"pa_yayinevi-kirmizi-ada-yayinlari","9":"pa_yazar-sigmund-freud","11":"first","12":"instock","13":"sale","14":"shipping-taxable","15":"purchasable","16":"product-type-simple"},"_links":{"self":[{"href":"https:\/\/roveyayinevi.com.tr\/index.php\/wp-json\/wp\/v2\/product\/752022","targetHints":{"allow":["GET"]}}],"collection":[{"href":"https:\/\/roveyayinevi.com.tr\/index.php\/wp-json\/wp\/v2\/product"}],"about":[{"href":"https:\/\/roveyayinevi.com.tr\/index.php\/wp-json\/wp\/v2\/types\/product"}],"wp:attachment":[{"href":"https:\/\/roveyayinevi.com.tr\/index.php\/wp-json\/wp\/v2\/media?parent=752022"}],"wp:term":[{"taxonomy":"product_brand","embeddable":true,"href":"https:\/\/roveyayinevi.com.tr\/index.php\/wp-json\/wp\/v2\/product_brand?post=752022"},{"taxonomy":"product_cat","embeddable":true,"href":"https:\/\/roveyayinevi.com.tr\/index.php\/wp-json\/wp\/v2\/product_cat?post=752022"},{"taxonomy":"product_tag","embeddable":true,"href":"https:\/\/roveyayinevi.com.tr\/index.php\/wp-json\/wp\/v2\/product_tag?post=752022"}],"curies":[{"name":"wp","href":"https:\/\/api.w.org\/{rel}","templated":true}]}}