{"id":751995,"date":"2025-08-28T05:03:51","date_gmt":"2025-08-28T02:03:51","guid":{"rendered":"https:\/\/roveyayinevi.com.tr\/index.php\/urun\/kendin-gibi\/"},"modified":"2026-04-16T03:05:30","modified_gmt":"2026-04-16T00:05:30","slug":"kendin-gibi","status":"publish","type":"product","link":"https:\/\/roveyayinevi.com.tr\/index.php\/urun\/kendin-gibi\/","title":{"rendered":"Kendin Gibi"},"content":{"rendered":"<p>Hi\u00e7bir \u015feyi ba\u015faramad\u0131\u011f\u0131n\u0131 d\u00fc\u015f\u00fcnd\u00fc\u011f\u00fcn zamanlar oluyor mu? Herkesin senden daha iyi oldu\u011funu d\u00fc\u015f\u00fcnd\u00fc\u011f\u00fcn zamanlar?.. Peki herkes her \u015feyi \u00e7ok iyi mi yap\u0131yor dersin? Hepimizin kendine \u00f6zg\u00fc yetenekleri oldu\u011funu, kusur sand\u0131\u011f\u0131m\u0131z \u015feylerin bazen avantaja d\u00f6n\u00fc\u015febilece\u011fini, \u201cen iyi\u201d olmak zorunda olmad\u0131\u011f\u0131m\u0131z\u0131, hayvanlar \u00e2leminden \u00f6rneklerle tatl\u0131 tatl\u0131 okumak sana \u00e7ok iyi gelecek.   G\u00f6k\u00e7e \u0130rten\u2019in s\u0131cac\u0131k renkleri, seni kendin gibi olman\u0131n mutlu d\u00fcnyas\u0131na g\u00f6t\u00fcrecek. <\/p>\n","protected":false},"excerpt":{"rendered":"<p>Hi\u00e7bir \u015feyi ba\u015faramad\u0131\u011f\u0131n\u0131 d\u00fc\u015f\u00fcnd\u00fc\u011f\u00fcn zamanlar oluyor mu? Herkesin senden daha iyi oldu\u011funu d\u00fc\u015f\u00fcnd\u00fc\u011f\u00fcn zamanlar?.. Peki herkes her \u015feyi \u00e7ok iyi mi yap\u0131yor dersin? Hepimizin kendine \u00f6zg\u00fc<span class=\"excerpt-hellip\"> [\u2026]<\/span><\/p>\n","protected":false},"featured_media":0,"template":"","meta":{"_monsterinsights_skip_tracking":false,"_monsterinsights_sitenote_active":false,"_monsterinsights_sitenote_note":"","_monsterinsights_sitenote_category":0},"product_brand":[],"product_cat":[12274,15842],"product_tag":[],"class_list":{"0":"post-751995","1":"product","2":"type-product","3":"status-publish","5":"product_cat-cocuk-ve-genclik-kitaplari","6":"product_cat-egitici-kitaplar","7":"pa_cilt-ciltsiz","8":"pa_tur-kitap","9":"pa_yayinevi-dogan-cocuk","10":"pa_yazar-gokce-irten","12":"first","13":"instock","14":"sale","15":"shipping-taxable","16":"purchasable","17":"product-type-simple"},"_links":{"self":[{"href":"https:\/\/roveyayinevi.com.tr\/index.php\/wp-json\/wp\/v2\/product\/751995","targetHints":{"allow":["GET"]}}],"collection":[{"href":"https:\/\/roveyayinevi.com.tr\/index.php\/wp-json\/wp\/v2\/product"}],"about":[{"href":"https:\/\/roveyayinevi.com.tr\/index.php\/wp-json\/wp\/v2\/types\/product"}],"wp:attachment":[{"href":"https:\/\/roveyayinevi.com.tr\/index.php\/wp-json\/wp\/v2\/media?parent=751995"}],"wp:term":[{"taxonomy":"product_brand","embeddable":true,"href":"https:\/\/roveyayinevi.com.tr\/index.php\/wp-json\/wp\/v2\/product_brand?post=751995"},{"taxonomy":"product_cat","embeddable":true,"href":"https:\/\/roveyayinevi.com.tr\/index.php\/wp-json\/wp\/v2\/product_cat?post=751995"},{"taxonomy":"product_tag","embeddable":true,"href":"https:\/\/roveyayinevi.com.tr\/index.php\/wp-json\/wp\/v2\/product_tag?post=751995"}],"curies":[{"name":"wp","href":"https:\/\/api.w.org\/{rel}","templated":true}]}}