{"id":751987,"date":"2025-08-28T05:03:42","date_gmt":"2025-08-28T02:03:42","guid":{"rendered":"https:\/\/roveyayinevi.com.tr\/index.php\/urun\/aski-yeniden-icat-etmek\/"},"modified":"2026-04-16T03:05:30","modified_gmt":"2026-04-16T00:05:30","slug":"aski-yeniden-icat-etmek","status":"publish","type":"product","link":"https:\/\/roveyayinevi.com.tr\/index.php\/urun\/aski-yeniden-icat-etmek\/","title":{"rendered":"As\u0327k\u0131 Yeniden I\u0307cat Etmek"},"content":{"rendered":"<p>As\u0327k\u0131 bize sunulandan farkl\u0131 bir bic\u0327imde tasavvur edebilir miyiz? Daha gu\u0308c\u0327lu\u0308, daha tatmin edici, daha es\u0327it bir as\u0327k&#8230; Televizyon dizileri, filmler, romanlar, gu\u0308ndelik hayat\u0131n go\u0308ru\u0308nmez kodlar\u0131 kad\u0131nlar\u0131n susmas\u0131n\u0131 ve as\u0327kta mutlulug\u0306u yakalamak ic\u0327in kendileri ile sevgilileri aras\u0131nda bir sec\u0327im yapmalar\u0131 gerektig\u0306ini o\u0308g\u0306u\u0308tlu\u0308yor. Erkek her s\u0327eye hakk\u0131 olan, kad\u0131n ise fedaka\u0302rca kendini adamas\u0131 gereken taraf olarak kabul ediliyor. Sadakat ve tekes\u0327lilig\u0306e deg\u0306er yu\u0308kleyen toplumsal kaideler bazen kad\u0131n k\u0131r\u0131m\u0131n\u0131n yolunu ac\u0327abiliyor; bu olmad\u0131g\u0306\u0131nda bile kad\u0131n ic\u0327in y\u0131k\u0131c\u0131, y\u0131prat\u0131c\u0131 ve tu\u0308ketici oluyor. Tahakku\u0308mu\u0308n go\u0308ru\u0308nu\u0308r ve go\u0308ru\u0308nmez bin bir c\u0327es\u0327idi hayat\u0131m\u0131z\u0131 esir almaya devam ediyor. Mona Chollet, As\u0327k\u0131 Yeniden I\u0307cat Etmek\u2019te patriyarkan\u0131n heteroseksu\u0308el ilis\u0327kileri nas\u0131l manipu\u0308le ettig\u0306ini, hem kad\u0131nlar\u0131 hem de erkekleri kos\u0327ulland\u0131rd\u0131g\u0306\u0131n\u0131, as\u0327k\u0131 ve arzuyu yas\u0327amam\u0131za engel oldug\u0306unu anlat\u0131yor. Kad\u0131n-erkek ilis\u0327kisinin hakiki ve es\u0327it bir ilis\u0327kiye do\u0308nu\u0308s\u0327ebilmesi ic\u0327in o\u0308ncelikle kad\u0131nlar\u0131n kendi seslerini bulmas\u0131 gerektig\u0306ini so\u0308ylu\u0308yor. As\u0327k\u0131 Yeniden I\u0307cat Etmek, hem eles\u0327tirel u\u0308slubuyla hem de yu\u0308reklendirici bak\u0131s\u0327 ac\u0327\u0131s\u0131yla as\u0327k\u0131n gu\u0308cu\u0308ne duyulan inanc\u0131n manifestosu a\u0302deta. \u201cKad\u0131nlar\u0131n kimliklerine, k\u0131ymetlerine dair c\u0327ok gu\u0308c\u0327lu\u0308 ve sag\u0306lam hisleri olmas\u0131, her alandaki egemenliklerinden emin olmalar\u0131 gerekir. I\u0307s\u0327te tu\u0308m bu o\u0308geler kad\u0131nlar\u0131n sahip olmakta c\u0327ok az s\u0327ansl\u0131 olduklar\u0131 noktalar; ama onlar\u0131 beslemeye kararl\u0131 olmak da bizim elimizde.\u201d<\/p>\n","protected":false},"excerpt":{"rendered":"<p>As\u0327k\u0131 bize sunulandan farkl\u0131 bir bic\u0327imde tasavvur edebilir miyiz? Daha gu\u0308c\u0327lu\u0308, daha tatmin edici, daha es\u0327it bir as\u0327k&#8230; Televizyon dizileri, filmler, romanlar, gu\u0308ndelik hayat\u0131n go\u0308ru\u0308nmez kodlar\u0131<span class=\"excerpt-hellip\"> [\u2026]<\/span><\/p>\n","protected":false},"featured_media":0,"template":"","meta":{"_monsterinsights_skip_tracking":false,"_monsterinsights_sitenote_active":false,"_monsterinsights_sitenote_note":"","_monsterinsights_sitenote_category":0},"product_brand":[],"product_cat":[26396,13488],"product_tag":[],"class_list":{"0":"post-751987","1":"product","2":"type-product","3":"status-publish","5":"product_cat-kadin-erkek-iliskileri","6":"product_cat-toplum-ve-insan","7":"pa_cilt-ciltsiz","8":"pa_tur-kitap","9":"pa_yayinevi-iletisim-yayinlari","10":"pa_yazar-mona-chollet","12":"first","13":"instock","14":"sale","15":"shipping-taxable","16":"purchasable","17":"product-type-simple"},"_links":{"self":[{"href":"https:\/\/roveyayinevi.com.tr\/index.php\/wp-json\/wp\/v2\/product\/751987","targetHints":{"allow":["GET"]}}],"collection":[{"href":"https:\/\/roveyayinevi.com.tr\/index.php\/wp-json\/wp\/v2\/product"}],"about":[{"href":"https:\/\/roveyayinevi.com.tr\/index.php\/wp-json\/wp\/v2\/types\/product"}],"wp:attachment":[{"href":"https:\/\/roveyayinevi.com.tr\/index.php\/wp-json\/wp\/v2\/media?parent=751987"}],"wp:term":[{"taxonomy":"product_brand","embeddable":true,"href":"https:\/\/roveyayinevi.com.tr\/index.php\/wp-json\/wp\/v2\/product_brand?post=751987"},{"taxonomy":"product_cat","embeddable":true,"href":"https:\/\/roveyayinevi.com.tr\/index.php\/wp-json\/wp\/v2\/product_cat?post=751987"},{"taxonomy":"product_tag","embeddable":true,"href":"https:\/\/roveyayinevi.com.tr\/index.php\/wp-json\/wp\/v2\/product_tag?post=751987"}],"curies":[{"name":"wp","href":"https:\/\/api.w.org\/{rel}","templated":true}]}}