{"id":751980,"date":"2025-08-28T05:03:30","date_gmt":"2025-08-28T02:03:30","guid":{"rendered":"https:\/\/roveyayinevi.com.tr\/index.php\/urun\/kayadaki-kurt\/"},"modified":"2026-04-16T03:05:30","modified_gmt":"2026-04-16T00:05:30","slug":"kayadaki-kurt","status":"publish","type":"product","link":"https:\/\/roveyayinevi.com.tr\/index.php\/urun\/kayadaki-kurt\/","title":{"rendered":"Kayadaki Kurt"},"content":{"rendered":"<p>Kayadaki Kurt, T\u00fcrklerin \u201cErgenekon\u2019dan \u00c7\u0131k\u0131\u015f\u201d destan\u0131n\u0131n roman\u0131d\u0131r. T\u00fcrk beylerinin birbirine d\u00fc\u015fmeleri, taht kavgalar\u0131, \u00c7inlilerin hileleri milletimizi zay\u0131f d\u00fc\u015f\u00fcr\u00fcr. Yenilirler, canlar\u0131ndan ve yurtlar\u0131ndan olurlar. Sa\u011f kalanlar, s\u0131\u011f\u0131nd\u0131klar\u0131 \u201cErgenekon\u201d ad\u0131n\u0131 verdikleri co\u011frafyada y\u00fczy\u0131llarca ya\u015farlar. Y\u00fcz bin askerli ordu olurlar. Demir da\u011flar\u0131 eriterek, B\u00f6rte\u00e7ene adl\u0131 bir bozkurdun izinde Ergenekon\u2019dan \u00e7\u0131karlar ve tekrar tarih sahnesindeki yerlerini al\u0131rlar. Tarihimize g\u00f6z att\u0131\u011f\u0131m\u0131zda; Mete Han\u2019\u0131n, Alparslan\u2019\u0131n, Osman Bey\u2019in, Fatih Sultan Mehmet\u2019in, Atat\u00fcrk\u2019\u00fcn de birer \u201cB\u00f6rte\u00e7ene\u201d oldu\u011funu g\u00f6r\u00fcr\u00fcz. <\/p>\n","protected":false},"excerpt":{"rendered":"<p>Kayadaki Kurt, T\u00fcrklerin \u201cErgenekon\u2019dan \u00c7\u0131k\u0131\u015f\u201d destan\u0131n\u0131n roman\u0131d\u0131r. T\u00fcrk beylerinin birbirine d\u00fc\u015fmeleri, taht kavgalar\u0131, \u00c7inlilerin hileleri milletimizi zay\u0131f d\u00fc\u015f\u00fcr\u00fcr. Yenilirler, canlar\u0131ndan ve yurtlar\u0131ndan olurlar. Sa\u011f kalanlar, s\u0131\u011f\u0131nd\u0131klar\u0131<span class=\"excerpt-hellip\"> [\u2026]<\/span><\/p>\n","protected":false},"featured_media":0,"template":"","meta":{"_monsterinsights_skip_tracking":false,"_monsterinsights_sitenote_active":false,"_monsterinsights_sitenote_note":"","_monsterinsights_sitenote_category":0},"product_brand":[],"product_cat":[12291,13706],"product_tag":[],"class_list":{"0":"post-751980","1":"product","2":"type-product","3":"status-publish","5":"product_cat-edebiyat","6":"product_cat-efsane-destan-masal","7":"pa_cilt-ciltsiz","8":"pa_tur-kitap","9":"pa_yayinevi-cinaralti-yayinlari","10":"pa_yazar-hasan-kallimci","12":"first","13":"instock","14":"sale","15":"shipping-taxable","16":"purchasable","17":"product-type-simple"},"_links":{"self":[{"href":"https:\/\/roveyayinevi.com.tr\/index.php\/wp-json\/wp\/v2\/product\/751980","targetHints":{"allow":["GET"]}}],"collection":[{"href":"https:\/\/roveyayinevi.com.tr\/index.php\/wp-json\/wp\/v2\/product"}],"about":[{"href":"https:\/\/roveyayinevi.com.tr\/index.php\/wp-json\/wp\/v2\/types\/product"}],"wp:attachment":[{"href":"https:\/\/roveyayinevi.com.tr\/index.php\/wp-json\/wp\/v2\/media?parent=751980"}],"wp:term":[{"taxonomy":"product_brand","embeddable":true,"href":"https:\/\/roveyayinevi.com.tr\/index.php\/wp-json\/wp\/v2\/product_brand?post=751980"},{"taxonomy":"product_cat","embeddable":true,"href":"https:\/\/roveyayinevi.com.tr\/index.php\/wp-json\/wp\/v2\/product_cat?post=751980"},{"taxonomy":"product_tag","embeddable":true,"href":"https:\/\/roveyayinevi.com.tr\/index.php\/wp-json\/wp\/v2\/product_tag?post=751980"}],"curies":[{"name":"wp","href":"https:\/\/api.w.org\/{rel}","templated":true}]}}