{"id":751971,"date":"2025-08-28T05:03:19","date_gmt":"2025-08-28T02:03:19","guid":{"rendered":"https:\/\/roveyayinevi.com.tr\/index.php\/urun\/spor-bilimlerine-kuramsal-bakis-iv\/"},"modified":"2026-04-16T03:05:30","modified_gmt":"2026-04-16T00:05:30","slug":"spor-bilimlerine-kuramsal-bakis-iv","status":"publish","type":"product","link":"https:\/\/roveyayinevi.com.tr\/index.php\/urun\/spor-bilimlerine-kuramsal-bakis-iv\/","title":{"rendered":"Spor Bilimlerine Kuramsal Bak\u0131\u015f IV"},"content":{"rendered":"<p>\u0130\u00e7indekiler   1. B\u00d6L\u00dcM GELENEKSEL DEVE G\u00dcRE\u015eLER\u0130N\u0130 YA\u015eATAN HAVUT\u00c7U USTALARINDAN K\u00c2ZIM \u00d6ZHAVUT\u00c7U   2. B\u00d6L\u00dcM SOSYAL MEDYA KULLANIMI VE SPORCULARIN PS\u0130KOLOJ\u0130K \u0130Y\u0130 OLU\u015eU   3. B\u00d6L\u00dcM \u00d6\u011eRETMEN ADAYLARININ AKADEM\u0130K \u00d6ZYETERL\u0130K, PS\u0130KOLOJ\u0130K SA\u011eLAMLIK VE \u00d6\u011eRETMENL\u0130K MESLE\u011e\u0130NE Y\u00d6NEL\u0130K TUTUMLARI ARASINDAK\u0130 \u0130L\u0130\u015eK\u0130   4. B\u00d6L\u00dcM SPOR PS\u0130KOLOJ\u0130S\u0130N\u0130N TAR\u0130HSEL GEL\u0130\u015e\u0130M\u0130   5. B\u00d6L\u00dcM SPOR Y\u00d6NET\u0130C\u0130S\u0130 ADAYLARINDA \u00d6ZG\u00dcVEN\u0130N B\u0130REYSEL G\u0130R\u0130\u015e\u0130MC\u0130L\u0130KLE I\u0307L\u0130S\u0327K\u0130S\u0130   6. B\u00d6L\u00dcM FUTBOL \u00d6RG\u00dcTLER\u0130NDE \u0130LET\u0130\u015e\u0130M\u0130N \u00d6NEM\u0130   7. B\u00d6L\u00dcM SPOR TAKIMLARINDA TOKS\u0130K L\u0130DERL\u0130K VE TAKIM K\u00dcLT\u00dcR\u00dc <\/p>\n","protected":false},"excerpt":{"rendered":"<p>\u0130\u00e7indekiler 1. B\u00d6L\u00dcM GELENEKSEL DEVE G\u00dcRE\u015eLER\u0130N\u0130 YA\u015eATAN HAVUT\u00c7U USTALARINDAN K\u00c2ZIM \u00d6ZHAVUT\u00c7U 2. B\u00d6L\u00dcM SOSYAL MEDYA KULLANIMI VE SPORCULARIN PS\u0130KOLOJ\u0130K \u0130Y\u0130 OLU\u015eU 3. B\u00d6L\u00dcM \u00d6\u011eRETMEN ADAYLARININ AKADEM\u0130K<span class=\"excerpt-hellip\"> [\u2026]<\/span><\/p>\n","protected":false},"featured_media":0,"template":"","meta":{"_monsterinsights_skip_tracking":false,"_monsterinsights_sitenote_active":false,"_monsterinsights_sitenote_note":"","_monsterinsights_sitenote_category":0},"product_brand":[],"product_cat":[15563,15564],"product_tag":[],"class_list":{"0":"post-751971","1":"product","2":"type-product","3":"status-publish","5":"product_cat-hobi","6":"product_cat-spor","7":"pa_cilt-ciltsiz","8":"pa_tur-kitap","9":"pa_yayinevi-gazi-kitabevi","10":"pa_yazar-kolektif","12":"first","13":"instock","14":"sale","15":"shipping-taxable","16":"purchasable","17":"product-type-simple"},"_links":{"self":[{"href":"https:\/\/roveyayinevi.com.tr\/index.php\/wp-json\/wp\/v2\/product\/751971","targetHints":{"allow":["GET"]}}],"collection":[{"href":"https:\/\/roveyayinevi.com.tr\/index.php\/wp-json\/wp\/v2\/product"}],"about":[{"href":"https:\/\/roveyayinevi.com.tr\/index.php\/wp-json\/wp\/v2\/types\/product"}],"wp:attachment":[{"href":"https:\/\/roveyayinevi.com.tr\/index.php\/wp-json\/wp\/v2\/media?parent=751971"}],"wp:term":[{"taxonomy":"product_brand","embeddable":true,"href":"https:\/\/roveyayinevi.com.tr\/index.php\/wp-json\/wp\/v2\/product_brand?post=751971"},{"taxonomy":"product_cat","embeddable":true,"href":"https:\/\/roveyayinevi.com.tr\/index.php\/wp-json\/wp\/v2\/product_cat?post=751971"},{"taxonomy":"product_tag","embeddable":true,"href":"https:\/\/roveyayinevi.com.tr\/index.php\/wp-json\/wp\/v2\/product_tag?post=751971"}],"curies":[{"name":"wp","href":"https:\/\/api.w.org\/{rel}","templated":true}]}}