{"id":751961,"date":"2025-08-28T05:03:04","date_gmt":"2025-08-28T02:03:04","guid":{"rendered":"https:\/\/roveyayinevi.com.tr\/index.php\/urun\/col-ya-da-cubeyr-veli-el-mamminin-hayati-ve-maceralari\/"},"modified":"2026-04-03T03:07:18","modified_gmt":"2026-04-03T00:07:18","slug":"col-ya-da-cubeyr-veli-el-mamminin-hayati-ve-maceralari","status":"publish","type":"product","link":"https:\/\/roveyayinevi.com.tr\/index.php\/urun\/col-ya-da-cubeyr-veli-el-mamminin-hayati-ve-maceralari\/","title":{"rendered":"\u00c7\u00f6l ya da C\u00fcbeyr Veli El-Mammi&#8217;nin Hayat\u0131 ve Maceralar\u0131"},"content":{"rendered":"<p>Frans\u0131z Akademisi Frankofoni \u00d6d\u00fcll\u00fc Albert Memmi \u00c7\u00f6l&#8217;de, at\u0131n\u0131 sava\u015f\u0131n kalbine do\u011fru d\u00f6rtnala s\u00fcren y\u00fcre\u011fi b\u00fcy\u00fck, tevazusu engin s\u00fcrg\u00fcn bir prensin buruk hik\u00e2yesini anlat\u0131yor. Yenilmez denen komutanlar\u0131n bozgunlar\u0131na, \u015fatafatl\u0131 saraylar\u0131n harabelere d\u00f6n\u00fc\u015f\u00fcne \u015fahit olan; a\u015fk\u0131n y\u00fcrekte bir kora d\u00f6n\u00fc\u015ft\u00fc\u011f\u00fc, sava\u015f yaralar\u0131n\u0131nsa onulmaz bir kinle yo\u011furuldu\u011fu topraklarda k\u00f6k salamaman\u0131n s\u0131z\u0131s\u0131n\u0131 usul usul f\u0131s\u0131ld\u0131yor: &#8220;Haydi, bir kere daha d\u00fc\u015f yollara&#8230;&#8221;Yahudi-Arap kimliklerinin kurucu unsur oldu\u011fu Ma\u011frip&#8217;in efsunlu tarihinden meseller, k\u0131ssalar ve hurafelerle ilmek ilmek i\u015flenmi\u015f \u00c7\u00f6l, bilinmez yollara d\u00fc\u015fen yersiz yurtsuzlara sessiz bir a\u011f\u0131t, yeniden ba\u015flamay\u0131 mu\u015ftulayan bir ba\u015fka macera&#8230;<\/p>\n","protected":false},"excerpt":{"rendered":"<p>Frans\u0131z Akademisi Frankofoni \u00d6d\u00fcll\u00fc Albert Memmi \u00c7\u00f6l&#8217;de, at\u0131n\u0131 sava\u015f\u0131n kalbine do\u011fru d\u00f6rtnala s\u00fcren y\u00fcre\u011fi b\u00fcy\u00fck, tevazusu engin s\u00fcrg\u00fcn bir prensin buruk hik\u00e2yesini anlat\u0131yor. Yenilmez denen komutanlar\u0131n<span class=\"excerpt-hellip\"> [\u2026]<\/span><\/p>\n","protected":false},"featured_media":0,"template":"","meta":{"_monsterinsights_skip_tracking":false,"_monsterinsights_sitenote_active":false,"_monsterinsights_sitenote_note":"","_monsterinsights_sitenote_category":0},"product_brand":[],"product_cat":[12291,12711],"product_tag":[],"class_list":{"0":"post-751961","1":"product","2":"type-product","3":"status-publish","5":"product_cat-edebiyat","6":"product_cat-roman-oyku","7":"pa_cilt-ciltsiz","8":"pa_tur-kitap","9":"pa_yayinevi-sel-yayincilik","10":"pa_yazar-albert-memmi","12":"first","13":"instock","14":"sale","15":"shipping-taxable","16":"purchasable","17":"product-type-simple"},"_links":{"self":[{"href":"https:\/\/roveyayinevi.com.tr\/index.php\/wp-json\/wp\/v2\/product\/751961","targetHints":{"allow":["GET"]}}],"collection":[{"href":"https:\/\/roveyayinevi.com.tr\/index.php\/wp-json\/wp\/v2\/product"}],"about":[{"href":"https:\/\/roveyayinevi.com.tr\/index.php\/wp-json\/wp\/v2\/types\/product"}],"wp:attachment":[{"href":"https:\/\/roveyayinevi.com.tr\/index.php\/wp-json\/wp\/v2\/media?parent=751961"}],"wp:term":[{"taxonomy":"product_brand","embeddable":true,"href":"https:\/\/roveyayinevi.com.tr\/index.php\/wp-json\/wp\/v2\/product_brand?post=751961"},{"taxonomy":"product_cat","embeddable":true,"href":"https:\/\/roveyayinevi.com.tr\/index.php\/wp-json\/wp\/v2\/product_cat?post=751961"},{"taxonomy":"product_tag","embeddable":true,"href":"https:\/\/roveyayinevi.com.tr\/index.php\/wp-json\/wp\/v2\/product_tag?post=751961"}],"curies":[{"name":"wp","href":"https:\/\/api.w.org\/{rel}","templated":true}]}}