{"id":751955,"date":"2025-08-28T05:02:55","date_gmt":"2025-08-28T02:02:55","guid":{"rendered":"https:\/\/roveyayinevi.com.tr\/index.php\/urun\/hiclige-acilan-pencere\/"},"modified":"2026-04-16T03:05:29","modified_gmt":"2026-04-16T00:05:29","slug":"hiclige-acilan-pencere","status":"publish","type":"product","link":"https:\/\/roveyayinevi.com.tr\/index.php\/urun\/hiclige-acilan-pencere\/","title":{"rendered":"Hi\u00e7li\u011fe A\u00e7\u0131lan Pencere"},"content":{"rendered":"<p>Kendini &#8220;ihtimal fanati\u011fi&#8221; olarak tan\u0131mlayan E. M. Cioran, s\u00fcrg\u00fcn ya\u015fam\u0131n\u0131n do\u011furdu\u011fu azaba \u00e7are i\u015flevi g\u00f6ren kalemini saplant\u0131lar\u0131n\u0131 yat\u0131\u015ft\u0131rmak ve h\u0131nc\u0131n\u0131 dindirmek i\u00e7in oynat\u0131r. Politik g\u00f6r\u00fc\u015flerini a\u015f\u0131nd\u0131ran sava\u015f sonlanm\u0131\u015fken, yenilgiden ibaret g\u00f6rd\u00fc\u011f\u00fc kaderinin yaratt\u0131\u011f\u0131 buhran\u0131n ana motifleri Cioran k\u00fclliyat\u0131nda yeni yeni belirmeye ba\u015flar.30&#8217;lu ya\u015flar\u0131n\u0131n keskin viraj\u0131nda yeni bir yol tutmaya, k\u00f6ks\u00fczl\u00fck yoluna girmeye kendini mecbur g\u00f6rd\u00fc\u011f\u00fc, felsefi &#8220;kabiliyetinin&#8221; sinik ve ku\u015fkucu bir pus i\u00e7inde buhar olup u\u00e7tu\u011fu d\u00f6nemde, Paris sokaklar\u0131n\u0131n isimsizleri aras\u0131nda dola\u015f\u0131r ve k\u00fc\u00e7\u00fck otel odalar\u0131nda Hi\u00e7li\u011fe A\u00e7\u0131lan Pencere&#8217;nin iskeletini olu\u015fturacak y\u00fczlerce okunaks\u0131z sayfa karalar.&#8221;Zira hayat \u00e7\u0131kmaz bir yoldan ibarettir, giderek de daralmaktad\u0131r.&#8221;<\/p>\n","protected":false},"excerpt":{"rendered":"<p>Kendini &#8220;ihtimal fanati\u011fi&#8221; olarak tan\u0131mlayan E. M. Cioran, s\u00fcrg\u00fcn ya\u015fam\u0131n\u0131n do\u011furdu\u011fu azaba \u00e7are i\u015flevi g\u00f6ren kalemini saplant\u0131lar\u0131n\u0131 yat\u0131\u015ft\u0131rmak ve h\u0131nc\u0131n\u0131 dindirmek i\u00e7in oynat\u0131r. Politik g\u00f6r\u00fc\u015flerini a\u015f\u0131nd\u0131ran<span class=\"excerpt-hellip\"> [\u2026]<\/span><\/p>\n","protected":false},"featured_media":0,"template":"","meta":{"_monsterinsights_skip_tracking":false,"_monsterinsights_sitenote_active":false,"_monsterinsights_sitenote_note":"","_monsterinsights_sitenote_category":0},"product_brand":[],"product_cat":[12777,12291],"product_tag":[],"class_list":{"0":"post-751955","1":"product","2":"type-product","3":"status-publish","5":"product_cat-deneme","6":"product_cat-edebiyat","7":"pa_cilt-ciltsiz","8":"pa_tur-kitap","9":"pa_yayinevi-sel-yayincilik","10":"pa_yazar-e-m-cioran","12":"first","13":"instock","14":"sale","15":"shipping-taxable","16":"purchasable","17":"product-type-simple"},"_links":{"self":[{"href":"https:\/\/roveyayinevi.com.tr\/index.php\/wp-json\/wp\/v2\/product\/751955","targetHints":{"allow":["GET"]}}],"collection":[{"href":"https:\/\/roveyayinevi.com.tr\/index.php\/wp-json\/wp\/v2\/product"}],"about":[{"href":"https:\/\/roveyayinevi.com.tr\/index.php\/wp-json\/wp\/v2\/types\/product"}],"wp:attachment":[{"href":"https:\/\/roveyayinevi.com.tr\/index.php\/wp-json\/wp\/v2\/media?parent=751955"}],"wp:term":[{"taxonomy":"product_brand","embeddable":true,"href":"https:\/\/roveyayinevi.com.tr\/index.php\/wp-json\/wp\/v2\/product_brand?post=751955"},{"taxonomy":"product_cat","embeddable":true,"href":"https:\/\/roveyayinevi.com.tr\/index.php\/wp-json\/wp\/v2\/product_cat?post=751955"},{"taxonomy":"product_tag","embeddable":true,"href":"https:\/\/roveyayinevi.com.tr\/index.php\/wp-json\/wp\/v2\/product_tag?post=751955"}],"curies":[{"name":"wp","href":"https:\/\/api.w.org\/{rel}","templated":true}]}}