{"id":751935,"date":"2025-08-28T05:02:24","date_gmt":"2025-08-28T02:02:24","guid":{"rendered":"https:\/\/roveyayinevi.com.tr\/index.php\/urun\/eylul-sancisi\/"},"modified":"2026-04-16T03:05:29","modified_gmt":"2026-04-16T00:05:29","slug":"eylul-sancisi","status":"publish","type":"product","link":"https:\/\/roveyayinevi.com.tr\/index.php\/urun\/eylul-sancisi\/","title":{"rendered":"Eyl\u00fcl Sanc\u0131s\u0131"},"content":{"rendered":"<p>Ka\u00e7 eyl\u00fcl daha mecnun olaca\u011f\u0131m, g\u00f6nl\u00fcm\u00fcn sahras\u0131nda? Daha ka\u00e7 kez g\u00f6zlerim seni arayacak, g\u00fcn bat\u0131mlar\u0131nda? Ka\u00e7 Kerem olup yanaca\u011f\u0131m, hasret ate\u015finde? Ve daha ka\u00e7 \u015fiir d\u00fc\u015fece\u011fim eyl\u00fcle? Bir bilsen. Hangi ba\u011f bozumunda, \u00e7\u00f6z\u00fclecek kaderin ipleri? Hangi \u015fehirden u\u011furlayaca\u011f\u0131m, h\u00fcz\u00fcnlerimi? Ve dayanacak ka\u00e7 can\u0131m kald\u0131, Sensiz ge\u00e7en eyl\u00fcle? Bunca umutsuzlu\u011fa ra\u011fmen, Melek dokunu\u015fu gibi bir r\u00fczg\u00e2r Ge\u00e7iyor \u00f6n\u00fcmden usul usul. Vuslata dair bir \u015feyler f\u0131s\u0131ld\u0131yor, kulaklar\u0131ma. Umut oluyor r\u00fczg\u00e2r, direnen y\u00fcre\u011fime. <\/p>\n","protected":false},"excerpt":{"rendered":"<p>Ka\u00e7 eyl\u00fcl daha mecnun olaca\u011f\u0131m, g\u00f6nl\u00fcm\u00fcn sahras\u0131nda? Daha ka\u00e7 kez g\u00f6zlerim seni arayacak, g\u00fcn bat\u0131mlar\u0131nda? Ka\u00e7 Kerem olup yanaca\u011f\u0131m, hasret ate\u015finde? Ve daha ka\u00e7 \u015fiir d\u00fc\u015fece\u011fim<span class=\"excerpt-hellip\"> [\u2026]<\/span><\/p>\n","protected":false},"featured_media":0,"template":"","meta":{"_monsterinsights_skip_tracking":false,"_monsterinsights_sitenote_active":false,"_monsterinsights_sitenote_note":"","_monsterinsights_sitenote_category":0},"product_brand":[],"product_cat":[12291,12509],"product_tag":[],"class_list":{"0":"post-751935","1":"product","2":"type-product","3":"status-publish","5":"product_cat-edebiyat","6":"product_cat-siir","7":"pa_cilt-ciltsiz","8":"pa_tur-kitap","9":"pa_yayinevi-us-yayinlari","10":"pa_yazar-abdullah-buldum","12":"first","13":"instock","14":"sale","15":"shipping-taxable","16":"purchasable","17":"product-type-simple"},"_links":{"self":[{"href":"https:\/\/roveyayinevi.com.tr\/index.php\/wp-json\/wp\/v2\/product\/751935","targetHints":{"allow":["GET"]}}],"collection":[{"href":"https:\/\/roveyayinevi.com.tr\/index.php\/wp-json\/wp\/v2\/product"}],"about":[{"href":"https:\/\/roveyayinevi.com.tr\/index.php\/wp-json\/wp\/v2\/types\/product"}],"wp:attachment":[{"href":"https:\/\/roveyayinevi.com.tr\/index.php\/wp-json\/wp\/v2\/media?parent=751935"}],"wp:term":[{"taxonomy":"product_brand","embeddable":true,"href":"https:\/\/roveyayinevi.com.tr\/index.php\/wp-json\/wp\/v2\/product_brand?post=751935"},{"taxonomy":"product_cat","embeddable":true,"href":"https:\/\/roveyayinevi.com.tr\/index.php\/wp-json\/wp\/v2\/product_cat?post=751935"},{"taxonomy":"product_tag","embeddable":true,"href":"https:\/\/roveyayinevi.com.tr\/index.php\/wp-json\/wp\/v2\/product_tag?post=751935"}],"curies":[{"name":"wp","href":"https:\/\/api.w.org\/{rel}","templated":true}]}}