{"id":751932,"date":"2025-08-28T05:02:20","date_gmt":"2025-08-28T02:02:20","guid":{"rendered":"https:\/\/roveyayinevi.com.tr\/index.php\/urun\/multidisipliner-boyutta-spor-arastirmalari\/"},"modified":"2026-04-16T03:05:29","modified_gmt":"2026-04-16T00:05:29","slug":"multidisipliner-boyutta-spor-arastirmalari","status":"publish","type":"product","link":"https:\/\/roveyayinevi.com.tr\/index.php\/urun\/multidisipliner-boyutta-spor-arastirmalari\/","title":{"rendered":"Multidisipliner Boyutta Spor Ara\u015ft\u0131rmalar\u0131"},"content":{"rendered":"<p>\u00b7         YA\u015eLILIKTA F\u0130Z\u0130KSEL AKT\u0130V\u0130TE \u00b7         KADIN SPORCULARDA BRAN\u015eIN SOLUNUM PARAMETRELER\u0130NE ETK\u0130S\u0130 \u00b7         ETK\u0130L\u0130 KUVVET GEL\u0130\u015e\u0130M\u0130 \u0130\u00c7\u0130N FONKS\u0130YONEL ANTRENMAN UYGULAMALARI; TRX BAND KULLANIMI \u00b7         KRON\u0130K HASTALIKLAR VE F\u0130Z\u0130KSEL AKT\u0130V\u0130TE \u00b7         \u0130NSP\u0130RATUAR KAS ANTRENMANLARI VE ASTIM \u00b7         SEDANTER ERKEKLERDE TABATA VE THERA-BAND\u00a9 EGZERS\u0130ZLER\u0130N\u0130N MOTOR\u0130K \u00d6ZELL\u0130KLER \u00dcZER\u0130NE ETK\u0130LER\u0130N\u0130N \u0130NCELENMES\u0130 \u00b7         SPORDA PS\u0130KOLOJ\u0130K ETMENLER \u00dcZER\u0130NE YAPILAN \u00c7ALI\u015eMALARIN DE\u011eERLEND\u0130R\u0130LMES\u0130 \u00b7         BAYBURT \u00dcN\u0130VERS\u0130TES\u0130 \u00d6\u011eRENC\u0130LER\u0130N\u0130N SOSYALLE\u015eME TAKT\u0130KLER\u0130N\u0130N SPOR VE FARKLI DE\u011e\u0130\u015eKENLERE G\u00d6RE \u0130NCELENMES\u0130 \u00b7         MARATON KO\u015eULARININ TAR\u0130HSEL GEL\u0130\u015e\u0130M\u0130 \u00b7         HAF\u0130F DERECEDE Z\u0130H\u0130NSEL ENGELL\u0130 \u00c7OCUKLARDA BEDEN E\u011e\u0130T\u0130M\u0130 ETK\u0130NL\u0130KLER\u0130N\u0130N SOSYAL BECER\u0130LER \u00dcZER\u0130NDEK\u0130 ETK\u0130LER\u0130N\u0130N \u0130NCELENMES\u0130 <\/p>\n","protected":false},"excerpt":{"rendered":"<p>\u00b7 YA\u015eLILIKTA F\u0130Z\u0130KSEL AKT\u0130V\u0130TE \u00b7 KADIN SPORCULARDA BRAN\u015eIN SOLUNUM PARAMETRELER\u0130NE ETK\u0130S\u0130 \u00b7 ETK\u0130L\u0130 KUVVET GEL\u0130\u015e\u0130M\u0130 \u0130\u00c7\u0130N FONKS\u0130YONEL ANTRENMAN UYGULAMALARI; TRX BAND KULLANIMI \u00b7 KRON\u0130K HASTALIKLAR VE<span class=\"excerpt-hellip\"> [\u2026]<\/span><\/p>\n","protected":false},"featured_media":0,"template":"","meta":{"_monsterinsights_skip_tracking":false,"_monsterinsights_sitenote_active":false,"_monsterinsights_sitenote_note":"","_monsterinsights_sitenote_category":0},"product_brand":[],"product_cat":[15563,15564],"product_tag":[],"class_list":{"0":"post-751932","1":"product","2":"type-product","3":"status-publish","5":"product_cat-hobi","6":"product_cat-spor","7":"pa_cilt-ciltsiz","8":"pa_tur-kitap","9":"pa_yayinevi-gazi-kitabevi","10":"pa_yazar-kolektif","12":"first","13":"instock","14":"sale","15":"shipping-taxable","16":"purchasable","17":"product-type-simple"},"_links":{"self":[{"href":"https:\/\/roveyayinevi.com.tr\/index.php\/wp-json\/wp\/v2\/product\/751932","targetHints":{"allow":["GET"]}}],"collection":[{"href":"https:\/\/roveyayinevi.com.tr\/index.php\/wp-json\/wp\/v2\/product"}],"about":[{"href":"https:\/\/roveyayinevi.com.tr\/index.php\/wp-json\/wp\/v2\/types\/product"}],"wp:attachment":[{"href":"https:\/\/roveyayinevi.com.tr\/index.php\/wp-json\/wp\/v2\/media?parent=751932"}],"wp:term":[{"taxonomy":"product_brand","embeddable":true,"href":"https:\/\/roveyayinevi.com.tr\/index.php\/wp-json\/wp\/v2\/product_brand?post=751932"},{"taxonomy":"product_cat","embeddable":true,"href":"https:\/\/roveyayinevi.com.tr\/index.php\/wp-json\/wp\/v2\/product_cat?post=751932"},{"taxonomy":"product_tag","embeddable":true,"href":"https:\/\/roveyayinevi.com.tr\/index.php\/wp-json\/wp\/v2\/product_tag?post=751932"}],"curies":[{"name":"wp","href":"https:\/\/api.w.org\/{rel}","templated":true}]}}