{"id":751931,"date":"2025-08-28T05:02:19","date_gmt":"2025-08-28T02:02:19","guid":{"rendered":"https:\/\/roveyayinevi.com.tr\/index.php\/urun\/iktisadi-ve-idari-bilimler-alaninda-teori-uygulama-ve-guncel-tartismalar\/"},"modified":"2026-04-16T03:05:29","modified_gmt":"2026-04-16T00:05:29","slug":"iktisadi-ve-idari-bilimler-alaninda-teori-uygulama-ve-guncel-tartismalar","status":"publish","type":"product","link":"https:\/\/roveyayinevi.com.tr\/index.php\/urun\/iktisadi-ve-idari-bilimler-alaninda-teori-uygulama-ve-guncel-tartismalar\/","title":{"rendered":"\u0130ktisadi ve \u0130dari Bilimler Alan\u0131nda Teori, Uygulama ve G\u00fcncel Tart\u0131\u015fmalar"},"content":{"rendered":"<p>\u00b7         KE\u015e\u0130FSEL VER\u0130 ANAL\u0130Z\u0130 VE MAK\u0130NE \u00d6\u011eREN\u0130M\u0130 \u0130LE MODEL OLU\u015eTURMA \u00b7         T\u00dcRK\u0130YE\u2019N\u0130N D\u00dcZENS\u0130Z G\u00d6\u00c7\/YASADI\u015eI G\u00d6\u00c7 KAR\u015eISINDA KORUNMA STRATEJ\u0130LER\u0130 \u00b7         COVID-19 D\u00d6NEM\u0130NDE YEREL Y\u00d6NET\u0130MLER\u0130N UYGULADI\u011eI MAL\u0130 \u00d6NLEMLER: \u0130TALYA \u00d6RNE\u011e\u0130 \u00b7         T\u00dcRK\u0130YE\u2019DE ASKER\u0130 HARCAMALAR VE EKONOM\u0130K B\u00dcY\u00dcME ARASINDAK\u0130 \u0130L\u0130\u015eK\u0130 \u00b7         FREKANS ALANI NEDENSELL\u0130K YAKLA\u015eIMI \u00b7         \u00c7ER\u00c7EVES\u0130NDE EKONOM\u0130K B\u00dcY\u00dcME VE BORSA \u0130L\u0130\u015eK\u0130S\u0130 \u00b7         T\u00dcRK T\u0130P\u0130 BA\u015eKANLIK S\u0130STEM\u0130NDE SE\u00c7\u0130M H\u00c2K\u0130MLER\u0130N\u0130N BEL\u0130RLENMES\u0130 SORUNU \u00b7         \u0130STAT\u0130ST\u0130KSEL PROSES KONTROL TEKN\u0130KLER\u0130 \u0130LE KAL\u0130TE KONTROL\u00dc \u00b7         T\u00dcRK\u0130YE VE SE\u00c7\u0130LM\u0130\u015e \u00dcLKELERDE VERG\u0130 MAHREM\u0130YET\u0130N\u0130N DE\u011eERLEND\u0130R\u0130LMES\u0130 \u00b7         D\u0130J\u0130TAL BANKACILIK UYGULAMALARININ KARLILI\u011eA ETK\u0130S\u0130: KATILIM BANKACILI\u011eI SEKT\u00d6R\u00dc \u00dcZER\u0130NE B\u0130R UYGULAMA \u00b7         \u0130\u015eLETMELER\u0130N MARKA, P\u0130YASA VE DEFTER DE\u011eERLER\u0130N\u0130N \u0130NCELENMES\u0130 \u00b7        AKILLI DEVLETE GE\u00c7\u0130\u015e S\u00dcREC\u0130NDE YAPAY ZEK\u00c2NIN KAMU Y\u00d6NET\u0130M\u0130NE ENTEGRASYONU \u00b7        T\u00dcRK\u0130YE\u2019DE KADIN \u0130ST\u0130HDAMI VE EKONOM\u0130K \u00d6ZG\u00dcRL\u00dcK \u00b7        YEN\u0130LENEB\u0130L\u0130R ENERJ\u0130 T\u00dcKET\u0130M\u0130, CO2 EM\u0130SYONU VE EKONOM\u0130K B\u00dcY\u00dcME \u0130L\u0130\u015eK\u0130S\u0130: T\u00dcRK\u0130YE \u0130\u00c7\u0130N ARDL SINIR TEST\u0130 YAKLA\u015eIMI \u00b7        BREZ\u0130LYA\u2019DA YOKSULLU\u011eUN G\u00dcN\u00dcM\u00dcZDEK\u0130 G\u00d6R\u00dcN\u00dcM\u00dc \u00b7        PANDEM\u0130DE BE\u015eER\u0130 KALKINMA VE \u00c7ALI\u015eMA KAYBI \u0130L\u0130\u015eK\u0130S\u0130 <\/p>\n","protected":false},"excerpt":{"rendered":"<p>\u00b7 KE\u015e\u0130FSEL VER\u0130 ANAL\u0130Z\u0130 VE MAK\u0130NE \u00d6\u011eREN\u0130M\u0130 \u0130LE MODEL OLU\u015eTURMA \u00b7 T\u00dcRK\u0130YE\u2019N\u0130N D\u00dcZENS\u0130Z G\u00d6\u00c7\/YASADI\u015eI G\u00d6\u00c7 KAR\u015eISINDA KORUNMA STRATEJ\u0130LER\u0130 \u00b7 COVID-19 D\u00d6NEM\u0130NDE YEREL Y\u00d6NET\u0130MLER\u0130N UYGULADI\u011eI MAL\u0130 \u00d6NLEMLER:<span class=\"excerpt-hellip\"> [\u2026]<\/span><\/p>\n","protected":false},"featured_media":0,"template":"","meta":{"_monsterinsights_skip_tracking":false,"_monsterinsights_sitenote_active":false,"_monsterinsights_sitenote_note":"","_monsterinsights_sitenote_category":0},"product_brand":[],"product_cat":[13043,14381],"product_tag":[],"class_list":{"0":"post-751931","1":"product","2":"type-product","3":"status-publish","5":"product_cat-ekonomi","6":"product_cat-isletme-muhasebe-maliye","7":"pa_cilt-ciltsiz","8":"pa_tur-kitap","9":"pa_yayinevi-gazi-kitabevi","10":"pa_yazar-kolektif","12":"first","13":"instock","14":"sale","15":"shipping-taxable","16":"purchasable","17":"product-type-simple"},"_links":{"self":[{"href":"https:\/\/roveyayinevi.com.tr\/index.php\/wp-json\/wp\/v2\/product\/751931","targetHints":{"allow":["GET"]}}],"collection":[{"href":"https:\/\/roveyayinevi.com.tr\/index.php\/wp-json\/wp\/v2\/product"}],"about":[{"href":"https:\/\/roveyayinevi.com.tr\/index.php\/wp-json\/wp\/v2\/types\/product"}],"wp:attachment":[{"href":"https:\/\/roveyayinevi.com.tr\/index.php\/wp-json\/wp\/v2\/media?parent=751931"}],"wp:term":[{"taxonomy":"product_brand","embeddable":true,"href":"https:\/\/roveyayinevi.com.tr\/index.php\/wp-json\/wp\/v2\/product_brand?post=751931"},{"taxonomy":"product_cat","embeddable":true,"href":"https:\/\/roveyayinevi.com.tr\/index.php\/wp-json\/wp\/v2\/product_cat?post=751931"},{"taxonomy":"product_tag","embeddable":true,"href":"https:\/\/roveyayinevi.com.tr\/index.php\/wp-json\/wp\/v2\/product_tag?post=751931"}],"curies":[{"name":"wp","href":"https:\/\/api.w.org\/{rel}","templated":true}]}}