{"id":751925,"date":"2025-08-28T05:02:10","date_gmt":"2025-08-28T02:02:10","guid":{"rendered":"https:\/\/roveyayinevi.com.tr\/index.php\/urun\/lal-umutlar-ciltli-2\/"},"modified":"2026-04-16T03:05:29","modified_gmt":"2026-04-16T00:05:29","slug":"lal-umutlar-ciltli-2","status":"publish","type":"product","link":"https:\/\/roveyayinevi.com.tr\/index.php\/urun\/lal-umutlar-ciltli-2\/","title":{"rendered":"Lal Umutlar (Ciltli)"},"content":{"rendered":"<p>Bazen umutlar bile lal olur.  \u0130nsan kimseye a\u00e7amaz i\u00e7indekileri, yaln\u0131zca kendi i\u00e7inde ye\u015fertir.   Cemre Erdem; ismi ailesinin hanesine bahar getirmesi i\u00e7in konulan, ailesinin \u00f6l\u00fcm\u00fcnden sonra ya\u015famak zorunda kald\u0131\u011f\u0131 evde \u015fiddet g\u00f6rerek b\u00fcy\u00fcyen, e\u011fitimine devam etmesine izin verilmeyen, konu\u015fma engelli, yapayaln\u0131z bir kad\u0131nd\u0131r. Sessizlik, \u00e7ocukken yaralar\u0131n\u0131 saran bir merhemken b\u00fcy\u00fcd\u00fc\u011f\u00fcnde kendisi i\u00e7in bir azaba d\u00f6n\u00fc\u015f\u00fcr. Cemre, ya\u015famaya devam edebilmek i\u00e7in sadece umut eder ve kimselere a\u00e7amad\u0131\u011f\u0131 bu umutlara tutunur. Hayallerinin pe\u015finden gidip doktor olmak, u\u011frad\u0131\u011f\u0131 \u015fiddetten kurtulmak, tek ba\u015f\u0131na kendi ayaklar\u0131n\u0131n \u00fczerinde duran g\u00fc\u00e7l\u00fc bir kad\u0131n olmak i\u00e7in m\u00fccadele eder.  Bu s\u0131rada Cemre\u2019nin hayat\u0131na ans\u0131z\u0131n giren Kuvars Demirhan, bu sessiz kad\u0131n\u0131n m\u00fczi\u011fine \u00e2\u015f\u0131k olur. Kuvars, Cemre\u2019nin delik de\u015fik yaral\u0131, ac\u0131yla s\u0131zlayan ruhuna umut \u00fcfler; t\u00fcm yaralar\u0131 onunla \u00e7i\u00e7ek a\u00e7ar.   Sessizli\u011fe s\u0131\u011f\u0131nan bir kad\u0131nla onun m\u00fczi\u011fine \u00e2\u015f\u0131k bir adam\u0131n hik\u00e2yesi&#8230; <\/p>\n","protected":false},"excerpt":{"rendered":"<p>Bazen umutlar bile lal olur. \u0130nsan kimseye a\u00e7amaz i\u00e7indekileri, yaln\u0131zca kendi i\u00e7inde ye\u015fertir. Cemre Erdem; ismi ailesinin hanesine bahar getirmesi i\u00e7in konulan, ailesinin \u00f6l\u00fcm\u00fcnden sonra ya\u015famak<span class=\"excerpt-hellip\"> [\u2026]<\/span><\/p>\n","protected":false},"featured_media":0,"template":"","meta":{"_monsterinsights_skip_tracking":false,"_monsterinsights_sitenote_active":false,"_monsterinsights_sitenote_note":"","_monsterinsights_sitenote_category":0},"product_brand":[],"product_cat":[12291,12711],"product_tag":[],"class_list":{"0":"post-751925","1":"product","2":"type-product","3":"status-publish","5":"product_cat-edebiyat","6":"product_cat-roman-oyku","7":"pa_cilt-ciltli","8":"pa_tur-kitap","9":"pa_yayinevi-ephesus-yayinlari","10":"pa_yazar-dilek-tarinci","12":"first","13":"instock","14":"sale","15":"shipping-taxable","16":"purchasable","17":"product-type-simple"},"_links":{"self":[{"href":"https:\/\/roveyayinevi.com.tr\/index.php\/wp-json\/wp\/v2\/product\/751925","targetHints":{"allow":["GET"]}}],"collection":[{"href":"https:\/\/roveyayinevi.com.tr\/index.php\/wp-json\/wp\/v2\/product"}],"about":[{"href":"https:\/\/roveyayinevi.com.tr\/index.php\/wp-json\/wp\/v2\/types\/product"}],"wp:attachment":[{"href":"https:\/\/roveyayinevi.com.tr\/index.php\/wp-json\/wp\/v2\/media?parent=751925"}],"wp:term":[{"taxonomy":"product_brand","embeddable":true,"href":"https:\/\/roveyayinevi.com.tr\/index.php\/wp-json\/wp\/v2\/product_brand?post=751925"},{"taxonomy":"product_cat","embeddable":true,"href":"https:\/\/roveyayinevi.com.tr\/index.php\/wp-json\/wp\/v2\/product_cat?post=751925"},{"taxonomy":"product_tag","embeddable":true,"href":"https:\/\/roveyayinevi.com.tr\/index.php\/wp-json\/wp\/v2\/product_tag?post=751925"}],"curies":[{"name":"wp","href":"https:\/\/api.w.org\/{rel}","templated":true}]}}