{"id":751914,"date":"2025-08-28T05:01:58","date_gmt":"2025-08-28T02:01:58","guid":{"rendered":"https:\/\/roveyayinevi.com.tr\/index.php\/urun\/hurriyetin-ilani\/"},"modified":"2026-04-16T03:05:28","modified_gmt":"2026-04-16T00:05:28","slug":"hurriyetin-ilani","status":"publish","type":"product","link":"https:\/\/roveyayinevi.com.tr\/index.php\/urun\/hurriyetin-ilani\/","title":{"rendered":"H\u00fcrriyet&#8217;in \u0130lan\u0131"},"content":{"rendered":"<p>\u0130kinci Me\u015frutiyet\u2019in Siyasi Hayat\u0131na Bak\u0131\u015flar \u201cBu kitab\u0131n yaz\u0131lmas\u0131 \u015fu gayeye dayan\u0131r: Eski harfleri okuyamayan, Osmanl\u0131cay\u0131 anlayamayan bug\u00fcnk\u00fc nesle, memleketimizdeki ideolojik hareketlerin geli\u015fmesini anlatmak\u2026 \u0130kinci Me\u015frutiyet bug\u00fcn\u00fcn kap\u0131lar\u0131n\u0131 a\u00e7an anahtarlar\u0131 verecek \u00f6zl\u00fc bir devredir. Osmanl\u0131 \u0130mparatorlu\u011fu, tarihinin bu sayfas\u0131nda en kritik anlar\u0131n\u0131 ya\u015fam\u0131\u015f, bu devrede tarihe kar\u0131\u015fm\u0131\u015ft\u0131r. Fakat yeni bir T\u00fcrkiye\u2019nin do\u011fum sanc\u0131lar\u0131 da \u0130kinci Me\u015frutiyet y\u0131llar\u0131 i\u00e7indedir.\u201d- Tar\u0131k Zafer Tunaya\u0130kinci Me\u015frutiyet, bug\u00fcn\u00fcn kap\u0131lar\u0131n\u0131 a\u00e7an anahtarlara sahip olmas\u0131yla \u00e7ok \u00f6nemli bir d\u00f6nemi kapsar. Osmanl\u0131 \u0130mparatorlu\u011fu, tarihinin bu d\u00f6neminde en kritik anlar\u0131n\u0131 ya\u015fam\u0131\u015f, yine bu d\u00f6nemde d\u00fcnya tarihine veda etmi\u015ftir. \u0130kinci Me\u015frutiyet ve \u0130ttihat\u00e7\u0131l\u0131k gibi konular\u0131n pop\u00fclerli\u011fini korumas\u0131, bu konularla ilgili \u00e7al\u0131\u015fmalar\u0131n giderek artmas\u0131, T\u00fcrkiye Cumhuriyeti\u2019nin do\u011fum sanc\u0131lar\u0131n\u0131n bu d\u00f6nemde ya\u015fanmas\u0131yla alakal\u0131d\u0131r. \u201cMe\u015frutiyet, T\u00fcrkleri imparatorluk form\u00fcl\u00fcnden demokratik bir Cumhuriyet form\u00fcl\u00fcne iletmi\u015f olan k\u00f6pr\u00fcd\u00fcr\u201d diyen Tar\u0131k Zafer Tunaya\u2019n\u0131n bu \u00e7al\u0131\u015fmas\u0131nda, bir imparatorlu\u011fun ge\u00e7mi\u015fine, h\u00e2line ve gelece\u011fine ait b\u00fct\u00fcn sorular 1908\u2019den itibaren b\u00fcy\u00fck bir a\u00e7\u0131kl\u0131kla sorulmu\u015f ve cevaplar aranm\u0131\u015ft\u0131r. Tunaya \u00e7al\u0131\u015fmas\u0131 boyunca Me\u015frutiyeti; fert ve toplum, olay ve fikir olarak incelerken, bug\u00fcn\u00fcn de\u011fil zaman\u0131n insanlar\u0131n\u0131 tan\u0131tmay\u0131 ve konu\u015fturmay\u0131 ama\u00e7lam\u0131\u015ft\u0131r. H\u00fcrriyetin \u0130lan\u0131, \u0130kinci Me\u015frutiyet hakk\u0131nda \u00e7al\u0131\u015fmalar yapan tarih\u00e7iler ve \u00f6\u011frenciler kadar ge\u00e7mi\u015fimize dair sorular\u0131 olan t\u00fcm merakl\u0131lar i\u00e7in de kolayca okunabilen, benzersiz bir kaynak\u2026 <\/p>\n","protected":false},"excerpt":{"rendered":"<p>\u0130kinci Me\u015frutiyet\u2019in Siyasi Hayat\u0131na Bak\u0131\u015flar \u201cBu kitab\u0131n yaz\u0131lmas\u0131 \u015fu gayeye dayan\u0131r: Eski harfleri okuyamayan, Osmanl\u0131cay\u0131 anlayamayan bug\u00fcnk\u00fc nesle, memleketimizdeki ideolojik hareketlerin geli\u015fmesini anlatmak\u2026 \u0130kinci Me\u015frutiyet bug\u00fcn\u00fcn<span class=\"excerpt-hellip\"> [\u2026]<\/span><\/p>\n","protected":false},"featured_media":0,"template":"","meta":{"_monsterinsights_skip_tracking":false,"_monsterinsights_sitenote_active":false,"_monsterinsights_sitenote_note":"","_monsterinsights_sitenote_category":0},"product_brand":[],"product_cat":[12312,12304],"product_tag":[],"class_list":{"0":"post-751914","1":"product","2":"type-product","3":"status-publish","5":"product_cat-diger","6":"product_cat-tarih","7":"pa_cilt-ciltsiz","8":"pa_tur-kitap","9":"pa_yayinevi-kronik-kitap","10":"pa_yazar-tarik-zafer-tunaya","12":"first","13":"instock","14":"sale","15":"shipping-taxable","16":"purchasable","17":"product-type-simple"},"_links":{"self":[{"href":"https:\/\/roveyayinevi.com.tr\/index.php\/wp-json\/wp\/v2\/product\/751914","targetHints":{"allow":["GET"]}}],"collection":[{"href":"https:\/\/roveyayinevi.com.tr\/index.php\/wp-json\/wp\/v2\/product"}],"about":[{"href":"https:\/\/roveyayinevi.com.tr\/index.php\/wp-json\/wp\/v2\/types\/product"}],"wp:attachment":[{"href":"https:\/\/roveyayinevi.com.tr\/index.php\/wp-json\/wp\/v2\/media?parent=751914"}],"wp:term":[{"taxonomy":"product_brand","embeddable":true,"href":"https:\/\/roveyayinevi.com.tr\/index.php\/wp-json\/wp\/v2\/product_brand?post=751914"},{"taxonomy":"product_cat","embeddable":true,"href":"https:\/\/roveyayinevi.com.tr\/index.php\/wp-json\/wp\/v2\/product_cat?post=751914"},{"taxonomy":"product_tag","embeddable":true,"href":"https:\/\/roveyayinevi.com.tr\/index.php\/wp-json\/wp\/v2\/product_tag?post=751914"}],"curies":[{"name":"wp","href":"https:\/\/api.w.org\/{rel}","templated":true}]}}