{"id":751907,"date":"2025-08-28T05:01:49","date_gmt":"2025-08-28T02:01:49","guid":{"rendered":"https:\/\/roveyayinevi.com.tr\/index.php\/urun\/turkiye-finansal-raporlama-standartlarinda-konsolide-finansal-raporlama\/"},"modified":"2026-04-16T03:05:28","modified_gmt":"2026-04-16T00:05:28","slug":"turkiye-finansal-raporlama-standartlarinda-konsolide-finansal-raporlama","status":"publish","type":"product","link":"https:\/\/roveyayinevi.com.tr\/index.php\/urun\/turkiye-finansal-raporlama-standartlarinda-konsolide-finansal-raporlama\/","title":{"rendered":"T\u00fcrkiye Finansal Raporlama Standartlar\u0131nda Konsolide Finansal Raporlama"},"content":{"rendered":"<p>\u0130\u00e7indekiler     \u00d6NS\u00d6Z \u0130\u00c7\u0130NDEK\u0130LER KISALTMALAR L\u0130STES\u0130 G\u0130R\u0130\u015e   B\u0130R\u0130NC\u0130 B\u00d6L\u00dcM 1. KONSOL\u0130DASYONA \u0130L\u0130\u015eK\u0130N TEMEL KAVRAMLAR   \u0130K\u0130NC\u0130 B\u00d6L\u00dcM 2. KONSOL\u0130DE F\u0130NANSAL TABLOLAR \u0130LE \u0130LG\u0130L\u0130 TMS VE TFRS\u2019LER   \u00dc\u00c7\u00dcNC\u00dc B\u00d6L\u00dcM 3. TFRS 10 KONSOL\u0130DE F\u0130NANSAL TABLOLAR STANDARDI   KAYNAK\u00c7A <\/p>\n","protected":false},"excerpt":{"rendered":"<p>\u0130\u00e7indekiler \u00d6NS\u00d6Z \u0130\u00c7\u0130NDEK\u0130LER KISALTMALAR L\u0130STES\u0130 G\u0130R\u0130\u015e B\u0130R\u0130NC\u0130 B\u00d6L\u00dcM 1. KONSOL\u0130DASYONA \u0130L\u0130\u015eK\u0130N TEMEL KAVRAMLAR \u0130K\u0130NC\u0130 B\u00d6L\u00dcM 2. KONSOL\u0130DE F\u0130NANSAL TABLOLAR \u0130LE \u0130LG\u0130L\u0130 TMS VE TFRS\u2019LER \u00dc\u00c7\u00dcNC\u00dc B\u00d6L\u00dcM<span class=\"excerpt-hellip\"> [\u2026]<\/span><\/p>\n","protected":false},"featured_media":0,"template":"","meta":{"_monsterinsights_skip_tracking":false,"_monsterinsights_sitenote_active":false,"_monsterinsights_sitenote_note":"","_monsterinsights_sitenote_category":0},"product_brand":[],"product_cat":[13043],"product_tag":[],"class_list":{"0":"post-751907","1":"product","2":"type-product","3":"status-publish","5":"product_cat-ekonomi","6":"pa_cilt-ciltsiz","7":"pa_tur-kitap","8":"pa_yayinevi-gazi-kitabevi","9":"pa_yazar-nevzat-gungor","11":"first","12":"instock","13":"sale","14":"shipping-taxable","15":"purchasable","16":"product-type-simple"},"_links":{"self":[{"href":"https:\/\/roveyayinevi.com.tr\/index.php\/wp-json\/wp\/v2\/product\/751907","targetHints":{"allow":["GET"]}}],"collection":[{"href":"https:\/\/roveyayinevi.com.tr\/index.php\/wp-json\/wp\/v2\/product"}],"about":[{"href":"https:\/\/roveyayinevi.com.tr\/index.php\/wp-json\/wp\/v2\/types\/product"}],"wp:attachment":[{"href":"https:\/\/roveyayinevi.com.tr\/index.php\/wp-json\/wp\/v2\/media?parent=751907"}],"wp:term":[{"taxonomy":"product_brand","embeddable":true,"href":"https:\/\/roveyayinevi.com.tr\/index.php\/wp-json\/wp\/v2\/product_brand?post=751907"},{"taxonomy":"product_cat","embeddable":true,"href":"https:\/\/roveyayinevi.com.tr\/index.php\/wp-json\/wp\/v2\/product_cat?post=751907"},{"taxonomy":"product_tag","embeddable":true,"href":"https:\/\/roveyayinevi.com.tr\/index.php\/wp-json\/wp\/v2\/product_tag?post=751907"}],"curies":[{"name":"wp","href":"https:\/\/api.w.org\/{rel}","templated":true}]}}