{"id":751903,"date":"2025-08-28T05:01:45","date_gmt":"2025-08-28T02:01:45","guid":{"rendered":"https:\/\/roveyayinevi.com.tr\/index.php\/urun\/profesyonel-futbol-kuluplerinin-altyapi-sorunlari\/"},"modified":"2026-04-16T03:05:28","modified_gmt":"2026-04-16T00:05:28","slug":"profesyonel-futbol-kuluplerinin-altyapi-sorunlari","status":"publish","type":"product","link":"https:\/\/roveyayinevi.com.tr\/index.php\/urun\/profesyonel-futbol-kuluplerinin-altyapi-sorunlari\/","title":{"rendered":"Profesyonel Futbol Kul\u00fcplerinin Altyap\u0131 Sorunlar\u0131"},"content":{"rendered":"<p>\u0130\u00e7indekiler     1. G\u0130R\u0130\u015e 2.1. Futbol 2.1.1. Modern futbol tarihinin geli\u015fim s\u00fcreci 2.1.2. D\u00fcnya genelinde futbolun pop\u00fclaritesi ve ekonomisi 2.1.3. D\u00fcnya futbol y\u00f6netiminin k\u0131sa tarih\u00e7esi 2.1.4. Avrupa futbolunun yap\u0131lanmas\u0131 ve k\u0131sa tarihi 2.1.5.Avrupa\u2019daki merkez liglerin kul\u00fcp yap\u0131lar\u0131 ve finansal g\u00f6r\u00fcn\u00fcmleri 2.1.6. Baz\u0131 Avrupa \u00fclkelerinde futbolcu yeti\u015ftirme ve geli\u015ftirme y\u00f6n\u00fcyle \u00f6ne \u00e7\u0131km\u0131\u015f kul\u00fcplerin altyap\u0131 modelleri 2.2. T\u00fcrkiye Futbol Federasyonunun G\u00f6revleri ve Ama\u00e7lar\u0131 2.2.1. T\u00fcrkiye Futbol Federasyonunun gelirleri 2.2.2. T\u00fcrkiye Futbol Federasyonunun giderleri 2.2.3. Futbol Federasyonu temsil sistemi ve delegasyon yap\u0131s\u0131 2.2.4.\u00dclke Futbolunun geli\u015fiminden sorumlu birim futbol geli\u015fim direkt\u00f6rl\u00fc\u011f\u00fc 2.2.5. Futbol Federasyonunun Gen\u00e7 Futbolcu Geli\u015fim Y\u00f6nergesi 2.2.6. E\u011fitim ve sertifikasyon programlar\u0131 2.2.7. Kul\u00fcplerde \u00e7ocuk futbolu ve amac\u0131 2.2.8.T\u00fcrkiye Futbol Federasyonu antren\u00f6r e\u011fitimi ve antren\u00f6rlerin s\u0131n\u0131fland\u0131r\u0131lmas\u0131 2.2.9. T\u00fcrkiye\u2019deki ba\u015fat kul\u00fcplerin yap\u0131sal durumlar\u0131 2.2.10. T\u00fcrk futbol kul\u00fcplerinde kurumsall\u0131k 2.2.11. Ba\u015fat futbol kul\u00fcplerinin finansal g\u00f6r\u00fcn\u00fcmleri 2.2.12. T\u00fcrk futbolunun F\u0130FA ve UEFA s\u0131ralamas\u0131 verileri 2.3. UEFA Kul\u00fcp Lisans ve Finansal Fair Play Talimat\u0131 2.4.T\u00fcrk Futbolunda S\u00fcper Lig Kul\u00fcplerinin Altyap\u0131s\u0131ndan Yeti\u015fen Futbolcu Say\u0131s\u0131 ve G\u00fcncel Bonservis De\u011ferleri 2.5. T\u00fcrk Futboluna Ait Baz\u0131 Veriler ve De\u011ferlendirmeler 2.5.1. Futbolda menajerlik sistemi (futbolcu temsilcili\u011fi) 2.5.2. Futbolda \u00e7ocuk koruma program\u0131 Sonu\u00e7 ve \u00f6neriler Kaynak\u00e7a <\/p>\n","protected":false},"excerpt":{"rendered":"<p>\u0130\u00e7indekiler 1. G\u0130R\u0130\u015e 2.1. Futbol 2.1.1. Modern futbol tarihinin geli\u015fim s\u00fcreci 2.1.2. D\u00fcnya genelinde futbolun pop\u00fclaritesi ve ekonomisi 2.1.3. D\u00fcnya futbol y\u00f6netiminin k\u0131sa tarih\u00e7esi 2.1.4. Avrupa<span class=\"excerpt-hellip\"> [\u2026]<\/span><\/p>\n","protected":false},"featured_media":0,"template":"","meta":{"_monsterinsights_skip_tracking":false,"_monsterinsights_sitenote_active":false,"_monsterinsights_sitenote_note":"","_monsterinsights_sitenote_category":0},"product_brand":[],"product_cat":[15563,15564],"product_tag":[],"class_list":{"0":"post-751903","1":"product","2":"type-product","3":"status-publish","5":"product_cat-hobi","6":"product_cat-spor","7":"pa_cilt-ciltsiz","8":"pa_tur-kitap","9":"pa_yayinevi-gazi-kitabevi","10":"pa_yazar-suat-aybek","12":"first","13":"instock","14":"sale","15":"shipping-taxable","16":"purchasable","17":"product-type-simple"},"_links":{"self":[{"href":"https:\/\/roveyayinevi.com.tr\/index.php\/wp-json\/wp\/v2\/product\/751903","targetHints":{"allow":["GET"]}}],"collection":[{"href":"https:\/\/roveyayinevi.com.tr\/index.php\/wp-json\/wp\/v2\/product"}],"about":[{"href":"https:\/\/roveyayinevi.com.tr\/index.php\/wp-json\/wp\/v2\/types\/product"}],"wp:attachment":[{"href":"https:\/\/roveyayinevi.com.tr\/index.php\/wp-json\/wp\/v2\/media?parent=751903"}],"wp:term":[{"taxonomy":"product_brand","embeddable":true,"href":"https:\/\/roveyayinevi.com.tr\/index.php\/wp-json\/wp\/v2\/product_brand?post=751903"},{"taxonomy":"product_cat","embeddable":true,"href":"https:\/\/roveyayinevi.com.tr\/index.php\/wp-json\/wp\/v2\/product_cat?post=751903"},{"taxonomy":"product_tag","embeddable":true,"href":"https:\/\/roveyayinevi.com.tr\/index.php\/wp-json\/wp\/v2\/product_tag?post=751903"}],"curies":[{"name":"wp","href":"https:\/\/api.w.org\/{rel}","templated":true}]}}