{"id":751891,"date":"2025-08-28T05:01:26","date_gmt":"2025-08-28T02:01:26","guid":{"rendered":"https:\/\/roveyayinevi.com.tr\/index.php\/urun\/turleri-kurtarmak\/"},"modified":"2026-04-16T03:05:28","modified_gmt":"2026-04-16T00:05:28","slug":"turleri-kurtarmak","status":"publish","type":"product","link":"https:\/\/roveyayinevi.com.tr\/index.php\/urun\/turleri-kurtarmak\/","title":{"rendered":"T\u00fcrleri Kurtarmak"},"content":{"rendered":"<p>On dokuzuncu y\u00fczy\u0131l\u0131n sonlar\u0131nda, insanl\u0131k en nihayetinde y\u0131k\u0131c\u0131 bir ger\u00e7e\u011fin fark\u0131na vard\u0131: H\u0131zla sanayile\u015fen ve k\u00fcreselle\u015fen toplumlar, pek \u00e7ok hayvan t\u00fcr\u00fcn\u00fc yok olmaya s\u00fcr\u00fckl\u00fcyordu.   Ba\u015far\u0131l\u0131 bilim gazetecisi Michelle Nijhuis, modern do\u011fa koruma hareketinin tarihini, bu harekette rol\u00fc olan Aldo Leopold ve Rachel Carson gibi \u00f6nemli aktivistlerin ve biliminsanlar\u0131n\u0131n hayatlar\u0131na ve fikirlerine dokunarak g\u00f6zler \u00f6n\u00fcne seriyor. Amerikan bizonu gibi me\u015fhur t\u00fcrleri kurtarmak i\u00e7in verilen erken d\u00f6nemli sava\u015flardan, bug\u00fcn t\u00fcrlerin ya\u015fam hakk\u0131n\u0131 savunmak i\u00e7in daha b\u00fcy\u00fck \u00f6l\u00e7ekte sergilenen k\u00fcresel \u00e7abaya kadar her \u015feyi anlat\u0131rken do\u011fa koruma hareketinin \u0131rk\u00e7\u0131l\u0131k ve s\u00f6m\u00fcrgecilikle g\u00f6lgelenen karanl\u0131k yanlar\u0131n\u0131 da ortaya \u00e7\u0131kar\u0131yor.   T\u00fcrler yok olmaya devam ederken ve iklim de\u011fi\u015fikli\u011finin etkileri katlanarak artarken, T\u00fcrleri Kurtarmak, do\u011fa koruma hareketinin nas\u0131l t\u00fcm t\u00fcrleri koruyacak bir giri\u015fime d\u00f6n\u00fc\u015ft\u00fcr\u00fclebilece\u011fini g\u00f6steriyor; buna kendi t\u00fcr\u00fcm\u00fcz de dahil.   \u201c\u00c7evre hareketinin tarihi t\u00fcm \u00e7alkant\u0131lar\u0131, tutkular\u0131 ve sorunlar\u0131yla ele al\u0131n\u0131yor.\u201d \u2014Ben Goldfarb, Eager\u2019\u0131n yazar\u0131   \u201cD\u00fc\u015f\u00fcnd\u00fcr\u00fcc\u00fc ve k\u0131\u015fk\u0131rt\u0131c\u0131 i\u00e7eri\u011fiyle T\u00fcrleri Kurtarmak, modern do\u011fa koruma hareketini bu hareketin \u00f6nc\u00fcs\u00fc insanlar ve fikirler arac\u0131l\u0131\u011f\u0131yla anlat\u0131yor.\u201d \u2014Elizabeth Kolbert, Alt\u0131nc\u0131 Yok Olu\u015f kitab\u0131n\u0131n yazar\u0131 <\/p>\n","protected":false},"excerpt":{"rendered":"<p>On dokuzuncu y\u00fczy\u0131l\u0131n sonlar\u0131nda, insanl\u0131k en nihayetinde y\u0131k\u0131c\u0131 bir ger\u00e7e\u011fin fark\u0131na vard\u0131: H\u0131zla sanayile\u015fen ve k\u00fcreselle\u015fen toplumlar, pek \u00e7ok hayvan t\u00fcr\u00fcn\u00fc yok olmaya s\u00fcr\u00fckl\u00fcyordu. Ba\u015far\u0131l\u0131 bilim<span class=\"excerpt-hellip\"> [\u2026]<\/span><\/p>\n","protected":false},"featured_media":0,"template":"","meta":{"_monsterinsights_skip_tracking":false,"_monsterinsights_sitenote_active":false,"_monsterinsights_sitenote_note":"","_monsterinsights_sitenote_category":0},"product_brand":[],"product_cat":[13005,13006],"product_tag":[],"class_list":{"0":"post-751891","1":"product","2":"type-product","3":"status-publish","5":"product_cat-bilim-muhendislik","6":"product_cat-populer-bilim","7":"pa_cilt-ciltsiz","8":"pa_tur-kitap","9":"pa_yayinevi-nova-kitap","10":"pa_yazar-michelle-nijhuis","12":"first","13":"instock","14":"sale","15":"shipping-taxable","16":"purchasable","17":"product-type-simple"},"_links":{"self":[{"href":"https:\/\/roveyayinevi.com.tr\/index.php\/wp-json\/wp\/v2\/product\/751891","targetHints":{"allow":["GET"]}}],"collection":[{"href":"https:\/\/roveyayinevi.com.tr\/index.php\/wp-json\/wp\/v2\/product"}],"about":[{"href":"https:\/\/roveyayinevi.com.tr\/index.php\/wp-json\/wp\/v2\/types\/product"}],"wp:attachment":[{"href":"https:\/\/roveyayinevi.com.tr\/index.php\/wp-json\/wp\/v2\/media?parent=751891"}],"wp:term":[{"taxonomy":"product_brand","embeddable":true,"href":"https:\/\/roveyayinevi.com.tr\/index.php\/wp-json\/wp\/v2\/product_brand?post=751891"},{"taxonomy":"product_cat","embeddable":true,"href":"https:\/\/roveyayinevi.com.tr\/index.php\/wp-json\/wp\/v2\/product_cat?post=751891"},{"taxonomy":"product_tag","embeddable":true,"href":"https:\/\/roveyayinevi.com.tr\/index.php\/wp-json\/wp\/v2\/product_tag?post=751891"}],"curies":[{"name":"wp","href":"https:\/\/api.w.org\/{rel}","templated":true}]}}