{"id":751890,"date":"2025-08-28T05:01:25","date_gmt":"2025-08-28T02:01:25","guid":{"rendered":"https:\/\/roveyayinevi.com.tr\/index.php\/urun\/ayaga-kalk-insanlik\/"},"modified":"2026-04-16T03:05:28","modified_gmt":"2026-04-16T00:05:28","slug":"ayaga-kalk-insanlik","status":"publish","type":"product","link":"https:\/\/roveyayinevi.com.tr\/index.php\/urun\/ayaga-kalk-insanlik\/","title":{"rendered":"Aya\u011fa Kalk \u0130nsanl\u0131k"},"content":{"rendered":"<p>Mademki yery\u00fcz\u00fcnde insan olarak bulunuyoruz; da\u011f, ta\u015f, toprak, hayvan, bitki ve di\u011fer canl\u0131\/cans\u0131z varl\u0131klardan bir fark\u0131m\u0131z\/farkl\u0131l\u0131\u011f\u0131m\u0131z olmas\u0131 gerekmez mi? \u0130nan\u00e7, d\u00fc\u015f\u00fcnce, beklenti, \u00f6zlem, tutku, hasret gibi farkl\u0131l\u0131klar\u0131m\u0131z\u0131 zorlamadan; \u201cinsan olma\u201d ortak paydas\u0131nda bulu\u015fam\u0131yorsak, her varl\u0131k i\u00e7in, bu gezegen cehennem ve zindana d\u00f6n\u00fc\u015fecektir. Di\u011fer eserlerimde anlatt\u0131klar\u0131mdan farkl\u0131 olarak; ahlak, adalet ve maneviyat \u00f6\u011fretilerini merkeze al\u0131p, siyaset anlay\u0131\u015f\u0131yla bulu\u015fturmaya odakland\u0131m. Etik de\u011ferler; kurumsal, ilkesel, mesleki ve t\u00fcm g\u00f6rev alanlar\u0131ndaki, do\u011fruluk, d\u00fcr\u00fcstl\u00fck, adalet ve hakkaniyet yaz\u0131l\u0131 kurallar\u0131n\u0131 i\u00e7erir. Ahl\u00e2k ise bireyde \u015fekillenip, topluma yans\u0131yan, olumlu\/tutarl\u0131 davran\u0131\u015flar b\u00fct\u00fcn\u00fcd\u00fcr. Toplum ve topluluklara g\u00f6re de\u011fi\u015febilir. Yaz\u0131l\u0131 ve yaz\u0131l\u0131 olmayan gelenek\/g\u00f6reneklerle \u015fekillenir. Biri di\u011ferinin yerine ge\u00e7emez. Alternatifi de de\u011fildir. Birbirlerini tamamlarlar. Ahlakl\u0131, adil, d\u00fcr\u00fcst insan; prensipli, d\u00fczenli, \u00f6zenli, disiplinli, uyumlu, kurallar, ilkeler ve yasalar\u0131n gere\u011fini yerine getiren bir ki\u015filik karakterine sahiptir. Bir konut sitesinde kirada ya\u015f\u0131yorsa; T\u00fcrk Bor\u00e7lar kanununa g\u00f6re, m\u00fclk sahibine kar\u015f\u0131 y\u00fck\u00fcml\u00fcl\u00fckleri, sorumluluklar\u0131 vard\u0131r. Kat m\u00fclkiyeti kanunu ve site y\u00f6netim plan\u0131na g\u00f6re; di\u011fer kom\u015fular\u0131na ve y\u00f6netime kar\u015f\u0131 sorumluluklar\u0131 vard\u0131r. T\u00fcrk medeni kanununa g\u00f6re ise aile bireylerine kar\u015f\u0131 g\u00f6rev ve sorumluluklar\u0131 vard\u0131r. E\u011fer kusur, \u00f6zensizlik ve kabahati a\u015fan bir su\u00e7 vasf\u0131 varsa ortada; ma\u011fdur ve san\u0131k, ceza hukukuyla tan\u0131\u015fmak zorunda kal\u0131r. Yasalar\u0131 bilmemek; bir kusur\/ihmal\/su\u00e7 kar\u015f\u0131s\u0131nda mazeret kabul edilmemektedir. Bundan dolay\u0131d\u0131r ki; sistemli, \u00f6zenli ve verimli bir ya\u015fam modeli i\u00e7in \u00f6ncelikle hak, \u00f6dev ve sorumluluklar\u0131m\u0131z\u0131n ne oldu\u011funu bilip, m\u00fcmk\u00fcnse beklenenden daha fazlas\u0131n\u0131 sunmak gereklidir. Ahl\u00e2kl\u0131, do\u011fru, d\u00fcr\u00fcst insan deyince; genel kanaat ve beklenti: \u201csessiz, sedas\u0131z, m\u00fclayim, s\u00e2kin, uyumlu, tepkisiz, hareketsiz, \u0131srars\u0131z bir karakter canlan\u0131r haf\u0131zalarda. Oysaki tam tersi olmamakla birlikte, olu\u015fan kanaat noksand\u0131r. Ahlakl\u0131 insan; adalet, hakkaniyet ve t\u00fcm donan\u0131msal sistemati\u011fini devreye alarak, istismara a\u00e7\u0131k t\u00fcm alanlarla m\u00fccadele eder. Ne aldat\u0131r ne de aldanan olmak ister. \u0130ki y\u00f6nl\u00fc m\u00fccadele insan\u0131d\u0131r o. Her \u00e7okluk; azdan \u00fcrer, olu\u015fur. Hi\u00e7bir ba\u015flang\u0131c\u0131 k\u00fc\u00e7\u00fcmsemeyelim. Umudu da \u00e7abay\u0131 da hayali de d\u00fc\u015f\u00fc de&#8230; A\u015f\u0131, tohum ve maya; b\u00fcy\u00fctt\u00fcklerimizin atas\u0131 de\u011fil midir? \u00d6yleyse durma \u015fimdi: \u201cAya\u011fa Kalk \u0130nsanl\u0131k!\u201d diyoruz. <\/p>\n","protected":false},"excerpt":{"rendered":"<p>Mademki yery\u00fcz\u00fcnde insan olarak bulunuyoruz; da\u011f, ta\u015f, toprak, hayvan, bitki ve di\u011fer canl\u0131\/cans\u0131z varl\u0131klardan bir fark\u0131m\u0131z\/farkl\u0131l\u0131\u011f\u0131m\u0131z olmas\u0131 gerekmez mi? \u0130nan\u00e7, d\u00fc\u015f\u00fcnce, beklenti, \u00f6zlem, tutku, hasret gibi<span class=\"excerpt-hellip\"> [\u2026]<\/span><\/p>\n","protected":false},"featured_media":0,"template":"","meta":{"_monsterinsights_skip_tracking":false,"_monsterinsights_sitenote_active":false,"_monsterinsights_sitenote_note":"","_monsterinsights_sitenote_category":0},"product_brand":[],"product_cat":[12389,12388],"product_tag":[],"class_list":{"0":"post-751890","1":"product","2":"type-product","3":"status-publish","5":"product_cat-diger-felsefe","6":"product_cat-felsefe","7":"pa_cilt-ciltsiz","8":"pa_tur-kitap","9":"pa_yayinevi-gulnar-yayinlari","10":"pa_yazar-ali-riza-malkoc","12":"first","13":"instock","14":"sale","15":"shipping-taxable","16":"purchasable","17":"product-type-simple"},"_links":{"self":[{"href":"https:\/\/roveyayinevi.com.tr\/index.php\/wp-json\/wp\/v2\/product\/751890","targetHints":{"allow":["GET"]}}],"collection":[{"href":"https:\/\/roveyayinevi.com.tr\/index.php\/wp-json\/wp\/v2\/product"}],"about":[{"href":"https:\/\/roveyayinevi.com.tr\/index.php\/wp-json\/wp\/v2\/types\/product"}],"wp:attachment":[{"href":"https:\/\/roveyayinevi.com.tr\/index.php\/wp-json\/wp\/v2\/media?parent=751890"}],"wp:term":[{"taxonomy":"product_brand","embeddable":true,"href":"https:\/\/roveyayinevi.com.tr\/index.php\/wp-json\/wp\/v2\/product_brand?post=751890"},{"taxonomy":"product_cat","embeddable":true,"href":"https:\/\/roveyayinevi.com.tr\/index.php\/wp-json\/wp\/v2\/product_cat?post=751890"},{"taxonomy":"product_tag","embeddable":true,"href":"https:\/\/roveyayinevi.com.tr\/index.php\/wp-json\/wp\/v2\/product_tag?post=751890"}],"curies":[{"name":"wp","href":"https:\/\/api.w.org\/{rel}","templated":true}]}}