{"id":751889,"date":"2025-08-28T05:01:24","date_gmt":"2025-08-28T02:01:24","guid":{"rendered":"https:\/\/roveyayinevi.com.tr\/index.php\/urun\/uluslarin-zenginligi-iii\/"},"modified":"2026-04-16T03:05:28","modified_gmt":"2026-04-16T00:05:28","slug":"uluslarin-zenginligi-iii","status":"publish","type":"product","link":"https:\/\/roveyayinevi.com.tr\/index.php\/urun\/uluslarin-zenginligi-iii\/","title":{"rendered":"Uluslar\u0131n Zenginli\u011fi III"},"content":{"rendered":"<p>\u201cAhlaki Duygular Teorisi\u201d kitab\u0131ndan sonra kaleme ald\u0131\u011f\u0131 \u201cUluslar\u0131n Zenginli\u011fi\u201d ile hakk\u0131nda en \u00e7ok konu\u015fulan d\u00fc\u015f\u00fcn\u00fcrlerden biri olan Adam Smith, ayn\u0131 zamanda modern iktisat biliminin de entelekt\u00fcel kurucusu olarak kabul edilir.   Adam Smith hakk\u0131nda yap\u0131lan en \u00f6nemli spek\u00fclasyonlar ise iktisadi davran\u0131\u015flar\u0131n temellerini ki\u015fisel \u00e7\u0131kar gibi tek bir g\u00fcd\u00fcye dayand\u0131rm\u0131\u015f olmas\u0131 ve devlet ayg\u0131t\u0131n\u0131n piyasadan elini &#8220;tamam\u0131yla&#8221; \u00e7ekmesi gerekti\u011fini d\u00fc\u015f\u00fcnmesidir. Her ne kadar &#8220;sivil toplum&#8221; anlay\u0131\u015f\u0131n\u0131n kurucular\u0131ndan olsa da Adam Smith asl\u0131nda piyasalar\u0131n rol\u00fcne de ele\u015ftirel bir tutumla yakla\u015fm\u0131\u015f, devletin, piyasay\u0131 tamamlayaca\u011f\u0131 alanlar\u0131n oldu\u011funu savunmu\u015ftur. \u0130lk kitapta ekonomik faaliyetleri emek, k\u00e2r, \u00fcretim alanlar\u0131 ve bi\u00e7imleri, i\u015f b\u00f6l\u00fcm\u00fc, do\u011fal kaynaklar gibi iktisadi kavramlar \u00fczerinden titizlikle a\u00e7\u0131klayan Smith, ikinci ciltte ekonomik sistemleri incelemi\u015f ve co\u011fafi ke\u015fiflerin etkileri \u00fczerine e\u011filmi\u015ftir. Elinizde tuttu\u011funuz \u00fc\u00e7\u00fcnc\u00fc ciltte ise devlete odaklanan; devletin ve ona ba\u011fl\u0131 yurtta\u015flar\u0131n bir t\u00fcr i\u015fbirli\u011fi ve dayan\u0131\u015fma i\u00e7inde ya\u015famas\u0131 gerekti\u011fini savunan Smith&#8217;in, devletin harcamalar\u0131 ve vergilendirme politikalar\u0131 \u00fczerinden vard\u0131\u011f\u0131 sonu\u00e7lar iki y\u00fczy\u0131l \u00f6ncesinden g\u00fcn\u00fcm\u00fcze halen g\u00fcncelli\u011fini korumaktad\u0131r.   Daha \u00f6nce ilk iki cildini yay\u0131mlad\u0131\u011f\u0131m\u0131z \u201cUluslar\u0131n Zenginli\u011fi\u201dnin \u00fc\u00e7\u00fcnc\u00fc cildini T\u00fcrk\u00e7eye kazand\u0131rman\u0131n bir g\u00f6rev oldu\u011fu bilinciyle, Smith\u2019in zaman\u0131n \u00f6tesinden g\u00fcn\u00fcm\u00fcze ula\u015fan sesini okura ula\u015ft\u0131r\u0131yoruz. &#8220;Uluslar\u0131n Zenginli\u011fi&#8221;, yaln\u0131zca iktisat\u00e7\u0131lara de\u011fil, g\u00fcn\u00fcm\u00fcz\u00fc anlamak isteyen her t\u00fcrden okuyucuya yeni ufuklar a\u00e7maya devam ediyor&#8230;<\/p>\n","protected":false},"excerpt":{"rendered":"<p>\u201cAhlaki Duygular Teorisi\u201d kitab\u0131ndan sonra kaleme ald\u0131\u011f\u0131 \u201cUluslar\u0131n Zenginli\u011fi\u201d ile hakk\u0131nda en \u00e7ok konu\u015fulan d\u00fc\u015f\u00fcn\u00fcrlerden biri olan Adam Smith, ayn\u0131 zamanda modern iktisat biliminin de entelekt\u00fcel<span class=\"excerpt-hellip\"> [\u2026]<\/span><\/p>\n","protected":false},"featured_media":0,"template":"","meta":{"_monsterinsights_skip_tracking":false,"_monsterinsights_sitenote_active":false,"_monsterinsights_sitenote_note":"","_monsterinsights_sitenote_category":0},"product_brand":[],"product_cat":[20333,13043],"product_tag":[],"class_list":{"0":"post-751889","1":"product","2":"type-product","3":"status-publish","5":"product_cat-diger-ekonomi","6":"product_cat-ekonomi","7":"pa_cilt-ciltsiz","8":"pa_tur-kitap","9":"pa_yayinevi-islik-yayinlari","10":"pa_yazar-adam-smith","12":"first","13":"instock","14":"sale","15":"shipping-taxable","16":"purchasable","17":"product-type-simple"},"_links":{"self":[{"href":"https:\/\/roveyayinevi.com.tr\/index.php\/wp-json\/wp\/v2\/product\/751889","targetHints":{"allow":["GET"]}}],"collection":[{"href":"https:\/\/roveyayinevi.com.tr\/index.php\/wp-json\/wp\/v2\/product"}],"about":[{"href":"https:\/\/roveyayinevi.com.tr\/index.php\/wp-json\/wp\/v2\/types\/product"}],"wp:attachment":[{"href":"https:\/\/roveyayinevi.com.tr\/index.php\/wp-json\/wp\/v2\/media?parent=751889"}],"wp:term":[{"taxonomy":"product_brand","embeddable":true,"href":"https:\/\/roveyayinevi.com.tr\/index.php\/wp-json\/wp\/v2\/product_brand?post=751889"},{"taxonomy":"product_cat","embeddable":true,"href":"https:\/\/roveyayinevi.com.tr\/index.php\/wp-json\/wp\/v2\/product_cat?post=751889"},{"taxonomy":"product_tag","embeddable":true,"href":"https:\/\/roveyayinevi.com.tr\/index.php\/wp-json\/wp\/v2\/product_tag?post=751889"}],"curies":[{"name":"wp","href":"https:\/\/api.w.org\/{rel}","templated":true}]}}