{"id":751880,"date":"2025-08-28T05:01:13","date_gmt":"2025-08-28T02:01:13","guid":{"rendered":"https:\/\/roveyayinevi.com.tr\/index.php\/urun\/beyin-firtinasi\/"},"modified":"2026-04-16T03:05:28","modified_gmt":"2026-04-16T00:05:28","slug":"beyin-firtinasi","status":"publish","type":"product","link":"https:\/\/roveyayinevi.com.tr\/index.php\/urun\/beyin-firtinasi\/","title":{"rendered":"Beyin F\u0131rt\u0131nas\u0131"},"content":{"rendered":"<p>Sinirbilimci David J. Linden \u00f6nc\u00fc beyin ara\u015ft\u0131rmac\u0131lar\u0131yla muhabbet edip birlikte \u00e7ak\u0131rkeyif olduktan sonra her birine ayn\u0131 soruyu sorar: \u201cBeynin i\u015fleyi\u015fi konusunda d\u00fcnyaya a\u00e7\u0131klamay\u0131 en \u00e7ok istedi\u011fin fikir hangisi? \u201d Verdikleri yan\u0131tlar sonunda insan zihni ve onun olanaklar\u0131 hakk\u0131ndaki bilgimizi geni\u015fletmeyi ama\u00e7layan ve pop\u00fcler bilim denemelerinden olu\u015fan bu e\u015fsiz eser meydana gelir. Uzmanl\u0131k alanlar\u0131 aras\u0131nda insan davran\u0131\u015f\u0131, molek\u00fcler genetik, evrimsel biyoloji ve kar\u015f\u0131la\u015ft\u0131rmal\u0131 anatomi bulunan kat\u0131l\u0131mc\u0131lar, ki\u015filikten alg\u0131ya, \u00f6\u011frenmeye, g\u00fczelli\u011fe, sevgiye ve sekse kadar bir\u00e7ok b\u00fcy\u00fcleyici konuyu ele al\u0131r.   Yapt\u0131klar\u0131 son deneylerin ayr\u0131nt\u0131lar\u0131na girmez, s\u00f6yleyeceklerini terimlerle bo\u011fmazlar ve gayet net, ayd\u0131nlat\u0131c\u0131, \u00e7o\u011fu zaman da hi\u00e7 beklenmedik ve sezgiye ayk\u0131r\u0131 yan\u0131tlar verirler. Nihayetinde de bireysel deneyimlerin beynimizin yap\u0131s\u0131n\u0131 nas\u0131l dramatik bir \u015fekilde de\u011fi\u015ftirebildi\u011fini g\u00f6sterirler.   Profes\u00f6r Linden ve arkada\u015flar\u0131 hem bilim merakl\u0131lar\u0131n\u0131n hem de profesyonellerin eri\u015filebilir ve keyifli bulaca\u011f\u0131 b\u00fcy\u00fcleyici ve ayd\u0131nlat\u0131c\u0131 bir derleme ile insan zihninin yap\u0131s\u0131na ve sinirbilimin son teknoloji d\u00fcnyas\u0131na yeni bir pencere a\u00e7\u0131yor. <\/p>\n","protected":false},"excerpt":{"rendered":"<p>Sinirbilimci David J. Linden \u00f6nc\u00fc beyin ara\u015ft\u0131rmac\u0131lar\u0131yla muhabbet edip birlikte \u00e7ak\u0131rkeyif olduktan sonra her birine ayn\u0131 soruyu sorar: \u201cBeynin i\u015fleyi\u015fi konusunda d\u00fcnyaya a\u00e7\u0131klamay\u0131 en \u00e7ok istedi\u011fin<span class=\"excerpt-hellip\"> [\u2026]<\/span><\/p>\n","protected":false},"featured_media":0,"template":"","meta":{"_monsterinsights_skip_tracking":false,"_monsterinsights_sitenote_active":false,"_monsterinsights_sitenote_note":"","_monsterinsights_sitenote_category":0},"product_brand":[],"product_cat":[13005],"product_tag":[],"class_list":{"0":"post-751880","1":"product","2":"type-product","3":"status-publish","5":"product_cat-bilim-muhendislik","6":"pa_cilt-ciltsiz","7":"pa_tur-kitap","8":"pa_yayinevi-kolektif-kitap","9":"pa_yazar-david-j-linden","11":"first","12":"instock","13":"sale","14":"shipping-taxable","15":"purchasable","16":"product-type-simple"},"_links":{"self":[{"href":"https:\/\/roveyayinevi.com.tr\/index.php\/wp-json\/wp\/v2\/product\/751880","targetHints":{"allow":["GET"]}}],"collection":[{"href":"https:\/\/roveyayinevi.com.tr\/index.php\/wp-json\/wp\/v2\/product"}],"about":[{"href":"https:\/\/roveyayinevi.com.tr\/index.php\/wp-json\/wp\/v2\/types\/product"}],"wp:attachment":[{"href":"https:\/\/roveyayinevi.com.tr\/index.php\/wp-json\/wp\/v2\/media?parent=751880"}],"wp:term":[{"taxonomy":"product_brand","embeddable":true,"href":"https:\/\/roveyayinevi.com.tr\/index.php\/wp-json\/wp\/v2\/product_brand?post=751880"},{"taxonomy":"product_cat","embeddable":true,"href":"https:\/\/roveyayinevi.com.tr\/index.php\/wp-json\/wp\/v2\/product_cat?post=751880"},{"taxonomy":"product_tag","embeddable":true,"href":"https:\/\/roveyayinevi.com.tr\/index.php\/wp-json\/wp\/v2\/product_tag?post=751880"}],"curies":[{"name":"wp","href":"https:\/\/api.w.org\/{rel}","templated":true}]}}