{"id":751868,"date":"2025-08-28T05:00:57","date_gmt":"2025-08-28T02:00:57","guid":{"rendered":"https:\/\/roveyayinevi.com.tr\/index.php\/urun\/medikal-medyum\/"},"modified":"2026-04-16T03:05:27","modified_gmt":"2026-04-16T00:05:27","slug":"medikal-medyum","status":"publish","type":"product","link":"https:\/\/roveyayinevi.com.tr\/index.php\/urun\/medikal-medyum\/","title":{"rendered":"Medikal Medyum"},"content":{"rendered":"<p>MED\u0130KAL MEDYUM SER\u0130S\u0130N\u0130N \u0130LK K\u0130TABIG\u00d6ZDEN GE\u00c7\u0130R\u0130LM\u0130\u015e VE GEN\u0130\u015eLET\u0130LM\u0130\u015eZAMANIN \u00c7OK \u00d6TES\u0130NE GE\u00c7M\u0130\u015e B\u0130R \u015e\u0130FA B\u0130LGEL\u0130\u011e\u0130T\u0131bb\u0131n, ac\u0131lar\u0131n\u0131z\u0131n ger\u00e7ek sebebini ve tedavi yolunu ke\u015ffetmesi i\u00e7in bekleyecek 20 y\u0131l\u0131n\u0131z daha var m\u0131?Birinin sizi -hemen \u015fu anda- iyile\u015ftirmesinin bedeli ne olurdu?New York Times #1 \u00e7oksatan yazarlar\u0131ndan Anthony William, devrim niteli\u011findeki sezgileri veg\u00fcn\u00fcm\u00fczde daha da \u00f6ne \u00e7\u0131kan yetenekleriyle geri d\u00f6n\u00fcyor. Sa\u011fl\u0131k problemlerinizin sebeplerini vea\u015fa\u011f\u0131da listesini g\u00f6rd\u00fc\u011f\u00fcn\u00fcz iki d\u00fczineden fazla rahats\u0131zl\u0131ktan nas\u0131l kurtulaca\u011f\u0131n\u0131z\u0131 ke\u015ffedin. A\u011eRILAR &amp; SANCILAR\u2022 DEHB\u2022 ADRENAL YORGUNLUK\u2022 YA\u015eLANMA\u2022 ALZHEIMER\u2022 OT\u0130ZM\u2022 OTO\u0130MM\u00dcNRAHATSIZLIKLAR\u2022 BELL PALS\u0130S\u0130\u2022 BEY\u0130N S\u0130S\u0130\u2022 KAND\u0130DA\u2022 KRON\u0130K YORGUNLUKSENDROMUKOL\u0130T\u2022 DEPRESYON &amp;ANKS\u0130YETE \u2022 D\u0130YABET VEH\u0130POGL\u0130SEM\u0130\u2022 S\u0130ND\u0130R\u0130MBOZUKLUKLARI\u2022 BA\u015e D\u00d6NMES\u0130\u2022 EPSTE\u0130N BARR V\u0130R\u00dcS\u00dc\u2022 F\u0130BROM\u0130YALJ\u0130\u2022 DONUK OMUZ\u2022 \u0130LT\u0130HAPLANMA\u2022 SIZINTILI BA\u011eIRSAKSENDROMU\u2022 LUPUS\u2022 LYME HASTALI\u011eI\u2022 MENOPOZSEMPTOMLARI\u2022 M\u0130GRENLER VE BA\u015eA\u011eRILARI \u2022 MULT\u0130PL SKLEROZ (MS)\u2022 N\u00d6ROLOJ\u0130K BEL\u0130RT\u0130LER\u2022 \u00c2DET \u00d6NCES\u0130SENDROMU (PMS)\u2022 DO\u011eUM SONRASIYORGUNLU\u011eU\u2022 TSSB\u2022 ROMAT\u0130ZMAL EKLEM\u0130LT\u0130HABI\u2022 ZONA HASTALI\u011eI\u2022 T\u0130RO\u0130T HASTALIKLARI\u2022 KARINCALANMA VEUYU\u015eMALAR\u2022 TME &amp; \u00c7ENE A\u011eRISI\u2022 VERT\u0130GO VE KULAK\u00c7INLAMASI \u201cKonu\u015fmam\u0131z\u0131n ilk \u00fc\u00e7 dakikas\u0131nda Anthony, sa\u011fl\u0131k sorunumu tam olarak tan\u0131mlad\u0131!Bu \u015fifac\u0131 ger\u00e7ekten ne dedi\u011fini biliyor. Anthony\u2019nin Medikal Medyum olarak t\u0131bbi yetenekleri benzersiz ve b\u00fcy\u00fcleyici.\u201d \u2014 Alejandro Junger, New York Times\u2019\u0131n \u00e7oksatan kitaplar\u0131 Clean, Clean Eats, Clean Gutve Clean 7\u2019\u0131n yazar\u0131; b\u00fcy\u00fck ilgi g\u00f6ren Clean Program\u0131\u2019n\u0131n yarat\u0131c\u0131s\u0131 <\/p>\n","protected":false},"excerpt":{"rendered":"<p>MED\u0130KAL MEDYUM SER\u0130S\u0130N\u0130N \u0130LK K\u0130TABIG\u00d6ZDEN GE\u00c7\u0130R\u0130LM\u0130\u015e VE GEN\u0130\u015eLET\u0130LM\u0130\u015eZAMANIN \u00c7OK \u00d6TES\u0130NE GE\u00c7M\u0130\u015e B\u0130R \u015e\u0130FA B\u0130LGEL\u0130\u011e\u0130T\u0131bb\u0131n, ac\u0131lar\u0131n\u0131z\u0131n ger\u00e7ek sebebini ve tedavi yolunu ke\u015ffetmesi i\u00e7in bekleyecek 20 y\u0131l\u0131n\u0131z daha<span class=\"excerpt-hellip\"> [\u2026]<\/span><\/p>\n","protected":false},"featured_media":0,"template":"","meta":{"_monsterinsights_skip_tracking":false,"_monsterinsights_sitenote_active":false,"_monsterinsights_sitenote_note":"","_monsterinsights_sitenote_category":0},"product_brand":[],"product_cat":[13365],"product_tag":[],"class_list":{"0":"post-751868","1":"product","2":"type-product","3":"status-publish","5":"product_cat-saglik","6":"pa_cilt-ciltsiz","7":"pa_tur-kitap","8":"pa_yayinevi-nemesis-kitap","9":"pa_yazar-anthony-william","11":"first","12":"instock","13":"sale","14":"shipping-taxable","15":"purchasable","16":"product-type-simple"},"_links":{"self":[{"href":"https:\/\/roveyayinevi.com.tr\/index.php\/wp-json\/wp\/v2\/product\/751868","targetHints":{"allow":["GET"]}}],"collection":[{"href":"https:\/\/roveyayinevi.com.tr\/index.php\/wp-json\/wp\/v2\/product"}],"about":[{"href":"https:\/\/roveyayinevi.com.tr\/index.php\/wp-json\/wp\/v2\/types\/product"}],"wp:attachment":[{"href":"https:\/\/roveyayinevi.com.tr\/index.php\/wp-json\/wp\/v2\/media?parent=751868"}],"wp:term":[{"taxonomy":"product_brand","embeddable":true,"href":"https:\/\/roveyayinevi.com.tr\/index.php\/wp-json\/wp\/v2\/product_brand?post=751868"},{"taxonomy":"product_cat","embeddable":true,"href":"https:\/\/roveyayinevi.com.tr\/index.php\/wp-json\/wp\/v2\/product_cat?post=751868"},{"taxonomy":"product_tag","embeddable":true,"href":"https:\/\/roveyayinevi.com.tr\/index.php\/wp-json\/wp\/v2\/product_tag?post=751868"}],"curies":[{"name":"wp","href":"https:\/\/api.w.org\/{rel}","templated":true}]}}