{"id":751859,"date":"2025-08-28T05:00:47","date_gmt":"2025-08-28T02:00:47","guid":{"rendered":"https:\/\/roveyayinevi.com.tr\/index.php\/urun\/erken-ergenlik-doneminde-spor-egitimi-ve-ayak-basinc-dagilimi\/"},"modified":"2026-04-16T03:05:27","modified_gmt":"2026-04-16T00:05:27","slug":"erken-ergenlik-doneminde-spor-egitimi-ve-ayak-basinc-dagilimi","status":"publish","type":"product","link":"https:\/\/roveyayinevi.com.tr\/index.php\/urun\/erken-ergenlik-doneminde-spor-egitimi-ve-ayak-basinc-dagilimi\/","title":{"rendered":"Erken Ergenlik D\u00f6neminde Spor E\u011fitimi ve Ayak Bas\u0131n\u00e7 Da\u011f\u0131l\u0131m\u0131"},"content":{"rendered":"<p>\u0130\u00e7indekiler     1. B\u00d6L\u00dcM Spor ve Spor E\u011fitimi Ergenlik D\u00f6nemleri ve Spor E\u011fitimi Erken Ergenlik (11-14 ya\u015f) D\u00f6nemi ve Spor E\u011fitimi Orta Ergenlik (14-17 ya\u015f) D\u00f6nemi ve Spor E\u011fitimi Ge\u00e7 Ergenlik (17-21 ya\u015f) D\u00f6nemi ve Spor E\u011fitimi   2. B\u00d6L\u00dcM Ayak-Ayak Bile\u011fi Fonksiyonel Anatomisi Kemikler Ayak Eklem ve Ba\u011flar\u0131 Ayak bile\u011fi eklemi (Talocrual) Subtalar (Talocalcaneal) Eklem Midtarsal Eklem (Chopart Eklemi) Tarsometatarsal eklem Metatarsofalangeal eklem \u0130nterfalangeal eklem Aya\u011f\u0131n Yumu\u015fak Doku ve Kaslar\u0131 Ayak Kaslar\u0131 Aya\u011f\u0131n Arklar\u0131   3.B\u00d6L\u00dcM \u00c7ocukluk \u00c7a\u011f\u0131nda Ayak Geli\u015fimi   4.B\u00d6L\u00dcM Ayak Problemleri D\u00fcz Taban (Pes planus) Y\u00fcksek Taban Halluks Valgus   5.B\u00d6L\u00dcM Ayak Taban Bas\u0131nc\u0131 ve Pedobarografik \u00d6l\u00e7\u00fcm \u00d6zellikleri Statik Pedobarografik De\u011ferlendirme Dinamik \u00d6l\u00e7\u00fcm Pedobarografik De\u011ferlendirme   6.B\u00d6L\u00dcM Spor E\u011fitiminin Ayak Bas\u0131n\u00e7 Da\u011f\u0131l\u0131m\u0131na Etkisi Spor Yapan Erken Ergenler Ayak Bas\u0131n\u00e7 Da\u011f\u0131l\u0131m\u0131 VK\u0130 De\u011fi\u015fkeni Ya\u015f-Cinsiyet De\u011fi\u015fkenleri Ayakkab\u0131 Tercihi Ayakkab\u0131 Numara Tercihi   KAYNAKLAR<\/p>\n","protected":false},"excerpt":{"rendered":"<p>\u0130\u00e7indekiler 1. B\u00d6L\u00dcM Spor ve Spor E\u011fitimi Ergenlik D\u00f6nemleri ve Spor E\u011fitimi Erken Ergenlik (11-14 ya\u015f) D\u00f6nemi ve Spor E\u011fitimi Orta Ergenlik (14-17 ya\u015f) D\u00f6nemi ve<span class=\"excerpt-hellip\"> [\u2026]<\/span><\/p>\n","protected":false},"featured_media":0,"template":"","meta":{"_monsterinsights_skip_tracking":false,"_monsterinsights_sitenote_active":false,"_monsterinsights_sitenote_note":"","_monsterinsights_sitenote_category":0},"product_brand":[],"product_cat":[15563,15564],"product_tag":[],"class_list":{"0":"post-751859","1":"product","2":"type-product","3":"status-publish","5":"product_cat-hobi","6":"product_cat-spor","7":"pa_cilt-ciltsiz","8":"pa_tur-kitap","9":"pa_yayinevi-gazi-kitabevi","10":"pa_yazar-aylin-ozge-pekel","12":"first","13":"instock","14":"sale","15":"shipping-taxable","16":"purchasable","17":"product-type-simple"},"_links":{"self":[{"href":"https:\/\/roveyayinevi.com.tr\/index.php\/wp-json\/wp\/v2\/product\/751859","targetHints":{"allow":["GET"]}}],"collection":[{"href":"https:\/\/roveyayinevi.com.tr\/index.php\/wp-json\/wp\/v2\/product"}],"about":[{"href":"https:\/\/roveyayinevi.com.tr\/index.php\/wp-json\/wp\/v2\/types\/product"}],"wp:attachment":[{"href":"https:\/\/roveyayinevi.com.tr\/index.php\/wp-json\/wp\/v2\/media?parent=751859"}],"wp:term":[{"taxonomy":"product_brand","embeddable":true,"href":"https:\/\/roveyayinevi.com.tr\/index.php\/wp-json\/wp\/v2\/product_brand?post=751859"},{"taxonomy":"product_cat","embeddable":true,"href":"https:\/\/roveyayinevi.com.tr\/index.php\/wp-json\/wp\/v2\/product_cat?post=751859"},{"taxonomy":"product_tag","embeddable":true,"href":"https:\/\/roveyayinevi.com.tr\/index.php\/wp-json\/wp\/v2\/product_tag?post=751859"}],"curies":[{"name":"wp","href":"https:\/\/api.w.org\/{rel}","templated":true}]}}