{"id":751843,"date":"2025-08-28T05:00:27","date_gmt":"2025-08-28T02:00:27","guid":{"rendered":"https:\/\/roveyayinevi.com.tr\/index.php\/urun\/inonu-ve-demokratlar\/"},"modified":"2026-04-16T03:05:27","modified_gmt":"2026-04-16T00:05:27","slug":"inonu-ve-demokratlar","status":"publish","type":"product","link":"https:\/\/roveyayinevi.com.tr\/index.php\/urun\/inonu-ve-demokratlar\/","title":{"rendered":"\u0130n\u00f6n\u00fc Ve Demokratlar"},"content":{"rendered":"<p>\u0130ttihat ve Terakki d\u00f6neminden beri T\u00fcrkiye\u2019de \u00e7ok partili sistem m\u00fccadelesi, daha \u00e7ok iktidardaki ve muhalefetteki partiler aras\u0131nda s\u00fcrd\u00fcr\u00fclmesine ra\u011fmen, siyasi m\u00fccadele asl\u0131nda karizmatik bir lidere kar\u015f\u0131 bir parti mensuplar\u0131n\u0131n m\u00fccadelesi \u015feklinde ge\u00e7mi\u015ftir. Bunun ilk \u00f6rne\u011fi T\u00fcrkiye Cumhuriyeti\u2019nin kurucular\u0131ndan \u0130smet \u0130n\u00f6n\u00fc\u2019ye kar\u015f\u0131 Demokrat Partililerin m\u00fccadelesidir. 1945\u2019te II. D\u00fcnya Sava\u015f\u0131 gailesinden T\u00fcrkiye\u2019yi sa\u011f salim \u00e7\u0131kard\u0131ktan sonra, d\u00fcnya \u015fartlar\u0131n\u0131n de\u011fi\u015fmesinin de etkisiyle \u00e7ok partili sistemi yeniden ba\u015flatan Cumhurba\u015fkan\u0131 \u0130n\u00f6n\u00fc, 1946-1960 aras\u0131 d\u00f6nemde Demokratlar ile bahar\u0131 \u00e7ok az olan, daha \u00e7ok f\u0131rt\u0131nal\u0131 ge\u00e7en bir ili\u015fki s\u00fcreci ya\u015fam\u0131\u015ft\u0131r. Elinizdeki kitapta, ini\u015fli \u00e7\u0131k\u0131\u015fl\u0131 bu d\u00f6nemin belgelere dayal\u0131 hik\u00e2yesi yer almaktad\u0131r.\u201c\u2026varmak istedi\u011fim netice ba\u015fl\u0131ca iki parti aras\u0131nda temel \u015fart\u0131n, yani emniyetin yerle\u015fmesidir\u2026\u201d Cumhurba\u015fkan\u0131 \u0130smet \u0130n\u00f6n\u00fc-12 Temmuz 1947\u201cYeni bir taktik olarak m\u00fctemadiyen \u015fiddetten bahsolunmaktad\u0131r. \u0130nsaf edilsin, kim kime \u015fiddet g\u00f6stermi\u015f ve bask\u0131 yapm\u0131\u015ft\u0131r? Kim kime bask\u0131 yapma\u011fa ve \u015fiddet g\u00f6sterme\u011fe muktedirdir?\u201d Cel\u00e2l Bayar-2 Ekim 1949\u201cAram\u0131zdaki fark\u0131 bilelim, biz mutlak\u0131yetten bug\u00fcne geldik. Siz ise bug\u00fcnden mutlak\u0131yete gidiyorsunuz\u2026\u201d \u0130smet \u0130n\u00f6n\u00fc-27 Haziran 1956<\/p>\n","protected":false},"excerpt":{"rendered":"<p>\u0130ttihat ve Terakki d\u00f6neminden beri T\u00fcrkiye\u2019de \u00e7ok partili sistem m\u00fccadelesi, daha \u00e7ok iktidardaki ve muhalefetteki partiler aras\u0131nda s\u00fcrd\u00fcr\u00fclmesine ra\u011fmen, siyasi m\u00fccadele asl\u0131nda karizmatik bir lidere kar\u015f\u0131<span class=\"excerpt-hellip\"> [\u2026]<\/span><\/p>\n","protected":false},"featured_media":0,"template":"","meta":{"_monsterinsights_skip_tracking":false,"_monsterinsights_sitenote_active":false,"_monsterinsights_sitenote_note":"","_monsterinsights_sitenote_category":0},"product_brand":[],"product_cat":[13059,12337],"product_tag":[],"class_list":{"0":"post-751843","1":"product","2":"type-product","3":"status-publish","5":"product_cat-diger-politika-siyaset","6":"product_cat-politika-siyaset","7":"pa_cilt-ciltsiz","8":"pa_tur-kitap","9":"pa_yayinevi-cumhuriyet-kitaplari","10":"pa_yazar-ahmet-gulen","12":"first","13":"instock","14":"sale","15":"shipping-taxable","16":"purchasable","17":"product-type-simple"},"_links":{"self":[{"href":"https:\/\/roveyayinevi.com.tr\/index.php\/wp-json\/wp\/v2\/product\/751843","targetHints":{"allow":["GET"]}}],"collection":[{"href":"https:\/\/roveyayinevi.com.tr\/index.php\/wp-json\/wp\/v2\/product"}],"about":[{"href":"https:\/\/roveyayinevi.com.tr\/index.php\/wp-json\/wp\/v2\/types\/product"}],"wp:attachment":[{"href":"https:\/\/roveyayinevi.com.tr\/index.php\/wp-json\/wp\/v2\/media?parent=751843"}],"wp:term":[{"taxonomy":"product_brand","embeddable":true,"href":"https:\/\/roveyayinevi.com.tr\/index.php\/wp-json\/wp\/v2\/product_brand?post=751843"},{"taxonomy":"product_cat","embeddable":true,"href":"https:\/\/roveyayinevi.com.tr\/index.php\/wp-json\/wp\/v2\/product_cat?post=751843"},{"taxonomy":"product_tag","embeddable":true,"href":"https:\/\/roveyayinevi.com.tr\/index.php\/wp-json\/wp\/v2\/product_tag?post=751843"}],"curies":[{"name":"wp","href":"https:\/\/api.w.org\/{rel}","templated":true}]}}

İnönü Ve Demokratlar

<p>İttihat ve Terakki döneminden beri Türkiye’de çok partili sistem mücadelesi, daha çok iktidardaki ve muhalefetteki partiler arasında sürdürülmesine rağmen, siyasi mücadele aslında karizmatik bir lidere karşı bir parti mensuplarının mücadelesi şeklinde geçmiştir. Bunun ilk örneği Türkiye Cumhuriyeti’nin kurucularından İsmet İnönü’ye karşı Demokrat Partililerin mücadelesidir. 1945’te II. Dünya Savaşı gailesinden Türkiye’yi sağ salim çıkardıktan sonra, dünya şartlarının değişmesinin de etkisiyle çok partili sistemi yeniden başlatan Cumhurbaşkanı İnönü, 1946-1960 arası dönemde Demokratlar ile baharı çok az olan, daha çok fırtınalı geçen bir ilişki süreci yaşamıştır. Elinizdeki kitapta, inişli çıkışlı bu dönemin belgelere dayalı hikâyesi yer almaktadır.“…varmak istediğim netice başlıca iki parti arasında temel şartın, yani emniyetin yerleşmesidir…” Cumhurbaşkanı İsmet İnönü-12 Temmuz 1947“Yeni bir taktik olarak mütemadiyen şiddetten bahsolunmaktadır. İnsaf edilsin, kim kime şiddet göstermiş ve baskı yapmıştır? Kim kime baskı yapmağa ve şiddet göstermeğe muktedirdir?” Celâl Bayar-2 Ekim 1949“Aramızdaki farkı bilelim, biz mutlakıyetten bugüne geldik. Siz ise bugünden mutlakıyete gidiyorsunuz…” İsmet İnönü-27 Haziran 1956</p>

<p>İttihat ve Terakki döneminden beri Türkiye’de çok partili sistem mücadelesi, daha çok iktidardaki ve muhalefetteki partiler arasında sürdürülmesine rağmen, siyasi mücadele aslında karizmatik bir lidere karşı<span class="excerpt-hellip"> […]</span></p>
