{"id":751830,"date":"2025-08-28T05:00:06","date_gmt":"2025-08-28T02:00:06","guid":{"rendered":"https:\/\/roveyayinevi.com.tr\/index.php\/urun\/gec-kalmis-kitap\/"},"modified":"2026-04-16T03:05:26","modified_gmt":"2026-04-16T00:05:26","slug":"gec-kalmis-kitap","status":"publish","type":"product","link":"https:\/\/roveyayinevi.com.tr\/index.php\/urun\/gec-kalmis-kitap\/","title":{"rendered":"Ge\u00e7 Kalm\u0131\u015f Kitap"},"content":{"rendered":"<p>Mediha Berkes Esenel&#8217;in do\u011fumu Birinci D\u00fcnya Sava\u015f\u0131 y\u0131llar\u0131na rastlar. Orta, lise, Dar\u00fclf\u00fcnun (1933&#8217;te \u0130stanbul \u00dcniversitesi ad\u0131n\u0131 al\u0131yor) derken Chicago \u00dcniversitesi. \u0130kinci Sava\u015f ba\u015f g\u00f6stermeden e\u015fi Niyazi Berkes&#8217;le birlikte Amerika&#8217;dan T\u00fcrkiye&#8217;ye d\u00f6ner. Sosyal antropoloji e\u011fitimini k\u00f6y ara\u015ft\u0131rmalar\u0131nda kullan\u0131r. K\u00f6y Enstit\u00fcleri&#8217;ne hayranl\u0131k duyar. Ancak bu ara\u015ft\u0131rmalar dikkat \u00e7eker. Devletten para almadan yap\u0131lan bu \u00e7al\u0131\u015fmalar\u0131 acaba Moskova m\u0131 destekliyordu? 1940&#8217;lar\u0131n sa\u011f e\u011filimli ortam\u0131nda ya\u015fam sava\u015f\u0131 verir. Bu arada ara\u015ft\u0131rma ve bilimsel \u00fcretimden kopar\u2026 ta ki elinizdeki bu kitab\u0131 yazana kadar.   &#8220;Ben k\u00fc\u00e7\u00fck ya\u015ftan beri, Atat\u00fcrk devrimlerini b\u00fcy\u00fck bir co\u015fku ile izlemeye al\u0131\u015fm\u0131\u015ft\u0131m. T\u00fcrk kad\u0131n\u0131na en b\u00fcy\u00fck deste\u011fi sa\u011flayan Atat\u00fcrk, kad\u0131nlar\u0131n Kurtulu\u015f Sava\u015f\u0131&#8217;nda vatan u\u011fruna ne b\u00fcy\u00fck fedak\u00e2rl\u0131klar\u0131n\u0131 g\u00f6rm\u00fc\u015f, onlar\u0131n hi\u00e7bir alanda erkeklerden a\u015fa\u011f\u0131 kalmayaca\u011f\u0131na inanm\u0131\u015ft\u0131.&#8221;   &#8220;Ben k\u00f6ye Atat\u00fcrk devrimleri ile yeti\u015fmi\u015f, doktora d\u00fczeyinde ara\u015ft\u0131rma yapan bir toplumbilimci ve e\u011fitimci olarak gittim. Geni\u015f anlam\u0131yla amac\u0131m, Atat\u00fcrk devrimlerinin k\u00f6yde ne dereceye kadar benimsendi\u011fini saptamak, k\u00f6y\u00fcn bu devrimlerin do\u011frultusunda geli\u015fmesine yard\u0131m edecek bilgileri toplamakt\u0131.&#8221; <\/p>\n","protected":false},"excerpt":{"rendered":"<p>Mediha Berkes Esenel&#8217;in do\u011fumu Birinci D\u00fcnya Sava\u015f\u0131 y\u0131llar\u0131na rastlar. Orta, lise, Dar\u00fclf\u00fcnun (1933&#8217;te \u0130stanbul \u00dcniversitesi ad\u0131n\u0131 al\u0131yor) derken Chicago \u00dcniversitesi. \u0130kinci Sava\u015f ba\u015f g\u00f6stermeden e\u015fi Niyazi<span class=\"excerpt-hellip\"> [\u2026]<\/span><\/p>\n","protected":false},"featured_media":0,"template":"","meta":{"_monsterinsights_skip_tracking":false,"_monsterinsights_sitenote_active":false,"_monsterinsights_sitenote_note":"","_monsterinsights_sitenote_category":0},"product_brand":[],"product_cat":[12312,12304],"product_tag":[],"class_list":{"0":"post-751830","1":"product","2":"type-product","3":"status-publish","5":"product_cat-diger","6":"product_cat-tarih","7":"pa_cilt-ciltsiz","8":"pa_tur-kitap","9":"pa_yayinevi-pinhan-yayincilik","10":"pa_yazar-mediha-berkes-esenel","12":"first","13":"instock","14":"sale","15":"shipping-taxable","16":"purchasable","17":"product-type-simple"},"_links":{"self":[{"href":"https:\/\/roveyayinevi.com.tr\/index.php\/wp-json\/wp\/v2\/product\/751830","targetHints":{"allow":["GET"]}}],"collection":[{"href":"https:\/\/roveyayinevi.com.tr\/index.php\/wp-json\/wp\/v2\/product"}],"about":[{"href":"https:\/\/roveyayinevi.com.tr\/index.php\/wp-json\/wp\/v2\/types\/product"}],"wp:attachment":[{"href":"https:\/\/roveyayinevi.com.tr\/index.php\/wp-json\/wp\/v2\/media?parent=751830"}],"wp:term":[{"taxonomy":"product_brand","embeddable":true,"href":"https:\/\/roveyayinevi.com.tr\/index.php\/wp-json\/wp\/v2\/product_brand?post=751830"},{"taxonomy":"product_cat","embeddable":true,"href":"https:\/\/roveyayinevi.com.tr\/index.php\/wp-json\/wp\/v2\/product_cat?post=751830"},{"taxonomy":"product_tag","embeddable":true,"href":"https:\/\/roveyayinevi.com.tr\/index.php\/wp-json\/wp\/v2\/product_tag?post=751830"}],"curies":[{"name":"wp","href":"https:\/\/api.w.org\/{rel}","templated":true}]}}