{"id":751810,"date":"2025-08-28T04:59:07","date_gmt":"2025-08-28T01:59:07","guid":{"rendered":"https:\/\/roveyayinevi.com.tr\/index.php\/urun\/sen-gidersen-kim-sular-feslegenleri\/"},"modified":"2025-10-27T03:02:08","modified_gmt":"2025-10-27T00:02:08","slug":"sen-gidersen-kim-sular-feslegenleri","status":"publish","type":"product","link":"https:\/\/roveyayinevi.com.tr\/index.php\/urun\/sen-gidersen-kim-sular-feslegenleri\/","title":{"rendered":"Sen Gidersen Kim Sular Fesle\u011fenleri?"},"content":{"rendered":"<p>Ba\u015fka \u015fairlerin \u015fiirlerini k\u0131skand\u0131\u011f\u0131m oluyor tabii ki. Onlarla a\u015f\u0131k atacak da de\u011filim Muhte\u015fem g\u00fczellikte \u015fiirler okudum hayat\u0131m boyunca \u0130nan\u0131lmaz mutlu oldum Tabii ki d\u00fcnyan\u0131n en g\u00fczel \u015fiirini ben yazm\u0131yorum Haddimi bilirim Ama benim en g\u00fczel \u015fiirlerimi ben yaz\u0131yorum.   G\u00fcndelik ya\u015famda kar\u015f\u0131la\u015ft\u0131\u011f\u0131m\u0131z, bazen de kar\u015f\u0131la\u015fmaktan korktu\u011fumuz ne varsa dile geliyor \u0130mdat G\u00f6n\u00fclal\u2019\u0131n kaleminde. \u0130\u00e7ten, sevecen, yoksullu\u011fu umursamayan, y\u00fcre\u011fi zengin, karde\u015f\u00e7e payla\u015f\u0131m\u0131 \u00f6zleyen, umut dolu bir d\u00fcnya \u00f6zlemidir bekledi\u011fi. \u00c7ok mu?  Koca bir d\u00fcnyay\u0131 doldurur, anlatamad\u0131\u011f\u0131m\u0131z i\u00e7in i\u00e7imizde biriktirdi\u011fimiz umut da\u011flar\u0131. Binlerce olumsuzluk i\u00e7inde bir umutlu s\u00f6zc\u00fck \u0131\u015f\u0131l \u0131\u015f\u0131l parl\u0131yor ya, o yetiyor \u015fairi ayakta tutmaya. Az s\u00f6zle \u00e7ok \u015fey anlatan, \u00f6zden gelen, duru \u015fiirlerle kar\u015f\u0131la\u015facaks\u0131n\u0131z bu kitapta. Sad\u0131k G\u00fcven\u00e7 <\/p>\n","protected":false},"excerpt":{"rendered":"<p>Ba\u015fka \u015fairlerin \u015fiirlerini k\u0131skand\u0131\u011f\u0131m oluyor tabii ki. Onlarla a\u015f\u0131k atacak da de\u011filim Muhte\u015fem g\u00fczellikte \u015fiirler okudum hayat\u0131m boyunca \u0130nan\u0131lmaz mutlu oldum Tabii ki d\u00fcnyan\u0131n en g\u00fczel<span class=\"excerpt-hellip\"> [\u2026]<\/span><\/p>\n","protected":false},"featured_media":0,"template":"","meta":{"_monsterinsights_skip_tracking":false,"_monsterinsights_sitenote_active":false,"_monsterinsights_sitenote_note":"","_monsterinsights_sitenote_category":0},"product_brand":[],"product_cat":[12291,12509],"product_tag":[],"class_list":{"0":"post-751810","1":"product","2":"type-product","3":"status-publish","5":"product_cat-edebiyat","6":"product_cat-siir","7":"pa_cilt-ciltsiz","8":"pa_tur-kitap","9":"pa_yayinevi-karina-yayinevi","10":"pa_yazar-imdat-gonulal","12":"first","13":"instock","14":"sale","15":"shipping-taxable","16":"purchasable","17":"product-type-simple"},"_links":{"self":[{"href":"https:\/\/roveyayinevi.com.tr\/index.php\/wp-json\/wp\/v2\/product\/751810","targetHints":{"allow":["GET"]}}],"collection":[{"href":"https:\/\/roveyayinevi.com.tr\/index.php\/wp-json\/wp\/v2\/product"}],"about":[{"href":"https:\/\/roveyayinevi.com.tr\/index.php\/wp-json\/wp\/v2\/types\/product"}],"wp:attachment":[{"href":"https:\/\/roveyayinevi.com.tr\/index.php\/wp-json\/wp\/v2\/media?parent=751810"}],"wp:term":[{"taxonomy":"product_brand","embeddable":true,"href":"https:\/\/roveyayinevi.com.tr\/index.php\/wp-json\/wp\/v2\/product_brand?post=751810"},{"taxonomy":"product_cat","embeddable":true,"href":"https:\/\/roveyayinevi.com.tr\/index.php\/wp-json\/wp\/v2\/product_cat?post=751810"},{"taxonomy":"product_tag","embeddable":true,"href":"https:\/\/roveyayinevi.com.tr\/index.php\/wp-json\/wp\/v2\/product_tag?post=751810"}],"curies":[{"name":"wp","href":"https:\/\/api.w.org\/{rel}","templated":true}]}}