{"id":751803,"date":"2025-08-28T04:58:55","date_gmt":"2025-08-28T01:58:55","guid":{"rendered":"https:\/\/roveyayinevi.com.tr\/index.php\/urun\/ayi-dagi\/"},"modified":"2026-04-16T03:05:26","modified_gmt":"2026-04-16T00:05:26","slug":"ayi-dagi","status":"publish","type":"product","link":"https:\/\/roveyayinevi.com.tr\/index.php\/urun\/ayi-dagi\/","title":{"rendered":"Ay\u0131 Da\u011f\u0131"},"content":{"rendered":"<p>\u201cYeti\u015fkinler i\u00e7in dokunakl\u0131 bir k\u0131yamet sonras\u0131 fabl\u0131&#8230;Ursula K. Le Guin\u2019in onay\u0131n\u0131 al\u0131rd\u0131.\u201d\u2014Kirkus Reviews Ulusal Kitap \u00d6d\u00fcl\u00fc finalisti Andrew Krivak&#8217;tan,d\u00fcnyada kalan son iki insan\u0131n muhte\u015fem \u00f6yk\u00fcs\u00fc! \u0130nsan \u0131rk\u0131ndan yaln\u0131z iki ki\u015finin geriye kald\u0131\u011f\u0131, tahayy\u00fcl\u00fc epey zor bir gelecekte ad\u0131n\u0131 bilmedi\u011fimiz bir baba ve k\u0131z\u0131, do\u011faya yak\u0131n bir hayat s\u00fcrmektedirler. Medeniyetten kalanlar, an\u0131msamas\u0131 zor, eski an\u0131lar gibidir art\u0131k; birka\u00e7 kitap, bir cam levha, bir \u00e7akmak ta\u015f\u0131 ve bir tarak&#8230; Babas\u0131k\u0131z\u0131na bal\u0131k tutmay\u0131, avlanmay\u0131, mevsimlerin ve y\u0131ld\u0131zlar\u0131n s\u0131rlar\u0131n\u0131 \u00f6\u011fretir. Onu do\u011fayla uyumlu bir yeti\u015fkinli\u011fe haz\u0131rlar \u00e7\u00fcnk\u00fc onlar, insanl\u0131\u011f\u0131n son temsilcileridir. Nihayetinde k\u0131z, kendini bilinmeyen bir manzarada yapayaln\u0131z ve kaybolmu\u015f h\u00e2lde buldu\u011funda eve d\u00f6n\u00fc\u015f yolunu g\u00f6sterecek, s\u0131rad\u0131\u015f\u0131 bir dost ortaya \u00e7\u0131kar. E\u011fer a\u011fa\u00e7lar gibi onu da dinlemeyi \u00f6\u011frenebilirse, en b\u00fcy\u00fckdersleri sunan do\u011fayla uyum i\u00e7inde ya\u015famay\u0131 s\u00fcrd\u00fcrebilecektir. Ta ki \u201cdo\u011fan g\u00fcne\u015fle uyanamayaca\u011f\u0131 o g\u00fcn\u201d gelene dek&#8230; Ay\u0131 Da\u011f\u0131, insan\u0131n k\u0131r\u0131lganl\u0131\u011f\u0131, sevgi ve kay\u0131plar \u00fczerine etkileyici bir kompozisyon ortaya koyarken ger\u00e7ek g\u00fcc\u00fc elinde bar\u0131nd\u0131ran do\u011fa ad\u0131na \u00f6nemli bir uyar\u0131y\u0131 da aktar\u0131yor. \u201cKrivak b\u00fcy\u00fck bir ustal\u0131kla ve zarafetle t\u00fcm canl\u0131lar\u0131n sihirli bir dengede, birlikte var oldu\u011fu, sonsuza dek birbirlerinin e\u015fsiz \u00f6yk\u00fclerini anlatt\u0131klar\u0131 d\u00fcnyaya yap\u0131lan a\u015fk\u0131n bir yolculuk sunuyor. Bu harikulade ve zarif roman alt\u0131n de\u011ferinde!\u201d\u2014Publishers Weekly<\/p>\n","protected":false},"excerpt":{"rendered":"<p>\u201cYeti\u015fkinler i\u00e7in dokunakl\u0131 bir k\u0131yamet sonras\u0131 fabl\u0131&#8230;Ursula K. Le Guin\u2019in onay\u0131n\u0131 al\u0131rd\u0131.\u201d\u2014Kirkus Reviews Ulusal Kitap \u00d6d\u00fcl\u00fc finalisti Andrew Krivak&#8217;tan,d\u00fcnyada kalan son iki insan\u0131n muhte\u015fem \u00f6yk\u00fcs\u00fc! \u0130nsan<span class=\"excerpt-hellip\"> [\u2026]<\/span><\/p>\n","protected":false},"featured_media":0,"template":"","meta":{"_monsterinsights_skip_tracking":false,"_monsterinsights_sitenote_active":false,"_monsterinsights_sitenote_note":"","_monsterinsights_sitenote_category":0},"product_brand":[],"product_cat":[12291,12711],"product_tag":[],"class_list":{"0":"post-751803","1":"product","2":"type-product","3":"status-publish","5":"product_cat-edebiyat","6":"product_cat-roman-oyku","7":"pa_cilt-ciltsiz","8":"pa_tur-kitap","9":"pa_yayinevi-kafka-yayinevi","10":"pa_yazar-andrew-krivak","12":"first","13":"instock","14":"sale","15":"shipping-taxable","16":"purchasable","17":"product-type-simple"},"_links":{"self":[{"href":"https:\/\/roveyayinevi.com.tr\/index.php\/wp-json\/wp\/v2\/product\/751803","targetHints":{"allow":["GET"]}}],"collection":[{"href":"https:\/\/roveyayinevi.com.tr\/index.php\/wp-json\/wp\/v2\/product"}],"about":[{"href":"https:\/\/roveyayinevi.com.tr\/index.php\/wp-json\/wp\/v2\/types\/product"}],"wp:attachment":[{"href":"https:\/\/roveyayinevi.com.tr\/index.php\/wp-json\/wp\/v2\/media?parent=751803"}],"wp:term":[{"taxonomy":"product_brand","embeddable":true,"href":"https:\/\/roveyayinevi.com.tr\/index.php\/wp-json\/wp\/v2\/product_brand?post=751803"},{"taxonomy":"product_cat","embeddable":true,"href":"https:\/\/roveyayinevi.com.tr\/index.php\/wp-json\/wp\/v2\/product_cat?post=751803"},{"taxonomy":"product_tag","embeddable":true,"href":"https:\/\/roveyayinevi.com.tr\/index.php\/wp-json\/wp\/v2\/product_tag?post=751803"}],"curies":[{"name":"wp","href":"https:\/\/api.w.org\/{rel}","templated":true}]}}