{"id":751756,"date":"2025-08-28T04:57:39","date_gmt":"2025-08-28T01:57:39","guid":{"rendered":"https:\/\/roveyayinevi.com.tr\/index.php\/urun\/guneste-bir-gece\/"},"modified":"2026-04-16T03:05:25","modified_gmt":"2026-04-16T00:05:25","slug":"guneste-bir-gece","status":"publish","type":"product","link":"https:\/\/roveyayinevi.com.tr\/index.php\/urun\/guneste-bir-gece\/","title":{"rendered":"G\u00fcne\u015fte Bir Gece"},"content":{"rendered":"<p>G\u00fcne\u015fte Bir Gece, Cahit Zarifo\u011flu\u2019nun; inan\u00e7 ve de\u011ferler d\u00fcnyas\u0131na, sosyo-k\u00fcltu\u0308rel tarihe, Mu\u0308slu\u0308man co\u011frafyaya, siyasi ve g\u00fcndelik meselelere dair d\u00fc\u015f\u00fcnce ve yorumlar\u0131n\u0131 kaps\u0131yor. Sahicilik, adanm\u0131\u015fl\u0131k duygusu ve dipdiri bir inan\u00e7la kaleme ald\u0131\u011f\u0131 bu denemelerde Zarifo\u011flu\u2019nun M\u00fcsl\u00fcmanca d\u00fc\u015f\u00fcnme pratiklerini, do\u011fudan bat\u0131ya du\u0308nyaya bak\u0131\u015f bi\u00e7imini; \u015fairin edebiyat\u00e7\u0131 ve dava adam\u0131 kimliklerinin asl\u0131nda nas\u0131l da birbirinden ayr\u0131lmaz par\u00e7alar oldu\u011funu g\u00f6r\u00fcyoruz.   Yeni ara\u015ft\u0131rmalarla ortaya \u00e7\u0131kan ve daha \u00f6nce hi\u00e7bir kitab\u0131nda yer almayan yaz\u0131lar\u0131n da bulundu\u011fu bu edisyonda Zarifo\u011flu\u2019nun Mavera dergisi, Yeni Devir ve Mill\u00ee Gazete gibi s\u00fcreli yay\u0131nlarda kendi imzas\u0131 ve m\u00fcstear isimlerle yazd\u0131\u011f\u0131 yaz\u0131lar okuyucusuyla bulu\u015fuyor.   Acaba \u0131\u015f\u0131k sa\u00e7an bir ad\u0131m atabilmek i\u00e7in al\u0131nyaz\u0131m\u0131zda bir ihtimal var m\u0131? G\u00f6zlerimize eski b\u00fcy\u00fcklerin bak\u0131\u015flar\u0131ndan bir bak\u0131\u015f demeti yans\u0131yabilecek mi? <\/p>\n","protected":false},"excerpt":{"rendered":"<p>G\u00fcne\u015fte Bir Gece, Cahit Zarifo\u011flu\u2019nun; inan\u00e7 ve de\u011ferler d\u00fcnyas\u0131na, sosyo-k\u00fcltu\u0308rel tarihe, Mu\u0308slu\u0308man co\u011frafyaya, siyasi ve g\u00fcndelik meselelere dair d\u00fc\u015f\u00fcnce ve yorumlar\u0131n\u0131 kaps\u0131yor. Sahicilik, adanm\u0131\u015fl\u0131k duygusu ve<span class=\"excerpt-hellip\"> [\u2026]<\/span><\/p>\n","protected":false},"featured_media":0,"template":"","meta":{"_monsterinsights_skip_tracking":false,"_monsterinsights_sitenote_active":false,"_monsterinsights_sitenote_note":"","_monsterinsights_sitenote_category":0},"product_brand":[],"product_cat":[12777,12291],"product_tag":[],"class_list":{"0":"post-751756","1":"product","2":"type-product","3":"status-publish","5":"product_cat-deneme","6":"product_cat-edebiyat","7":"pa_cilt-ciltsiz","8":"pa_tur-kitap","9":"pa_yayinevi-ketebe-yayinlari","10":"pa_yazar-cahit-zarifoglu","12":"first","13":"instock","14":"sale","15":"shipping-taxable","16":"purchasable","17":"product-type-simple"},"_links":{"self":[{"href":"https:\/\/roveyayinevi.com.tr\/index.php\/wp-json\/wp\/v2\/product\/751756","targetHints":{"allow":["GET"]}}],"collection":[{"href":"https:\/\/roveyayinevi.com.tr\/index.php\/wp-json\/wp\/v2\/product"}],"about":[{"href":"https:\/\/roveyayinevi.com.tr\/index.php\/wp-json\/wp\/v2\/types\/product"}],"wp:attachment":[{"href":"https:\/\/roveyayinevi.com.tr\/index.php\/wp-json\/wp\/v2\/media?parent=751756"}],"wp:term":[{"taxonomy":"product_brand","embeddable":true,"href":"https:\/\/roveyayinevi.com.tr\/index.php\/wp-json\/wp\/v2\/product_brand?post=751756"},{"taxonomy":"product_cat","embeddable":true,"href":"https:\/\/roveyayinevi.com.tr\/index.php\/wp-json\/wp\/v2\/product_cat?post=751756"},{"taxonomy":"product_tag","embeddable":true,"href":"https:\/\/roveyayinevi.com.tr\/index.php\/wp-json\/wp\/v2\/product_tag?post=751756"}],"curies":[{"name":"wp","href":"https:\/\/api.w.org\/{rel}","templated":true}]}}