{"id":751743,"date":"2025-08-28T04:57:20","date_gmt":"2025-08-28T01:57:20","guid":{"rendered":"https:\/\/roveyayinevi.com.tr\/index.php\/urun\/muallim\/"},"modified":"2026-04-16T03:05:25","modified_gmt":"2026-04-16T00:05:25","slug":"muallim","status":"publish","type":"product","link":"https:\/\/roveyayinevi.com.tr\/index.php\/urun\/muallim\/","title":{"rendered":"Muallim"},"content":{"rendered":"<p>Milletlerin gelece\u011fi; yeti\u015fmekte olan \u00e7ocuklar\u0131n fiziksel, zihinsel ve ruhsal yap\u0131lar\u0131n\u0131n b\u00fct\u00fcnc\u00fcl geli\u015fimiyle do\u011fru orant\u0131l\u0131d\u0131r. Bunun ba\u015farabilmenin e\u011fitim ile m\u00fcmk\u00fcn oldu\u011fu geldi\u011fi konusunda hemfikir olmayan yoktur. Tam da burada kar\u015f\u0131m\u0131za \u201c\u00f6\u011fretmen\u201d yani atalar\u0131m\u0131z\u0131n deyi\u015fiyle \u201cmuallim\u201d \u00e7\u0131k\u0131yor. \u0130mparatorluk bakiyesi gen\u00e7 cumhuriyetin \u201ck\u00f6yden kente kalk\u0131nma\u201d hedefinin alt yap\u0131s\u0131n\u0131 olu\u015fturacak ideal \u00f6\u011fretmenlere olan ihtiya\u00e7tan do\u011fan k\u00f6y enstit\u00fclerinde ve akabinde \u00f6\u011fretmen okullar\u0131nda yeti\u015fen gen\u00e7ler, \u00fclkenin en \u00fccra k\u00f6\u015fesinde ayd\u0131nlanman\u0131n me\u015falesi oldular. Bu kitapta, yetmi\u015fli y\u0131llardan itibaren \u00fclke e\u011fitimine ve k\u00fclt\u00fcr\u00fcne katk\u0131da bulunma ad\u0131na \u00f6mr\u00fcn\u00fc mesle\u011fine adam\u0131\u015f bir \u00f6\u011fretmenin, bitmek bilmeyen m\u00fccadelesine \u015fahit olacaks\u0131n\u0131z. <\/p>\n","protected":false},"excerpt":{"rendered":"<p>Milletlerin gelece\u011fi; yeti\u015fmekte olan \u00e7ocuklar\u0131n fiziksel, zihinsel ve ruhsal yap\u0131lar\u0131n\u0131n b\u00fct\u00fcnc\u00fcl geli\u015fimiyle do\u011fru orant\u0131l\u0131d\u0131r. Bunun ba\u015farabilmenin e\u011fitim ile m\u00fcmk\u00fcn oldu\u011fu geldi\u011fi konusunda hemfikir olmayan yoktur. Tam<span class=\"excerpt-hellip\"> [\u2026]<\/span><\/p>\n","protected":false},"featured_media":0,"template":"","meta":{"_monsterinsights_skip_tracking":false,"_monsterinsights_sitenote_active":false,"_monsterinsights_sitenote_note":"","_monsterinsights_sitenote_category":0},"product_brand":[],"product_cat":[12291,12711],"product_tag":[],"class_list":{"0":"post-751743","1":"product","2":"type-product","3":"status-publish","5":"product_cat-edebiyat","6":"product_cat-roman-oyku","7":"pa_cilt-ciltsiz","8":"pa_tur-kitap","9":"pa_yayinevi-cinaralti-yayinlari","10":"pa_yazar-nazmi-simsek","12":"first","13":"instock","14":"sale","15":"shipping-taxable","16":"purchasable","17":"product-type-simple"},"_links":{"self":[{"href":"https:\/\/roveyayinevi.com.tr\/index.php\/wp-json\/wp\/v2\/product\/751743","targetHints":{"allow":["GET"]}}],"collection":[{"href":"https:\/\/roveyayinevi.com.tr\/index.php\/wp-json\/wp\/v2\/product"}],"about":[{"href":"https:\/\/roveyayinevi.com.tr\/index.php\/wp-json\/wp\/v2\/types\/product"}],"wp:attachment":[{"href":"https:\/\/roveyayinevi.com.tr\/index.php\/wp-json\/wp\/v2\/media?parent=751743"}],"wp:term":[{"taxonomy":"product_brand","embeddable":true,"href":"https:\/\/roveyayinevi.com.tr\/index.php\/wp-json\/wp\/v2\/product_brand?post=751743"},{"taxonomy":"product_cat","embeddable":true,"href":"https:\/\/roveyayinevi.com.tr\/index.php\/wp-json\/wp\/v2\/product_cat?post=751743"},{"taxonomy":"product_tag","embeddable":true,"href":"https:\/\/roveyayinevi.com.tr\/index.php\/wp-json\/wp\/v2\/product_tag?post=751743"}],"curies":[{"name":"wp","href":"https:\/\/api.w.org\/{rel}","templated":true}]}}