{"id":751742,"date":"2025-08-28T04:57:18","date_gmt":"2025-08-28T01:57:18","guid":{"rendered":"https:\/\/roveyayinevi.com.tr\/index.php\/urun\/bir-kimya-meselesi\/"},"modified":"2026-04-16T03:05:25","modified_gmt":"2026-04-16T00:05:25","slug":"bir-kimya-meselesi","status":"publish","type":"product","link":"https:\/\/roveyayinevi.com.tr\/index.php\/urun\/bir-kimya-meselesi\/","title":{"rendered":"Bir Kimya Meselesi"},"content":{"rendered":"<p>Kimyager Elizabeth Zott\u2019\u0131 anlatmak i\u00e7in pek \u00e7ok s\u0131fat kullan\u0131labilir ama \u201cortalama\u201d bunlardan biri de\u011fil. Asl\u0131nda o, hi\u00e7bir kad\u0131n\u0131n ortalama olmad\u0131\u011f\u0131n\u0131 s\u00f6yleme cesareti g\u00f6sterenlerden biri. \u00dcstelik bunu, 1960\u2019larda bir ara\u015ft\u0131rma enstit\u00fcs\u00fcnde, tamam\u0131 erkeklerden olu\u015fan ve e\u015fitlik konusunda pek de bilimsel davranmayan bir ekiple \u00e7al\u0131\u015f\u0131rken s\u00f6yl\u00fcyor. Ona itiraz etmeyen tek istisnaysa yaln\u0131z, zeki, kindarl\u0131\u011f\u0131yla ve Nobel adayl\u0131\u011f\u0131yla \u00fcnl\u00fc Calvin Evans. Calvin, Elizabeth\u2019in her \u015feyine ama en \u00e7ok da zek\u00e2s\u0131na \u00e2\u015f\u0131k olmak \u00fczere. Yani ger\u00e7ek kimya sonu\u00e7lar\u0131n\u0131 vermeye ba\u015fl\u0131yor. Ama bilimde oldu\u011fu gibi hayatta da bazen asla tahmin edemeyece\u011fimiz \u015feyler olur. B\u00f6ylece Elizabeth birka\u00e7 y\u0131l sonra kendini bek\u00e2r bir anne ve televizyonda yay\u0131nlanan bir yemek program\u0131n\u0131n isteksiz sunucusu olarak buluyor. Elizabeth\u2019in seyircilerine bir \u00e7orba ka\u015f\u0131\u011f\u0131 asetik asit ile bir tutam sodyum klor\u00fcr\u00fc kar\u0131\u015ft\u0131rmalar\u0131n\u0131 \u00f6nerdi\u011fi bu program b\u00fcy\u00fck ses getiriyor. Ancak elbette Elizabeth herkesi mutlu edemiyor. \u00c7\u00fcnk\u00fc o, kad\u0131nlara sadece yemek yapmay\u0131 de\u011fil, stat\u00fckoyu de\u011fi\u015ftirmek i\u00e7in ne yapmalar\u0131 gerekti\u011fini de \u00f6\u011fretiyor. G\u00fclmekten k\u0131r\u0131p ge\u00e7iren mizah\u0131, g\u00f6zlem g\u00fcc\u00fc ve g\u00f6z kama\u015ft\u0131r\u0131c\u0131 karakterleriyle Bir Kimya Meselesi, en az ba\u015fkahraman\u0131 Elizabeth Zott kadar kendine has ve capcanl\u0131.<\/p>\n","protected":false},"excerpt":{"rendered":"<p>Kimyager Elizabeth Zott\u2019\u0131 anlatmak i\u00e7in pek \u00e7ok s\u0131fat kullan\u0131labilir ama \u201cortalama\u201d bunlardan biri de\u011fil. Asl\u0131nda o, hi\u00e7bir kad\u0131n\u0131n ortalama olmad\u0131\u011f\u0131n\u0131 s\u00f6yleme cesareti g\u00f6sterenlerden biri. \u00dcstelik bunu,<span class=\"excerpt-hellip\"> [\u2026]<\/span><\/p>\n","protected":false},"featured_media":0,"template":"","meta":{"_monsterinsights_skip_tracking":false,"_monsterinsights_sitenote_active":false,"_monsterinsights_sitenote_note":"","_monsterinsights_sitenote_category":0},"product_brand":[],"product_cat":[12291,50487],"product_tag":[],"class_list":{"0":"post-751742","1":"product","2":"type-product","3":"status-publish","5":"product_cat-edebiyat","6":"product_cat-kurgu","7":"pa_cilt-ciltsiz","8":"pa_tur-kitap","9":"pa_yayinevi-altin-kitaplar","10":"pa_yazar-bonnie-garmus","12":"first","13":"instock","14":"sale","15":"shipping-taxable","16":"purchasable","17":"product-type-simple"},"_links":{"self":[{"href":"https:\/\/roveyayinevi.com.tr\/index.php\/wp-json\/wp\/v2\/product\/751742","targetHints":{"allow":["GET"]}}],"collection":[{"href":"https:\/\/roveyayinevi.com.tr\/index.php\/wp-json\/wp\/v2\/product"}],"about":[{"href":"https:\/\/roveyayinevi.com.tr\/index.php\/wp-json\/wp\/v2\/types\/product"}],"wp:attachment":[{"href":"https:\/\/roveyayinevi.com.tr\/index.php\/wp-json\/wp\/v2\/media?parent=751742"}],"wp:term":[{"taxonomy":"product_brand","embeddable":true,"href":"https:\/\/roveyayinevi.com.tr\/index.php\/wp-json\/wp\/v2\/product_brand?post=751742"},{"taxonomy":"product_cat","embeddable":true,"href":"https:\/\/roveyayinevi.com.tr\/index.php\/wp-json\/wp\/v2\/product_cat?post=751742"},{"taxonomy":"product_tag","embeddable":true,"href":"https:\/\/roveyayinevi.com.tr\/index.php\/wp-json\/wp\/v2\/product_tag?post=751742"}],"curies":[{"name":"wp","href":"https:\/\/api.w.org\/{rel}","templated":true}]}}