{"id":751712,"date":"2025-08-28T04:56:36","date_gmt":"2025-08-28T01:56:36","guid":{"rendered":"https:\/\/roveyayinevi.com.tr\/index.php\/urun\/pergamon-anadoluda-hellenistik-bir-baskent-kucuk-boy\/"},"modified":"2026-04-16T03:04:52","modified_gmt":"2026-04-16T00:04:52","slug":"pergamon-anadoluda-hellenistik-bir-baskent-kucuk-boy","status":"publish","type":"product","link":"https:\/\/roveyayinevi.com.tr\/index.php\/urun\/pergamon-anadoluda-hellenistik-bir-baskent-kucuk-boy\/","title":{"rendered":"Pergamon -Anadolu&#8217;da Hellenistik Bir Ba\u015fkent (K\u00fc\u00e7\u00fck Boy)"},"content":{"rendered":"<p>M\u00d6 3. y\u00fczy\u0131lda Attalos Hanedan\u0131\u2019n\u0131n kurulmas\u0131yla Attalos Krall\u0131\u011f\u0131\u2019n\u0131n ba\u015fkenti ve resmi ikametg\u00e2h\u0131 haline gelen antik Pergamon kenti, bir\u00e7ok sivil kurumu olan az \u00e7ok ba\u011f\u0131ms\u0131z bir polisti. Bu nedenle elinizdeki kitab\u0131n amac\u0131 Pergamon\u2019da ya\u015fayan halk\u0131n yan\u0131 s\u0131ra Athena Kutsal Alan\u0131, B\u00fcy\u00fck Sunak, Asklepieion ve K\u0131z\u0131l Avlu gibi \u00f6nemli kutsal yerleriyle birlikte Pergamon\u2019u b\u00fcy\u00fck bir kent ve krall\u0131k ba\u015fkenti olarak sunmakt\u0131r. Her ne kadar Hellenistik D\u00f6nem\u2019e a\u011f\u0131rl\u0131k verilmi\u015fse de kitapta genel olarak prehistorik \u00e7a\u011flardan Bizans D\u00f6nemi\u2019ne kadar uzanan geni\u015f bir zaman dilimi incelenmektedir. B\u00f6ylece i\u00e7inde bulundu\u011fu do\u011fal \u00e7evrenin kentin geli\u015fimindeki etkileri g\u00f6zler \u00f6n\u00fcne serilirken ayn\u0131 zamanda Hellenistik D\u00f6nem miras\u0131na daha sonraki zamanlarda nas\u0131l sahip \u00e7\u0131k\u0131ld\u0131\u011f\u0131, ne \u015fekilde de\u011fi\u015ftirildi\u011fi ve zenginle\u015ftirildi\u011fi ya da bu miras\u0131n nas\u0131l tahrip edildi\u011fi daha net bir \u015fekilde anla\u015f\u0131labilmektedir. <\/p>\n","protected":false},"excerpt":{"rendered":"<p>M\u00d6 3. y\u00fczy\u0131lda Attalos Hanedan\u0131\u2019n\u0131n kurulmas\u0131yla Attalos Krall\u0131\u011f\u0131\u2019n\u0131n ba\u015fkenti ve resmi ikametg\u00e2h\u0131 haline gelen antik Pergamon kenti, bir\u00e7ok sivil kurumu olan az \u00e7ok ba\u011f\u0131ms\u0131z bir polisti.<span class=\"excerpt-hellip\"> [\u2026]<\/span><\/p>\n","protected":false},"featured_media":0,"template":"","meta":{"_monsterinsights_skip_tracking":false,"_monsterinsights_sitenote_active":false,"_monsterinsights_sitenote_note":"","_monsterinsights_sitenote_category":0},"product_brand":[],"product_cat":[52477,52478],"product_tag":[],"class_list":{"0":"post-751712","1":"product","2":"type-product","3":"status-publish","5":"product_cat-arastirma","6":"product_cat-arkeoloji","7":"pa_cilt-ciltsiz","8":"pa_tur-kitap","9":"pa_yayinevi-yapi-kredi-yayinlari","10":"pa_yazar-kolektif","12":"first","13":"instock","14":"sale","15":"shipping-taxable","16":"purchasable","17":"product-type-simple"},"_links":{"self":[{"href":"https:\/\/roveyayinevi.com.tr\/index.php\/wp-json\/wp\/v2\/product\/751712","targetHints":{"allow":["GET"]}}],"collection":[{"href":"https:\/\/roveyayinevi.com.tr\/index.php\/wp-json\/wp\/v2\/product"}],"about":[{"href":"https:\/\/roveyayinevi.com.tr\/index.php\/wp-json\/wp\/v2\/types\/product"}],"wp:attachment":[{"href":"https:\/\/roveyayinevi.com.tr\/index.php\/wp-json\/wp\/v2\/media?parent=751712"}],"wp:term":[{"taxonomy":"product_brand","embeddable":true,"href":"https:\/\/roveyayinevi.com.tr\/index.php\/wp-json\/wp\/v2\/product_brand?post=751712"},{"taxonomy":"product_cat","embeddable":true,"href":"https:\/\/roveyayinevi.com.tr\/index.php\/wp-json\/wp\/v2\/product_cat?post=751712"},{"taxonomy":"product_tag","embeddable":true,"href":"https:\/\/roveyayinevi.com.tr\/index.php\/wp-json\/wp\/v2\/product_tag?post=751712"}],"curies":[{"name":"wp","href":"https:\/\/api.w.org\/{rel}","templated":true}]}}