{"id":751688,"date":"2025-08-28T04:56:05","date_gmt":"2025-08-28T01:56:05","guid":{"rendered":"https:\/\/roveyayinevi.com.tr\/index.php\/urun\/oynar-gozler-ari\/"},"modified":"2026-04-16T03:04:52","modified_gmt":"2026-04-16T00:04:52","slug":"oynar-gozler-ari","status":"publish","type":"product","link":"https:\/\/roveyayinevi.com.tr\/index.php\/urun\/oynar-gozler-ari\/","title":{"rendered":"Oynar G\u00f6zler &#8211; Ar\u0131"},"content":{"rendered":"<p>Oynar G\u00f6zler &#8211; Ar\u0131Okul \u00f6ncesi \u00e7ocuklar i\u00e7in \u00f6zenle haz\u0131rlanm\u0131\u015f olan \u201cOynar G\u00f6zler\u201d serisi onlar\u0131n hem zihinsel ve duygusal geli\u015fimlerine katk\u0131da bulunacak hem de sevimli hayvanlar\u0131 tan\u0131mas\u0131n\u0131 sa\u011flayacak\u2026<\/p>\n","protected":false},"excerpt":{"rendered":"<p>Oynar G\u00f6zler &#8211; Ar\u0131Okul \u00f6ncesi \u00e7ocuklar i\u00e7in \u00f6zenle haz\u0131rlanm\u0131\u015f olan \u201cOynar G\u00f6zler\u201d serisi onlar\u0131n hem zihinsel ve duygusal geli\u015fimlerine katk\u0131da bulunacak hem de sevimli hayvanlar\u0131 tan\u0131mas\u0131n\u0131<span class=\"excerpt-hellip\"> [\u2026]<\/span><\/p>\n","protected":false},"featured_media":0,"template":"","meta":{"_monsterinsights_skip_tracking":false,"_monsterinsights_sitenote_active":false,"_monsterinsights_sitenote_note":"","_monsterinsights_sitenote_category":0},"product_brand":[],"product_cat":[12274,12518],"product_tag":[],"class_list":{"0":"post-751688","1":"product","2":"type-product","3":"status-publish","5":"product_cat-cocuk-ve-genclik-kitaplari","6":"product_cat-okul-oncesi-kitaplar","7":"pa_cilt-ciltsiz","8":"pa_tur-kitap","9":"pa_yayinevi-0-6-yas-yayinlari","10":"pa_yazar-ersan-gungor","12":"first","13":"instock","14":"sale","15":"shipping-taxable","16":"purchasable","17":"product-type-simple"},"_links":{"self":[{"href":"https:\/\/roveyayinevi.com.tr\/index.php\/wp-json\/wp\/v2\/product\/751688","targetHints":{"allow":["GET"]}}],"collection":[{"href":"https:\/\/roveyayinevi.com.tr\/index.php\/wp-json\/wp\/v2\/product"}],"about":[{"href":"https:\/\/roveyayinevi.com.tr\/index.php\/wp-json\/wp\/v2\/types\/product"}],"wp:attachment":[{"href":"https:\/\/roveyayinevi.com.tr\/index.php\/wp-json\/wp\/v2\/media?parent=751688"}],"wp:term":[{"taxonomy":"product_brand","embeddable":true,"href":"https:\/\/roveyayinevi.com.tr\/index.php\/wp-json\/wp\/v2\/product_brand?post=751688"},{"taxonomy":"product_cat","embeddable":true,"href":"https:\/\/roveyayinevi.com.tr\/index.php\/wp-json\/wp\/v2\/product_cat?post=751688"},{"taxonomy":"product_tag","embeddable":true,"href":"https:\/\/roveyayinevi.com.tr\/index.php\/wp-json\/wp\/v2\/product_tag?post=751688"}],"curies":[{"name":"wp","href":"https:\/\/api.w.org\/{rel}","templated":true}]}}