{"id":751683,"date":"2025-08-28T04:55:56","date_gmt":"2025-08-28T01:55:56","guid":{"rendered":"https:\/\/roveyayinevi.com.tr\/index.php\/urun\/devlerin-takim-cantasi\/"},"modified":"2026-04-16T03:04:51","modified_gmt":"2026-04-16T00:04:51","slug":"devlerin-takim-cantasi","status":"publish","type":"product","link":"https:\/\/roveyayinevi.com.tr\/index.php\/urun\/devlerin-takim-cantasi\/","title":{"rendered":"Devlerin Tak\u0131m \u00c7antas\u0131"},"content":{"rendered":"<p>\u201cKaybedenlerin hedefleri, kazananlar\u0131n sistemleri vard\u0131r.\u201d   Giri\u015fimci, podcast yay\u0131nc\u0131s\u0131 ve New York Times \u00e7oksatan yazar\u0131 Tim Ferriss\u2019ten \u00e7\u0131\u011f\u0131r a\u00e7an bir kitap!   Devlerin Tak\u0131m \u00c7antas\u0131\u2019nda, Tim Ferriss\u2019in bir milyondan fazla indirilen podcast\u2019ine konuk olan d\u00fcnyaca \u00fcnl\u00fc isimlerden hayat\u0131n\u0131za y\u00f6n verecek taktikler, ipu\u00e7lar\u0131 ve ba\u015far\u0131 t\u00fcyolar\u0131 bulacaks\u0131n\u0131z.   Teknoloji sekt\u00f6r\u00fcn\u00fcn g\u00fc\u00e7l\u00fc isimleri, rekor sahibi sporcular, ba\u015far\u0131l\u0131 film y\u0131ld\u0131zlar\u0131, d\u00fcnyaca \u00fcnl\u00fc \u015fark\u0131c\u0131lar ve efsanevi yazarlar&#8230; Bu insanlar kendilerini nas\u0131l motive ediyorlar? \u0130\u015flerinde nas\u0131l ba\u015far\u0131l\u0131 oluyorlar ve nas\u0131l sa\u011fl\u0131kl\u0131, mutlu bir \u015fekilde ya\u015f\u0131yorlar? Sabahlar\u0131 uyan\u0131r uyanmaz ne yap\u0131yorlar?   Arnold Schwarzenegger\u2019in \u00f6ns\u00f6z\u00fcn\u00fc yazd\u0131\u011f\u0131 kitapta, zirvedeki bu isimlerin al\u0131\u015fkanl\u0131klar\u0131, d\u00fc\u015f\u00fcnceleri ve rutinlerine dair ba\u015fka hi\u00e7bir yerde bulamayaca\u011f\u0131n\u0131z \u00e7ok say\u0131da detay sizi bekliyor.   Devlerin Tak\u0131m \u00c7antas\u0131, g\u00fcnl\u00fck hayatta uygulayabilece\u011finiz detaylar ve uzun vadeli planlar\u0131n\u0131z i\u00e7in ilham alabilece\u011finiz ba\u015far\u0131 \u00f6yk\u00fcleriyle birlikte, daha kararl\u0131 ve daha \u00fcretken olmak ad\u0131na kullanabilece\u011finiz etkili ve sistemli bir yol haritas\u0131 sunuyor.   \u201cD\u00fcnyaca \u00fcnl\u00fc bu isimlerin s\u00fcper g\u00fc\u00e7leri yok. Kendileri i\u00e7in belirledikleri kurallar ger\u00e7ekli\u011fi b\u00fckmeye \u00f6ylesine izin veriyor ki s\u00fcper g\u00fc\u00e7leri varm\u0131\u015f gibi g\u00f6r\u00fcn\u00fcyorlar fakat onlar bunu nas\u0131l yapacaklar\u0131n\u0131 \u00f6\u011frenmi\u015fler ve siz de \u00f6\u011frenebilirsiniz. Bu \u201ckurallar\u201d genellikle s\u0131rad\u0131\u015f\u0131 al\u0131\u015fkanl\u0131klar ve daha b\u00fcy\u00fck sorulardan ibarettir.\u201d<\/p>\n","protected":false},"excerpt":{"rendered":"<p>\u201cKaybedenlerin hedefleri, kazananlar\u0131n sistemleri vard\u0131r.\u201d Giri\u015fimci, podcast yay\u0131nc\u0131s\u0131 ve New York Times \u00e7oksatan yazar\u0131 Tim Ferriss\u2019ten \u00e7\u0131\u011f\u0131r a\u00e7an bir kitap! Devlerin Tak\u0131m \u00c7antas\u0131\u2019nda, Tim Ferriss\u2019in bir<span class=\"excerpt-hellip\"> [\u2026]<\/span><\/p>\n","protected":false},"featured_media":0,"template":"","meta":{"_monsterinsights_skip_tracking":false,"_monsterinsights_sitenote_active":false,"_monsterinsights_sitenote_note":"","_monsterinsights_sitenote_category":0},"product_brand":[],"product_cat":[12540,12291],"product_tag":[],"class_list":{"0":"post-751683","1":"product","2":"type-product","3":"status-publish","5":"product_cat-bilim-kurgu","6":"product_cat-edebiyat","7":"pa_cilt-ciltsiz","8":"pa_tur-kitap","9":"pa_yayinevi-epsilon-yayinlari","10":"pa_yazar-timothy-ferriss","12":"first","13":"instock","14":"sale","15":"shipping-taxable","16":"purchasable","17":"product-type-simple"},"_links":{"self":[{"href":"https:\/\/roveyayinevi.com.tr\/index.php\/wp-json\/wp\/v2\/product\/751683","targetHints":{"allow":["GET"]}}],"collection":[{"href":"https:\/\/roveyayinevi.com.tr\/index.php\/wp-json\/wp\/v2\/product"}],"about":[{"href":"https:\/\/roveyayinevi.com.tr\/index.php\/wp-json\/wp\/v2\/types\/product"}],"wp:attachment":[{"href":"https:\/\/roveyayinevi.com.tr\/index.php\/wp-json\/wp\/v2\/media?parent=751683"}],"wp:term":[{"taxonomy":"product_brand","embeddable":true,"href":"https:\/\/roveyayinevi.com.tr\/index.php\/wp-json\/wp\/v2\/product_brand?post=751683"},{"taxonomy":"product_cat","embeddable":true,"href":"https:\/\/roveyayinevi.com.tr\/index.php\/wp-json\/wp\/v2\/product_cat?post=751683"},{"taxonomy":"product_tag","embeddable":true,"href":"https:\/\/roveyayinevi.com.tr\/index.php\/wp-json\/wp\/v2\/product_tag?post=751683"}],"curies":[{"name":"wp","href":"https:\/\/api.w.org\/{rel}","templated":true}]}}