{"id":751650,"date":"2025-08-28T04:54:58","date_gmt":"2025-08-28T01:54:58","guid":{"rendered":"https:\/\/roveyayinevi.com.tr\/index.php\/urun\/kimsesizler-matemi-2-ciltli\/"},"modified":"2026-04-16T03:04:51","modified_gmt":"2026-04-16T00:04:51","slug":"kimsesizler-matemi-2-ciltli","status":"publish","type":"product","link":"https:\/\/roveyayinevi.com.tr\/index.php\/urun\/kimsesizler-matemi-2-ciltli\/","title":{"rendered":"Kimsesizler Matemi 2 (Ciltli)"},"content":{"rendered":"<p>\u00c7ok hafifsin Mila, nerede kanatlar\u0131n\u0131n a\u011f\u0131rl\u0131\u011f\u0131?   Hazer ile Mila\u2019n\u0131n bir m\u00fczikal se\u00e7mesinde ba\u015flayan \u00f6yk\u00fcs\u00fc, haz\u0131rl\u0131klar s\u00fcrerken heyecan kazan\u0131r. Ya\u015famas\u0131 korkun\u00e7 g\u00fcnler art\u0131k Mila i\u00e7in \u00e7ok geride kalm\u0131\u015ft\u0131r ve bu m\u00fczikalle hayat\u0131na a\u015fk da girmi\u015ftir. Vakti geldi\u011finde bu a\u015fka g\u00fcvenip bir s\u0131r gibi saklad\u0131\u011f\u0131 ge\u00e7mi\u015finin kap\u0131lar\u0131n\u0131 da a\u00e7maya cesaret eder ve ger\u00e7ekler,  Hazer\u2019in kalbini k\u0131r\u0131p \u00e2deta yerinden s\u00f6ker.   Hazer, \u00f6\u011frendikleri y\u00fcz\u00fcnden kat\u0131la\u015fan kalbini gizlemek ister \u00e7\u00fcnk\u00fc Mila\u2019n\u0131n kar\u015f\u0131s\u0131ndayken hi\u00e7 olmak istemedi\u011fi birine d\u00f6n\u00fc\u015fmenin korkusunu ya\u015far. Ka\u00e7\u0131n\u0131lmaz olan ger\u00e7ekle\u015fip o g\u00fcne gelindi\u011finde ve talihsiz kelimeler dudaklar\u0131ndan d\u00f6k\u00fcld\u00fc\u011f\u00fcnde kaybetmekten deli gibi korkan bir adam\u0131n pervas\u0131z kalbi g\u00f6zler \u00f6n\u00fcne serilir.    H\u0131zl\u0131 ilerleyip duygular\u0131 derinlemesine irdeleyen bu hik\u00e2ye kalbinizi hem \u0131s\u0131tacak hem de k\u0131racak\u2026   B\u00fcy\u00fck ac\u0131lar b\u00fcy\u00fck g\u00fcr\u00fclt\u00fcler \u00e7\u0131kar\u0131r ama ba\u011f\u0131ramazs\u0131n bazen, susars\u0131n. Konu\u015famazs\u0131n, bakars\u0131n. Anlatamazs\u0131n, s\u0131r gibi saklars\u0131n. B\u00fcy\u00fck ac\u0131lar b\u00fcy\u00fck g\u00fcr\u00fclt\u00fcler \u00e7\u0131kar\u0131r, nehirler gibi co\u015far, denizler kadar h\u0131r\u00e7\u0131n olur, boyunu a\u015f\u0131p seni yutar&#8230; <\/p>\n","protected":false},"excerpt":{"rendered":"<p>\u00c7ok hafifsin Mila, nerede kanatlar\u0131n\u0131n a\u011f\u0131rl\u0131\u011f\u0131? Hazer ile Mila\u2019n\u0131n bir m\u00fczikal se\u00e7mesinde ba\u015flayan \u00f6yk\u00fcs\u00fc, haz\u0131rl\u0131klar s\u00fcrerken heyecan kazan\u0131r. Ya\u015famas\u0131 korkun\u00e7 g\u00fcnler art\u0131k Mila i\u00e7in \u00e7ok geride<span class=\"excerpt-hellip\"> [\u2026]<\/span><\/p>\n","protected":false},"featured_media":0,"template":"","meta":{"_monsterinsights_skip_tracking":false,"_monsterinsights_sitenote_active":false,"_monsterinsights_sitenote_note":"","_monsterinsights_sitenote_category":0},"product_brand":[],"product_cat":[12291,12711],"product_tag":[],"class_list":{"0":"post-751650","1":"product","2":"type-product","3":"status-publish","5":"product_cat-edebiyat","6":"product_cat-roman-oyku","7":"pa_cilt-ciltli","8":"pa_tur-kitap","9":"pa_yayinevi-indigo-kitap","10":"pa_yazar-emine-tavuz","12":"first","13":"instock","14":"sale","15":"shipping-taxable","16":"purchasable","17":"product-type-simple"},"_links":{"self":[{"href":"https:\/\/roveyayinevi.com.tr\/index.php\/wp-json\/wp\/v2\/product\/751650","targetHints":{"allow":["GET"]}}],"collection":[{"href":"https:\/\/roveyayinevi.com.tr\/index.php\/wp-json\/wp\/v2\/product"}],"about":[{"href":"https:\/\/roveyayinevi.com.tr\/index.php\/wp-json\/wp\/v2\/types\/product"}],"wp:attachment":[{"href":"https:\/\/roveyayinevi.com.tr\/index.php\/wp-json\/wp\/v2\/media?parent=751650"}],"wp:term":[{"taxonomy":"product_brand","embeddable":true,"href":"https:\/\/roveyayinevi.com.tr\/index.php\/wp-json\/wp\/v2\/product_brand?post=751650"},{"taxonomy":"product_cat","embeddable":true,"href":"https:\/\/roveyayinevi.com.tr\/index.php\/wp-json\/wp\/v2\/product_cat?post=751650"},{"taxonomy":"product_tag","embeddable":true,"href":"https:\/\/roveyayinevi.com.tr\/index.php\/wp-json\/wp\/v2\/product_tag?post=751650"}],"curies":[{"name":"wp","href":"https:\/\/api.w.org\/{rel}","templated":true}]}}