{"id":751628,"date":"2025-08-28T04:54:19","date_gmt":"2025-08-28T01:54:19","guid":{"rendered":"https:\/\/roveyayinevi.com.tr\/index.php\/urun\/heterodoks-dervisler-ve-aleviler\/"},"modified":"2026-04-16T03:04:50","modified_gmt":"2026-04-16T00:04:50","slug":"heterodoks-dervisler-ve-aleviler","status":"publish","type":"product","link":"https:\/\/roveyayinevi.com.tr\/index.php\/urun\/heterodoks-dervisler-ve-aleviler\/","title":{"rendered":"Heterodoks Dervi\u015fler ve Aleviler"},"content":{"rendered":"<p>\u201cSadullah G\u00fclten\u2019in \u00e7o\u011fu Alevilik ara\u015ft\u0131rmac\u0131s\u0131nda bulunmayan bir farkl\u0131l\u0131\u011f\u0131, kaynaklar\u0131n\u0131 genellikle malum literat\u00fcrle s\u0131n\u0131rlamay\u0131p elde etti\u011fi verileri geni\u015f \u00f6l\u00e7\u00fcde ar\u015fiv belgeleriyle takviye ederek kullanmas\u0131d\u0131r. Bu y\u00f6ntem onu hem sair yaz\u0131l\u0131 kaynaklarla yetinen ve \u00e7o\u011fu defa bunlar \u00fczerinden tutars\u0131z genellemeler yapan, bu genellemeleri \u2018mahz-\u0131 hakikat\u2019 imi\u015f gibi sunan baz\u0131 iddial\u0131 profesyonel veya amat\u00f6r ara\u015ft\u0131rmac\u0131lardan farkl\u0131 bir yere oturtur.\u201d Ahmet Ya\u015far Ocak Osmanl\u0131 Devleti taraf\u0131ndan tutulan kay\u0131tlar aras\u0131nda bulunan ba\u015fta tahrir, m\u00fchimme ve vak\u0131f defterlerinin sat\u0131r aralar\u0131nda, Anadolu\u2019da faaliyet g\u00f6steren abdal, ata, dede ve baba unvan\u0131n\u0131 ta\u015f\u0131yan Yesev\u00ee, Kalender\u00ee, Haydar\u00ee, Vefa\u00ee ve Bekta\u015f\u00ee tarikatlar\u0131na mensup dervi\u015f ve \u015feyhler hakk\u0131nda da m\u00fchim bilgiler bulunur. \u00d6zellikle, bahsedilen belgelerin ad\u0131 ge\u00e7en tarikatlara mensup \u015feyhlerin hayat hik\u00e2yesini ve kerametlerini ihtiva eden menak\u0131bn\u00e2meler ile desteklenmesi hem bu kaynaklarda ge\u00e7en bilgilerin test edilmesine hem de konunun geni\u015fletilmesine imk\u00e2n vermektedir. Osmanl\u0131 d\u00f6nemi konar-g\u00f6\u00e7erleri ile K\u0131z\u0131lba\u015flar\/Alev\u00eeler \u00fczerine yapt\u0131\u011f\u0131 \u00e7al\u0131\u015fmalarla g\u00f6z dolduran Prof. Dr. Sadullah G\u00fclten, Heterodoks Dervi\u015fler ve Alev\u00eeler ad\u0131n\u0131 verdi\u011fi bu \u00e7al\u0131\u015fmas\u0131nda s\u00f6z\u00fc ge\u00e7en kaynaklarda G\u00fcven\u00e7 Abdal, Barak Baba, Seyyid Vel\u00e2yet, \u00dcryan H\u0131z\u0131r, \u015eeyh \u00c7oban, Baba Mansur, Abdal Ata, Dede Kark\u0131n gibi \u015fahsiyetlerin izini s\u00fcrerek onlarla ilgili yapt\u0131\u011f\u0131 tespit ve de\u011ferlendirmelerin yan\u0131 s\u0131ra, Tahtac\u0131lar, Vefa\u00eeler, Etyemezler, Kalender\u00eeler, Haydar\u00eeler ve Bekta\u015f\u00eeler gibi gruplar hakk\u0131nda kayda de\u011fer sonu\u00e7lara ula\u015fm\u0131\u015ft\u0131r. B\u00f6ylece Osmanl\u0131 ar\u015fiv belgeleri ve menak\u0131bn\u00e2meleri birlikte kullanarak pek \u00e7ok tart\u0131\u015fmal\u0131 konuya yeni bir bak\u0131\u015f a\u00e7\u0131s\u0131 getirmi\u015f ve daha \u00f6nce farkl\u0131 akademisyenlerce ele al\u0131nan konular\u0131 geni\u015fletmi\u015ftir. Okuyucu bu kitapta Alev\u00eeli\u011fin tarihsel altyap\u0131s\u0131n\u0131 olu\u015fturan \u00f6nc\u00fc \u015fahsiyetlere, tarikatlara ve Alev\u00ee ocaklar\u0131n\u0131n olu\u015fum s\u00fcrecine dair \u00f6nemli bilgiler bulacakt\u0131r.   <\/p>\n","protected":false},"excerpt":{"rendered":"<p>\u201cSadullah G\u00fclten\u2019in \u00e7o\u011fu Alevilik ara\u015ft\u0131rmac\u0131s\u0131nda bulunmayan bir farkl\u0131l\u0131\u011f\u0131, kaynaklar\u0131n\u0131 genellikle malum literat\u00fcrle s\u0131n\u0131rlamay\u0131p elde etti\u011fi verileri geni\u015f \u00f6l\u00e7\u00fcde ar\u015fiv belgeleriyle takviye ederek kullanmas\u0131d\u0131r. Bu y\u00f6ntem onu<span class=\"excerpt-hellip\"> [\u2026]<\/span><\/p>\n","protected":false},"featured_media":0,"template":"","meta":{"_monsterinsights_skip_tracking":false,"_monsterinsights_sitenote_active":false,"_monsterinsights_sitenote_note":"","_monsterinsights_sitenote_category":0},"product_brand":[],"product_cat":[12370,12304],"product_tag":[],"class_list":{"0":"post-751628","1":"product","2":"type-product","3":"status-publish","5":"product_cat-arastirma-inceleme","6":"product_cat-tarih","7":"pa_cilt-ciltsiz","8":"pa_tur-kitap","9":"pa_yayinevi-timas-yayinlari","10":"pa_yazar-sadullah-gulten","12":"first","13":"instock","14":"sale","15":"shipping-taxable","16":"purchasable","17":"product-type-simple"},"_links":{"self":[{"href":"https:\/\/roveyayinevi.com.tr\/index.php\/wp-json\/wp\/v2\/product\/751628","targetHints":{"allow":["GET"]}}],"collection":[{"href":"https:\/\/roveyayinevi.com.tr\/index.php\/wp-json\/wp\/v2\/product"}],"about":[{"href":"https:\/\/roveyayinevi.com.tr\/index.php\/wp-json\/wp\/v2\/types\/product"}],"wp:attachment":[{"href":"https:\/\/roveyayinevi.com.tr\/index.php\/wp-json\/wp\/v2\/media?parent=751628"}],"wp:term":[{"taxonomy":"product_brand","embeddable":true,"href":"https:\/\/roveyayinevi.com.tr\/index.php\/wp-json\/wp\/v2\/product_brand?post=751628"},{"taxonomy":"product_cat","embeddable":true,"href":"https:\/\/roveyayinevi.com.tr\/index.php\/wp-json\/wp\/v2\/product_cat?post=751628"},{"taxonomy":"product_tag","embeddable":true,"href":"https:\/\/roveyayinevi.com.tr\/index.php\/wp-json\/wp\/v2\/product_tag?post=751628"}],"curies":[{"name":"wp","href":"https:\/\/api.w.org\/{rel}","templated":true}]}}