{"id":751595,"date":"2025-08-28T04:53:24","date_gmt":"2025-08-28T01:53:24","guid":{"rendered":"https:\/\/roveyayinevi.com.tr\/index.php\/urun\/nasil-musluman-oldular-seti-3-kitap\/"},"modified":"2026-04-16T03:04:49","modified_gmt":"2026-04-16T00:04:49","slug":"nasil-musluman-oldular-seti-3-kitap","status":"publish","type":"product","link":"https:\/\/roveyayinevi.com.tr\/index.php\/urun\/nasil-musluman-oldular-seti-3-kitap\/","title":{"rendered":"Nas\u0131l M\u00fcsl\u00fcman Oldular? Seti (3 Kitap)"},"content":{"rendered":"<p>Sahabiler, Sevgili Peygamberimizin (asm) arkada\u015flar\u0131yd\u0131&#8230; O\u2019nunla birlikte ya\u015fam\u0131\u015flard\u0131&#8230; O\u2019nunla ayn\u0131 sofradan diz dize yemek yemi\u015f, ayn\u0131 meydanda omuz omuza sava\u015fm\u0131\u015f, ayn\u0131 \u00e7\u00f6l\u00fc ad\u0131m ad\u0131m a\u015fm\u0131\u015flard\u0131&#8230; G\u00fcld\u00fc\u011f\u00fcnde sevinmi\u015fler, a\u011flad\u0131\u011f\u0131nda ise \u00e7ok \u00fcz\u00fclm\u00fc\u015flerdi&#8230; Ayetlere ilk \u00f6nce onlar iman etmi\u015f, namaz\u0131 ilk \u00f6nce onlar k\u0131lm\u0131\u015f, orucu ilk onlar tutmu\u015ftu&#8230;  Onlar, Peygamberimizi (asm) canlar\u0131ndan \u00e7ok sevmi\u015flerdi. Peygamberimiz de onlar\u0131 \u00e7ok sevmi\u015fti&#8230; \u201cHer biri bir y\u0131ld\u0131zd\u0131r\u201d diyordu sahabileri i\u00e7in. \u201cHangisine baksan\u0131z, size do\u011fru bir yol g\u00f6sterir&#8230;\u201d Bu kitab\u0131n sayfalar\u0131 birer pencere gibi \u00f6n\u00fcn\u00fcze a\u00e7\u0131lacak ve o pencereden sahabilerin hayatlar\u0131ndaki en \u00f6nemli anlar\u0131; M\u00fcsl\u00fcman olduklar\u0131, Peygamberimizin (asm) kalplere huzur veren huzurunda diz \u00e7\u00f6k\u00fcp, \u0130slam\u2019\u0131 kabul ettikleri anlar\u0131 seyredeceksiniz&#8230; Yani, y\u0131ld\u0131zlar\u0131n\u0131n ilk par\u0131ldad\u0131klar\u0131 dakikalara dair, ola\u011fan\u00fcst\u00fc hat\u0131ralar okuyacaks\u0131n\u0131z&#8230; <\/p>\n","protected":false},"excerpt":{"rendered":"<p>Sahabiler, Sevgili Peygamberimizin (asm) arkada\u015flar\u0131yd\u0131&#8230; O\u2019nunla birlikte ya\u015fam\u0131\u015flard\u0131&#8230; O\u2019nunla ayn\u0131 sofradan diz dize yemek yemi\u015f, ayn\u0131 meydanda omuz omuza sava\u015fm\u0131\u015f, ayn\u0131 \u00e7\u00f6l\u00fc ad\u0131m ad\u0131m a\u015fm\u0131\u015flard\u0131&#8230; G\u00fcld\u00fc\u011f\u00fcnde<span class=\"excerpt-hellip\"> [\u2026]<\/span><\/p>\n","protected":false},"featured_media":0,"template":"","meta":{"_monsterinsights_skip_tracking":false,"_monsterinsights_sitenote_active":false,"_monsterinsights_sitenote_note":"","_monsterinsights_sitenote_category":0},"product_brand":[],"product_cat":[12718,12719],"product_tag":[],"class_list":{"0":"post-751595","1":"product","2":"type-product","3":"status-publish","5":"product_cat-din","6":"product_cat-islam","7":"pa_cilt-ciltsiz","8":"pa_tur-kitap","9":"pa_yayinevi-ugurbocegi-yayinlari","10":"pa_yazar-ozkan-oze","12":"first","13":"instock","14":"sale","15":"shipping-taxable","16":"purchasable","17":"product-type-simple"},"_links":{"self":[{"href":"https:\/\/roveyayinevi.com.tr\/index.php\/wp-json\/wp\/v2\/product\/751595","targetHints":{"allow":["GET"]}}],"collection":[{"href":"https:\/\/roveyayinevi.com.tr\/index.php\/wp-json\/wp\/v2\/product"}],"about":[{"href":"https:\/\/roveyayinevi.com.tr\/index.php\/wp-json\/wp\/v2\/types\/product"}],"wp:attachment":[{"href":"https:\/\/roveyayinevi.com.tr\/index.php\/wp-json\/wp\/v2\/media?parent=751595"}],"wp:term":[{"taxonomy":"product_brand","embeddable":true,"href":"https:\/\/roveyayinevi.com.tr\/index.php\/wp-json\/wp\/v2\/product_brand?post=751595"},{"taxonomy":"product_cat","embeddable":true,"href":"https:\/\/roveyayinevi.com.tr\/index.php\/wp-json\/wp\/v2\/product_cat?post=751595"},{"taxonomy":"product_tag","embeddable":true,"href":"https:\/\/roveyayinevi.com.tr\/index.php\/wp-json\/wp\/v2\/product_tag?post=751595"}],"curies":[{"name":"wp","href":"https:\/\/api.w.org\/{rel}","templated":true}]}}