{"id":751579,"date":"2025-08-28T04:52:54","date_gmt":"2025-08-28T01:52:54","guid":{"rendered":"https:\/\/roveyayinevi.com.tr\/index.php\/urun\/dinozor-arayan-cocuklar\/"},"modified":"2026-04-16T03:04:49","modified_gmt":"2026-04-16T00:04:49","slug":"dinozor-arayan-cocuklar","status":"publish","type":"product","link":"https:\/\/roveyayinevi.com.tr\/index.php\/urun\/dinozor-arayan-cocuklar\/","title":{"rendered":"Dinozor Arayan \u00c7ocuklar"},"content":{"rendered":"<p>D\u0130NOZOR aramaya gidiyoruz. Bulmak pek zor de\u011fildir herhalde. Koca g\u00f6vdeleriyle g\u00fcmb\u00fcr g\u00fcmb\u00fcr y\u00fcr\u00fcrler. PEK \u00c7OK dinozor bulabiliriz bence!   Dinozorlara hayran olan iki \u00e7ocuk, parkta dinozor bulmak i\u00e7in olduk\u00e7a kararl\u0131. \u015eansl\u0131lar. \u015eu \u00e7al\u0131lar\u0131n ard\u0131nda bir tane TR\u0130CERATOPS var! Yoksa \u2026. G\u00f6rd\u00fckleri ba\u015fka bir \u015fey olabilir mi?<\/p>\n","protected":false},"excerpt":{"rendered":"<p>D\u0130NOZOR aramaya gidiyoruz. Bulmak pek zor de\u011fildir herhalde. Koca g\u00f6vdeleriyle g\u00fcmb\u00fcr g\u00fcmb\u00fcr y\u00fcr\u00fcrler. PEK \u00c7OK dinozor bulabiliriz bence! Dinozorlara hayran olan iki \u00e7ocuk, parkta dinozor bulmak<span class=\"excerpt-hellip\"> [\u2026]<\/span><\/p>\n","protected":false},"featured_media":0,"template":"","meta":{"_monsterinsights_skip_tracking":false,"_monsterinsights_sitenote_active":false,"_monsterinsights_sitenote_note":"","_monsterinsights_sitenote_category":0},"product_brand":[],"product_cat":[12274,12284],"product_tag":[],"class_list":{"0":"post-751579","1":"product","2":"type-product","3":"status-publish","5":"product_cat-cocuk-ve-genclik-kitaplari","6":"product_cat-hikayeler","7":"pa_cilt-ciltsiz","8":"pa_tur-kitap","9":"pa_yayinevi-1001-cicek-kitaplar","10":"pa_yazar-suzy-senior","12":"first","13":"instock","14":"sale","15":"shipping-taxable","16":"purchasable","17":"product-type-simple"},"_links":{"self":[{"href":"https:\/\/roveyayinevi.com.tr\/index.php\/wp-json\/wp\/v2\/product\/751579","targetHints":{"allow":["GET"]}}],"collection":[{"href":"https:\/\/roveyayinevi.com.tr\/index.php\/wp-json\/wp\/v2\/product"}],"about":[{"href":"https:\/\/roveyayinevi.com.tr\/index.php\/wp-json\/wp\/v2\/types\/product"}],"wp:attachment":[{"href":"https:\/\/roveyayinevi.com.tr\/index.php\/wp-json\/wp\/v2\/media?parent=751579"}],"wp:term":[{"taxonomy":"product_brand","embeddable":true,"href":"https:\/\/roveyayinevi.com.tr\/index.php\/wp-json\/wp\/v2\/product_brand?post=751579"},{"taxonomy":"product_cat","embeddable":true,"href":"https:\/\/roveyayinevi.com.tr\/index.php\/wp-json\/wp\/v2\/product_cat?post=751579"},{"taxonomy":"product_tag","embeddable":true,"href":"https:\/\/roveyayinevi.com.tr\/index.php\/wp-json\/wp\/v2\/product_tag?post=751579"}],"curies":[{"name":"wp","href":"https:\/\/api.w.org\/{rel}","templated":true}]}}