{"id":751578,"date":"2025-08-28T04:52:53","date_gmt":"2025-08-28T01:52:53","guid":{"rendered":"https:\/\/roveyayinevi.com.tr\/index.php\/urun\/dis-dunya\/"},"modified":"2026-04-16T03:04:49","modified_gmt":"2026-04-16T00:04:49","slug":"dis-dunya","status":"publish","type":"product","link":"https:\/\/roveyayinevi.com.tr\/index.php\/urun\/dis-dunya\/","title":{"rendered":"D\u0131\u015f D\u00fcnya"},"content":{"rendered":"<p>Evler, apartmanlar, arabalar ve ortak alanlar aras\u0131nda ge\u00e7en ya\u015fant\u0131m\u0131z\u0131n nas\u0131l var oldu\u011funu ve do\u011fan\u0131n ya\u015fam\u0131m\u0131za nas\u0131l dokundu\u011funu anlatan D\u0131\u015f D\u00fcnya; etkileyici hikayesi arac\u0131l\u0131\u011f\u0131yla i\u00e7erinin ve d\u0131\u015far\u0131n\u0131n birbirine olan ba\u011fl\u0131l\u0131\u011f\u0131 \u00fczerine d\u00fc\u015f\u00fcnmek i\u00e7in m\u00fckemmel bir kaynak\u2026   Derin anlat\u0131m\u0131yla okuyucular\u0131 an\u0131nda i\u00e7ine \u00e7eken bu kitap; hem \u00e7ocuklar hem de yeti\u015fkinler i\u00e7in b\u00fcy\u00fcl\u00fc bir d\u00fc\u015f d\u00fcnyas\u0131n\u0131n kap\u0131lar\u0131n\u0131 aral\u0131yor.  Yazar Deborah Underwood, bizi D\u0131\u015far\u0131\u2019dan ay\u0131ran \u00e7ok az \u015fey oldu\u011funu ve hepimizin \u00e7ok daha b\u00fcy\u00fck bir evrenin par\u00e7as\u0131 oldu\u011fumuzu lirik bir dille hat\u0131rlat\u0131rken; i\u00e7 ve d\u0131\u015f d\u00fcnyan\u0131n bulu\u015fma noktas\u0131nda meydana \u00e7\u0131kan duygular \u00fczerine d\u00fc\u015f\u00fcnebilmemiz ad\u0131na da bir fark\u0131ndal\u0131k yarat\u0131yor. G\u00fcvenli evlerimizdeyken bile pencerelerin nas\u0131l d\u0131\u015far\u0131yla bizi ba\u011fda tuttu\u011funu, d\u0131\u015far\u0131dayken g\u00fcnd\u00fcz d\u00fc\u015fleri kurabilmek i\u00e7in nas\u0131l i\u00e7e \u00e7ekildi\u011fimizi, d\u0131\u015far\u0131dan i\u00e7eriye yans\u0131yan g\u00f6lgeleri ve t\u00fcm bu deneyimlerin duyular\u0131m\u0131z\u0131 nas\u0131l harekete ge\u00e7irdi\u011fini yarat\u0131c\u0131 bir anlat\u0131mla ortaya koyuyor.   Cindy Derby\u2019nin duygu y\u00fckl\u00fc ill\u00fcstrasyonlar\u0131 ise kalbimizden ve zihnimizden ge\u00e7enleri masals\u0131 g\u00f6r\u00fcnt\u00fclere d\u00f6n\u00fc\u015ft\u00fcr\u00fcyor.   \u201cG\u00f6r\u00fcnd\u00fc\u011f\u00fcnden derin  bir etki g\u00fcc\u00fcne sahip\u2026 Haz\u0131r oldu\u011fumuzda D\u0131\u015f D\u00fcnya\u2019n\u0131n bizim olaca\u011f\u0131na dair rahatlat\u0131c\u0131 bir hat\u0131rlat\u0131c\u0131.\u201d The New York Times Book Review    \u201cBu kitap do\u011fan\u0131n varl\u0131\u011f\u0131 \u00fczerine muazzam bir kutlama ve birlikte oynamaya dair kar\u015f\u0131 konulamaz bir davet.\u201d School Library Journal, STARRED review   \u201cDo\u011fa i\u00e7in bir a\u015fk mektubu\u2026 Sevimli olma \u00e7abas\u0131 g\u00fctmeyen zengin bir i\u00e7erik\u2026 Vah\u015fi, romantik ve zarif bir kitap\u201d Kirkus, STARRED review  <\/p>\n","protected":false},"excerpt":{"rendered":"<p>Evler, apartmanlar, arabalar ve ortak alanlar aras\u0131nda ge\u00e7en ya\u015fant\u0131m\u0131z\u0131n nas\u0131l var oldu\u011funu ve do\u011fan\u0131n ya\u015fam\u0131m\u0131za nas\u0131l dokundu\u011funu anlatan D\u0131\u015f D\u00fcnya; etkileyici hikayesi arac\u0131l\u0131\u011f\u0131yla i\u00e7erinin ve d\u0131\u015far\u0131n\u0131n<span class=\"excerpt-hellip\"> [\u2026]<\/span><\/p>\n","protected":false},"featured_media":0,"template":"","meta":{"_monsterinsights_skip_tracking":false,"_monsterinsights_sitenote_active":false,"_monsterinsights_sitenote_note":"","_monsterinsights_sitenote_category":0},"product_brand":[],"product_cat":[12274,12284],"product_tag":[],"class_list":{"0":"post-751578","1":"product","2":"type-product","3":"status-publish","5":"product_cat-cocuk-ve-genclik-kitaplari","6":"product_cat-hikayeler","7":"pa_cilt-ciltsiz","8":"pa_tur-kitap","9":"pa_yayinevi-okuyan-koala","10":"pa_yazar-deborah-underwood","12":"first","13":"instock","14":"sale","15":"shipping-taxable","16":"purchasable","17":"product-type-simple"},"_links":{"self":[{"href":"https:\/\/roveyayinevi.com.tr\/index.php\/wp-json\/wp\/v2\/product\/751578","targetHints":{"allow":["GET"]}}],"collection":[{"href":"https:\/\/roveyayinevi.com.tr\/index.php\/wp-json\/wp\/v2\/product"}],"about":[{"href":"https:\/\/roveyayinevi.com.tr\/index.php\/wp-json\/wp\/v2\/types\/product"}],"wp:attachment":[{"href":"https:\/\/roveyayinevi.com.tr\/index.php\/wp-json\/wp\/v2\/media?parent=751578"}],"wp:term":[{"taxonomy":"product_brand","embeddable":true,"href":"https:\/\/roveyayinevi.com.tr\/index.php\/wp-json\/wp\/v2\/product_brand?post=751578"},{"taxonomy":"product_cat","embeddable":true,"href":"https:\/\/roveyayinevi.com.tr\/index.php\/wp-json\/wp\/v2\/product_cat?post=751578"},{"taxonomy":"product_tag","embeddable":true,"href":"https:\/\/roveyayinevi.com.tr\/index.php\/wp-json\/wp\/v2\/product_tag?post=751578"}],"curies":[{"name":"wp","href":"https:\/\/api.w.org\/{rel}","templated":true}]}}