{"id":751576,"date":"2025-08-28T04:52:50","date_gmt":"2025-08-28T01:52:50","guid":{"rendered":"https:\/\/roveyayinevi.com.tr\/index.php\/urun\/dusunmemenin-gucu\/"},"modified":"2026-04-16T03:04:49","modified_gmt":"2026-04-16T00:04:49","slug":"dusunmemenin-gucu","status":"publish","type":"product","link":"https:\/\/roveyayinevi.com.tr\/index.php\/urun\/dusunmemenin-gucu\/","title":{"rendered":"D\u00fc\u015f\u00fcnmemenin G\u00fcc\u00fc"},"content":{"rendered":"<p>Cep telefonunda ekran kilidi kullananlar iyi bilirler. Kilidi a\u00e7mak i\u00e7in \u015fifrenizi girmeniz gerekti\u011finde hemencecik giriverirsiniz. \u015eifrenizin hangi kombinasyon oldu\u011fu ya da ne anlama geldi\u011fi akl\u0131n\u0131z\u0131n ucundan bile ge\u00e7mez. Parmaklar\u0131n\u0131z do\u011fru tu\u015flara adeta kendili\u011finden gider.   D\u00fc\u015f\u00fcnmemenin G\u00fcc\u00fc, her g\u00fcn defalarca ba\u015fvurdu\u011fumuz bu hayret verici kabiliyetimizi masaya yat\u0131r\u0131yor ve soruyor: Hayatta pek de d\u00fc\u015f\u00fcnmeden hareket edebilmek ger\u00e7ekten m\u00fcmk\u00fcn m\u00fcd\u00fcr? Zor anlarda, naho\u015f se\u00e7imlerde, can s\u0131k\u0131c\u0131 vaziyetlerde ekran kilidimizi a\u00e7ar gibi seri, isabetli ve esnek olabilir miyiz?   \u0130\u015fletme antropolojisinin \u00f6nde gelen ara\u015ft\u0131rmac\u0131lar\u0131ndan Simon Roberts\u2019la, bedenlerimizin haf\u0131zas\u0131na, \u00f6\u011frenme kabiliyetine ve \u015fa\u015f\u0131rt\u0131c\u0131 derecede esneyebilen s\u0131n\u0131rlar\u0131na yak\u0131ndan tan\u0131k olmaya haz\u0131rlan\u0131n. E\u011fer sezgilerine g\u00fcvenen biriyseniz, i\u00e7imde bir his var c\u00fcmlesi sizi nadiren yar\u0131 yolda b\u0131rak\u0131yorsa, bu kitap tam size g\u00f6re. <\/p>\n","protected":false},"excerpt":{"rendered":"<p>Cep telefonunda ekran kilidi kullananlar iyi bilirler. Kilidi a\u00e7mak i\u00e7in \u015fifrenizi girmeniz gerekti\u011finde hemencecik giriverirsiniz. \u015eifrenizin hangi kombinasyon oldu\u011fu ya da ne anlama geldi\u011fi akl\u0131n\u0131z\u0131n ucundan<span class=\"excerpt-hellip\"> [\u2026]<\/span><\/p>\n","protected":false},"featured_media":0,"template":"","meta":{"_monsterinsights_skip_tracking":false,"_monsterinsights_sitenote_active":false,"_monsterinsights_sitenote_note":"","_monsterinsights_sitenote_category":0},"product_brand":[],"product_cat":[12357],"product_tag":[],"class_list":{"0":"post-751576","1":"product","2":"type-product","3":"status-publish","5":"product_cat-psikoloji","6":"pa_cilt-ciltsiz","7":"pa_tur-kitap","8":"pa_yayinevi-okuyan-us-yayin","9":"pa_yazar-simon-roberts","11":"first","12":"instock","13":"sale","14":"shipping-taxable","15":"purchasable","16":"product-type-simple"},"_links":{"self":[{"href":"https:\/\/roveyayinevi.com.tr\/index.php\/wp-json\/wp\/v2\/product\/751576","targetHints":{"allow":["GET"]}}],"collection":[{"href":"https:\/\/roveyayinevi.com.tr\/index.php\/wp-json\/wp\/v2\/product"}],"about":[{"href":"https:\/\/roveyayinevi.com.tr\/index.php\/wp-json\/wp\/v2\/types\/product"}],"wp:attachment":[{"href":"https:\/\/roveyayinevi.com.tr\/index.php\/wp-json\/wp\/v2\/media?parent=751576"}],"wp:term":[{"taxonomy":"product_brand","embeddable":true,"href":"https:\/\/roveyayinevi.com.tr\/index.php\/wp-json\/wp\/v2\/product_brand?post=751576"},{"taxonomy":"product_cat","embeddable":true,"href":"https:\/\/roveyayinevi.com.tr\/index.php\/wp-json\/wp\/v2\/product_cat?post=751576"},{"taxonomy":"product_tag","embeddable":true,"href":"https:\/\/roveyayinevi.com.tr\/index.php\/wp-json\/wp\/v2\/product_tag?post=751576"}],"curies":[{"name":"wp","href":"https:\/\/api.w.org\/{rel}","templated":true}]}}